{"version":"1.0","provider_name":"Stuttgarti Katolikusok","provider_url":"https:\/\/stuttgarti-katolikusok.de","title":"Programel\u0151zetes m\u00e1jus 18 \u00e9s 30 k\u00f6z\u00f6tt - Stuttgarti Katolikusok","type":"rich","width":600,"height":338,"html":"<blockquote class=\"wp-embedded-content\" data-secret=\"X5nWWYdyPX\"><a href=\"https:\/\/stuttgarti-katolikusok.de\/index.php\/programelozetes-majus-18-es-30-kozott\/\">Programel\u0151zetes m\u00e1jus 18 \u00e9s 30 k\u00f6z\u00f6tt<\/a><\/blockquote><iframe sandbox=\"allow-scripts\" security=\"restricted\" src=\"https:\/\/stuttgarti-katolikusok.de\/index.php\/programelozetes-majus-18-es-30-kozott\/embed\/#?secret=X5nWWYdyPX\" width=\"600\" height=\"338\" title=\"&#8220;Programel\u0151zetes m\u00e1jus 18 \u00e9s 30 k\u00f6z\u00f6tt&#8221; &#8212; Stuttgarti Katolikusok\" data-secret=\"X5nWWYdyPX\" frameborder=\"0\" marginwidth=\"0\" marginheight=\"0\" scrolling=\"no\" class=\"wp-embedded-content\"><\/iframe><script type=\"text\/javascript\">\n\/* <![CDATA[ *\/\n\/*! This file is auto-generated *\/\n!function(d,l){\"use strict\";l.querySelector&&d.addEventListener&&\"undefined\"!=typeof URL&&(d.wp=d.wp||{},d.wp.receiveEmbedMessage||(d.wp.receiveEmbedMessage=function(e){var t=e.data;if((t||t.secret||t.message||t.value)&&!\/[^a-zA-Z0-9]\/.test(t.secret)){for(var s,r,n,a=l.querySelectorAll('iframe[data-secret=\"'+t.secret+'\"]'),o=l.querySelectorAll('blockquote[data-secret=\"'+t.secret+'\"]'),c=new RegExp(\"^https?:$\",\"i\"),i=0;i<o.length;i++)o[i].style.display=\"none\";for(i=0;i<a.length;i++)s=a[i],e.source===s.contentWindow&&(s.removeAttribute(\"style\"),\"height\"===t.message?(1e3<(r=parseInt(t.value,10))?r=1e3:~~r<200&&(r=200),s.height=r):\"link\"===t.message&&(r=new URL(s.getAttribute(\"src\")),n=new URL(t.value),c.test(n.protocol))&&n.host===r.host&&l.activeElement===s&&(d.top.location.href=t.value))}},d.addEventListener(\"message\",d.wp.receiveEmbedMessage,!1),l.addEventListener(\"DOMContentLoaded\",function(){for(var e,t,s=l.querySelectorAll(\"iframe.wp-embedded-content\"),r=0;r<s.length;r++)(t=(e=s[r]).getAttribute(\"data-secret\"))||(t=Math.random().toString(36).substring(2,12),e.src+=\"#?secret=\"+t,e.setAttribute(\"data-secret\",t)),e.contentWindow.postMessage({message:\"ready\",secret:t},\"*\")},!1)))}(window,document);\n\/\/# sourceURL=https:\/\/stuttgarti-katolikusok.de\/wp-includes\/js\/wp-embed.min.js\n\/* ]]> *\/\n<\/script>\n","description":"Programel\u0151zetes M\u00e1jus 19-\u00e9n, cs\u00fct\u00f6rt\u00f6k\u00f6n, 17.30 \u00f3rakor Ulmban szentmise. El\u0151tte gy\u00f3n\u00e1si lehet\u0151s\u00e9g, ut\u00e1na Besz\u00e9lget\u00e9sek a Bibli\u00e1r\u00f3l (Levit\u00e1k K\u00f6nyve). Mindenkit szeretettel v\u00e1r a k\u00f6z\u00f6ss\u00e9g \u00e9s Tibor atya! * M\u00e1jus 20-\u00e1n, p\u00e9nteken, 15.30 \u00f3rakor, Stuttgartban Bar\u00e1ts\u00e1gklub. Minden id\u0151sebb, kellemes \u00e9s kereszt\u00e9ny t\u00e1rsas\u00e1gra v\u00e1gy\u00f3t szeretettel l\u00e1t a Tags\u00e1g \u00e9s Imre atya! 17.50 \u00f3r\u00e1t\u00f3l m\u00e1jusi-\u00e1jtatoss\u00e1g, ut\u00e1na szentmise. Keret\u00e9ben P\u00e9nteki Egyetem. Ut\u00e1na 19.00 \u00f3rakor Bibliak\u00f6r. T\u00e9ma: Judit K\u00f6nyve. Mindenkit szeretettel v\u00e1runk! Ugyancsak p\u00e9nteken 18.30 \u00f3rakor Weingartenben a St.-Marien-templomban szentmise. El\u0151tte gy\u00f3ntat\u00e1s, ut\u00e1na Besz\u00e9lget\u00e9s a Bibli\u00e1r\u00f3l (Levit\u00e1k K\u00f6nyve). Mindenkit szeretettel v\u00e1r a k\u00f6z\u00f6ss\u00e9g \u00e9s Tibor atya! * M\u00e1jus 21-\u00e9n, szombaton, 15.30 \u00f3rakor Heidenheimban szentmise. El\u0151tte gy\u00f3n\u00e1si lehet\u0151s\u00e9g, ut\u00e1na \u00e1g\u00e1p\u00e9. Mindenkit szeretettel v\u00e1r a k\u00f6z\u00f6ss\u00e9g \u00e9s Tibor atya! 16.30 \u00f3rakor Reutlingenben szentmise. El\u0151tte gy\u00f3n\u00e1si lehet\u0151s\u00e9g, ut\u00e1na \u00e1g\u00e1p\u00e9. Mindenkit szeretettel v\u00e1r a k\u00f6z\u00f6ss\u00e9g \u00e9s Imre atya! * M\u00e1jus 22-\u00e9n, \u00a0vas\u00e1rnap,\u00a0 Biberachban\u00a0szentmise, majd ut\u00e1na \u00e1g\u00e1p\u00e9. El\u0151tte gy\u00f3ntat\u00e1si lehet\u0151s\u00e9g. Mindenkit szeretettel v\u00e1r a k\u00f6z\u00f6ss\u00e9g \u00e9s Tibor atya. 9.30 \u00f3rakor B\u00f6blingenben szentmise, el\u0151tte gy\u00f3n\u00e1si lehet\u0151s\u00e9g, ut\u00e1na \u00e1g\u00e1p\u00e9. Mindenkit szeretettel v\u00e1r a k\u00f6z\u00f6ss\u00e9g \u00e9s Imre atya! 15.00 \u00f3rakor Eislingenben szentmise. El\u0151tte gy\u00f3n\u00e1si lehet\u0151s\u00e9g, ut\u00e1na \u00e1g\u00e1p\u00e9. Mindenkit szeretettel v\u00e1r a k\u00f6z\u00f6ss\u00e9g \u00e9s Tibor atya. 15.30 \u00f3rakor Heilbronnban szentmise, ut\u00e1na \u00e1g\u00e1p\u00e9. Mindenkit szeretettel v\u00e1r a k\u00f6z\u00f6ss\u00e9g \u00e9s Imre atya! * M\u00e1jus 23 \u2013 30-a k\u00f6z\u00f6tt 49 h\u00edv\u00fcnkkel zar\u00e1ndok\u00faton vagyunk Franciaorsz\u00e1gban. Magunkkal vissz\u00fck az itthon maradottak k\u00edv\u00e1ns\u00e1g\u00e1t \u00e9s sz\u00e1nd\u00e9k\u00e1t, cser\u00e9ben viszont im\u00e1t k\u00e9r\u00fcnk t\u0151l\u00fck, hogy Isten k\u00eds\u00e9rjen benn\u00fcnket utunkon, s hozzon vissza \u00e9ps\u00e9gben \u00e9s eg\u00e9szs\u00e9gben! Ez alatt az id\u0151 alatt egyh\u00e1zk\u00f6zs\u00e9gi programjaink, term\u00e9szetesen, sz\u00fcnetelnek! * \u201eTe magad l\u00e9gy a v\u00e1ltoz\u00e1s, amit l\u00e1tni szeretn\u00e9l a vil\u00e1gban!\u201d (Mahatma Ghandi \u2013 1869-1948 \u2013 indiai \u00edr\u00f3, aszk\u00e9ta \u00e9s b\u00e9keharcos) Sz\u00e9p napokat, j\u00f3 munk\u00e1t, tartalmas besz\u00e9lget\u00e9seket \u00e9s kellemes tal\u00e1lkoz\u00e1sokat k\u00edv\u00e1nunk minden Kedves H\u00edv\u00fcnknek! &nbsp;"}

Programelőzetes május 18 és 30 között - Stuttgarti Katolikusok

<blockquote class="wp-embedded-content" data-secret="X5nWWYdyPX"><a href="https://stuttgarti-katolikusok.de/index.php/programelozetes-majus-18-es-30-kozott/">Programelőzetes május 18 és 30 között</a></blockquote><iframe sandbox="allow-scripts" security="restricted" src="https://stuttgarti-katolikusok.de/index.php/programelozetes-majus-18-es-30-kozott/embed/#?secret=X5nWWYdyPX" width="600" height="338" title="&#8220;Programelőzetes május 18 és 30 között&#8221; &#8212; Stuttgarti Katolikusok" data-secret="X5nWWYdyPX" frameborder="0" marginwidth="0" marginheight="0" scrolling="no" class="wp-embedded-content"></iframe><script type="text/javascript">
/* <![CDATA[ */
/*! This file is auto-generated */
!function(d,l){"use strict";l.querySelector&&d.addEventListener&&"undefined"!=typeof URL&&(d.wp=d.wp||{},d.wp.receiveEmbedMessage||(d.wp.receiveEmbedMessage=function(e){var t=e.data;if((t||t.secret||t.message||t.value)&&!/[^a-zA-Z0-9]/.test(t.secret)){for(var s,r,n,a=l.querySelectorAll('iframe[data-secret="'+t.secret+'"]'),o=l.querySelectorAll('blockquote[data-secret="'+t.secret+'"]'),c=new RegExp("^https?:$","i"),i=0;i<o.length;i++)o[i].style.display="none";for(i=0;i<a.length;i++)s=a[i],e.source===s.contentWindow&&(s.removeAttribute("style"),"height"===t.message?(1e3<(r=parseInt(t.value,10))?r=1e3:~~r<200&&(r=200),s.height=r):"link"===t.message&&(r=new URL(s.getAttribute("src")),n=new URL(t.value),c.test(n.protocol))&&n.host===r.host&&l.activeElement===s&&(d.top.location.href=t.value))}},d.addEventListener("message",d.wp.receiveEmbedMessage,!1),l.addEventListener("DOMContentLoaded",function(){for(var e,t,s=l.querySelectorAll("iframe.wp-embedded-content"),r=0;r<s.length;r++)(t=(e=s[r]).getAttribute("data-secret"))||(t=Math.random().toString(36).substring(2,12),e.src+="#?secret="+t,e.setAttribute("data-secret",t)),e.contentWindow.postMessage({message:"ready",secret:t},"*")},!1)))}(window,document);
//# sourceURL=https://stuttgarti-katolikusok.de/wp-includes/js/wp-embed.min.js
/* ]]> */
</script>

Programelőzetes Május 19-én, csütörtökön, 17.30 órakor Ulmban szentmise. Előtte gyónási lehetőség, utána Beszélgetések a Bibliáról (Leviták Könyve). Mindenkit szeretettel vár a közösség és Tibor atya! * Május 20-án, pénteken, 15.30 órakor, Stuttgartban Barátságklub. Minden idősebb, kellemes és keresztény társaságra vágyót szeretettel lát a Tagság és Imre atya! 17.50 órától májusi-ájtatosság, utána szentmise. Keretében Pénteki Egyetem. Utána 19.00 órakor Bibliakör. Téma: Judit Könyve. Mindenkit szeretettel várunk! Ugyancsak pénteken 18.30 órakor Weingartenben a St.-Marien-templomban szentmise. Előtte gyóntatás, utána Beszélgetés a Bibliáról (Leviták Könyve). Mindenkit szeretettel vár a közösség és Tibor atya! * Május 21-én, szombaton, 15.30 órakor Heidenheimban szentmise. Előtte gyónási lehetőség, utána ágápé. Mindenkit szeretettel vár a közösség és Tibor atya! 16.30 órakor Reutlingenben szentmise. Előtte gyónási lehetőség, utána ágápé. Mindenkit szeretettel vár a közösség és Imre atya! * Május 22-én,  vasárnap,  Biberachban szentmise, majd utána ágápé. Előtte gyóntatási lehetőség. Mindenkit szeretettel vár a közösség és Tibor atya. 9.30 órakor Böblingenben szentmise, előtte gyónási lehetőség, utána ágápé. Mindenkit szeretettel vár a közösség és Imre atya! 15.00 órakor Eislingenben szentmise. Előtte gyónási lehetőség, utána ágápé. Mindenkit szeretettel vár a közösség és Tibor atya. 15.30 órakor Heilbronnban szentmise, utána ágápé. Mindenkit szeretettel vár a közösség és Imre atya! * Május 23 – 30-a között 49 hívünkkel zarándokúton vagyunk Franciaországban. Magunkkal visszük az itthon maradottak kívánságát és szándékát, cserében viszont imát kérünk tőlük, hogy Isten kísérjen bennünket utunkon, s hozzon vissza épségben és egészségben! Ez alatt az idő alatt egyházközségi programjaink, természetesen, szünetelnek! * „Te magad légy a változás, amit látni szeretnél a világban!” (Mahatma Ghandi – 1869-1948 – indiai író, aszkéta és békeharcos) Szép napokat, jó munkát, tartalmas beszélgetéseket és kellemes találkozásokat kívánunk minden Kedves Hívünknek! &nbsp;
