{"version":"1.0","provider_name":"Stuttgarti Katolikusok","provider_url":"https:\/\/stuttgarti-katolikusok.de","title":"Programel\u0151zetes m\u00e1jus 15 \u00e9s 21 k\u00f6z\u00f6tt - Stuttgarti Katolikusok","type":"rich","width":600,"height":338,"html":"<blockquote class=\"wp-embedded-content\" data-secret=\"upWaScFWCg\"><a href=\"https:\/\/stuttgarti-katolikusok.de\/index.php\/programelozetes-majus-15-es-21-kozott\/\">Programel\u0151zetes m\u00e1jus 15 \u00e9s 21 k\u00f6z\u00f6tt<\/a><\/blockquote><iframe sandbox=\"allow-scripts\" security=\"restricted\" src=\"https:\/\/stuttgarti-katolikusok.de\/index.php\/programelozetes-majus-15-es-21-kozott\/embed\/#?secret=upWaScFWCg\" width=\"600\" height=\"338\" title=\"&#8220;Programel\u0151zetes m\u00e1jus 15 \u00e9s 21 k\u00f6z\u00f6tt&#8221; &#8212; Stuttgarti Katolikusok\" data-secret=\"upWaScFWCg\" frameborder=\"0\" marginwidth=\"0\" marginheight=\"0\" scrolling=\"no\" class=\"wp-embedded-content\"><\/iframe><script type=\"text\/javascript\">\n\/* <![CDATA[ *\/\n\/*! This file is auto-generated *\/\n!function(d,l){\"use strict\";l.querySelector&&d.addEventListener&&\"undefined\"!=typeof URL&&(d.wp=d.wp||{},d.wp.receiveEmbedMessage||(d.wp.receiveEmbedMessage=function(e){var t=e.data;if((t||t.secret||t.message||t.value)&&!\/[^a-zA-Z0-9]\/.test(t.secret)){for(var s,r,n,a=l.querySelectorAll('iframe[data-secret=\"'+t.secret+'\"]'),o=l.querySelectorAll('blockquote[data-secret=\"'+t.secret+'\"]'),c=new RegExp(\"^https?:$\",\"i\"),i=0;i<o.length;i++)o[i].style.display=\"none\";for(i=0;i<a.length;i++)s=a[i],e.source===s.contentWindow&&(s.removeAttribute(\"style\"),\"height\"===t.message?(1e3<(r=parseInt(t.value,10))?r=1e3:~~r<200&&(r=200),s.height=r):\"link\"===t.message&&(r=new URL(s.getAttribute(\"src\")),n=new URL(t.value),c.test(n.protocol))&&n.host===r.host&&l.activeElement===s&&(d.top.location.href=t.value))}},d.addEventListener(\"message\",d.wp.receiveEmbedMessage,!1),l.addEventListener(\"DOMContentLoaded\",function(){for(var e,t,s=l.querySelectorAll(\"iframe.wp-embedded-content\"),r=0;r<s.length;r++)(t=(e=s[r]).getAttribute(\"data-secret\"))||(t=Math.random().toString(36).substring(2,12),e.src+=\"#?secret=\"+t,e.setAttribute(\"data-secret\",t)),e.contentWindow.postMessage({message:\"ready\",secret:t},\"*\")},!1)))}(window,document);\n\/\/# sourceURL=https:\/\/stuttgarti-katolikusok.de\/wp-includes\/js\/wp-embed.min.js\n\/* ]]> *\/\n<\/script>\n","thumbnail_url":"https:\/\/stuttgarti-katolikusok.de\/wp-content\/uploads\/2017\/05\/jubileum-program-1.jpg","thumbnail_width":3720,"thumbnail_height":2480,"description":"Programel\u0151zetes \u00a0 M\u00e1jus 18-\u00e1n, cs\u00fct\u00f6rt\u00f6k\u00f6n, 17.30 \u00f3rakor, Ulmi d\u00e9lut\u00e1n. Szentmise el\u0151tt gy\u00f3ntat\u00e1s, szentmise ut\u00e1n M\u00e1riatisztelet az Egyh\u00e1zban \u2013 el\u0151ad\u00e1s. * M\u00e1jus 19-\u00e9n, p\u00e9nteken, 18.30 \u00f3rakor Weingarteni d\u00e9lut\u00e1n a Marien Kirche-ben ELMARAD! Tibor atya a stuttgarti jubileumi nyit\u00f3mis\u00e9t mondja. &nbsp; M\u00c1JUS 19-e \u00e9s 21-e k\u00f6z\u00f6tt A STUTTGARTI MAGYAR KATOLIKUS EGYH\u00c1ZK\u00d6ZS\u00c9G 70. JUBILEUMA P\u00e9ntek \u2013 2017. m\u00e1jus 19. 16.00 \u00f3rakor z\u00e1szl\u00f3felvon\u00e1s a templom el\u0151tti t\u00e9ren. 16.30 \u00f3ra Bar\u00e1ts\u00e1g klub a K\u00f6z\u00f6ss\u00e9gi Teremben. 18.00 \u00f3rakor jubileumi nyit\u00f3szentmise a Bruder Klaus templomban. 19.00 \u00f3rakor \u201e70 \u00e9ves a Szent Gell\u00e9rt Egyh\u00e1zk\u00f6zs\u00e9g\u201c \u2013 ki\u00e1ll\u00edt\u00e1s\u00a0 a templomban. Szombat \u2013 2017. m\u00e1jus 20. 9.00 \u00f3rakor reggeli az Egyh\u00e1zk\u00f6zs\u00e9g\u00a0 K\u00f6z\u00f6ss\u00e9gi Term\u00e9ben. 10.00 \u00f3rakor bemutatkozik a Szent Gell\u00e9rt Egyh\u00e1zk\u00f6zs\u00e9g 15 r\u00e9szegyh\u00e1zk\u00f6zs\u00e9ge a K\u00f6z\u00f6ss\u00e9gi Teremben. 13.00 \u00f3rakor sportversenyek (labdar\u00fag\u00e1s, asztalitenisz) a templom melletti sportp\u00e1ly\u00e1n. 16.00 &#8211; 17.30 \u00f3ra k\u00f6z\u00f6tt vacsora. 18.00 \u00f3rakor kult\u00farm\u0171sor: vers, t\u00e1nc, \u00e9nek, el\u0151ad\u00e1s\u00a0 (Cserk\u00e9szet, Cs\u00f6b\u00f6rcs\u00f6k, Hunnia Bar\u00e1ti K\u00f6r, Kratochwill-dal\u00e1rda). 19.00 \u00f3rakor Eucharist-koncert (betegs\u00e9g miatt) ELMARAD. Vas\u00e1rnap \u2013 2017. m\u00e1jus 21. 11.00 \u00f3rakor a Bolhapiac megnyit\u00e1sa a templom el\u0151tti t\u00e9ren. 12.00 \u00f3rakor nagymise. F\u0151celebr\u00e1ns: Dr. Veres Andr\u00e1s gy\u0151ri p\u00fcsp\u00f6k, a Magyar Katolikus P\u00fcsp\u00f6kkari Konferencia eln\u00f6ke. 13.30 \u00f3rakor k\u00f6z\u00f6s eb\u00e9d a templom el\u0151tti t\u00e9ren. 15.00 \u00f3rakor f\u00f3rum a templomban: \u201eMi a magyar \u00c1llam \u00e9s Katolikus Egyh\u00e1z \u00e1ll\u00e1spontja a k\u00fclf\u00f6ld\u00f6n \u00e9l\u0151 magyarokkal kapcsolatban?\u201c Vend\u00e9geink: Dr. Veres Andr\u00e1s p\u00fcsp\u00f6k, Dr. Solt\u00e9sz Mikl\u00f3s egyh\u00e1z\u00fcgyi \u00e1llamtitk\u00e1r, Dr. Ber\u00e9nyi J\u00e1nos stuttgarti f\u0151konzul. 17.00 \u00f3ra z\u00e1szl\u00f3bont\u00e1s a templom el\u0151tti t\u00e9ren. 17.30 \u00f3rakor vacsora az Egyh\u00e1ztan\u00e1cs tagjaival, a Leg\u00e1tusokkal \u00e9s az \u00f6nk\u00e9ntes seg\u00edt\u0151kkel a K\u00f6z\u00f6ss\u00e9gi Teremben. * Minden helyen mindenkit szeretettel v\u00e1r a k\u00f6z\u00f6ss\u00e9g, Imre atya \u00e9s Tibor atya! \u00a0 \u201eA szenved\u00e9s sokszor hat\u00e1sosabb nevel\u0151, mint a siker.\u201d (XII. Piusz \u2013 1876-(1939)1958 \u2013 p\u00e1pa) \u00a0 Kegyelemteljes jubileumi napokat, j\u00f3 munk\u00e1t, tartalmas besz\u00e9lget\u00e9seket \u00e9s \u00f6r\u00f6mteli tal\u00e1lkoz\u00e1sokat k\u00edv\u00e1nunk minden Kedves H\u00edv\u00fcnknek! \u00a0"}

Programelőzetes május 15 és 21 között - Stuttgarti Katolikusok

<blockquote class="wp-embedded-content" data-secret="upWaScFWCg"><a href="https://stuttgarti-katolikusok.de/index.php/programelozetes-majus-15-es-21-kozott/">Programelőzetes május 15 és 21 között</a></blockquote><iframe sandbox="allow-scripts" security="restricted" src="https://stuttgarti-katolikusok.de/index.php/programelozetes-majus-15-es-21-kozott/embed/#?secret=upWaScFWCg" width="600" height="338" title="&#8220;Programelőzetes május 15 és 21 között&#8221; &#8212; Stuttgarti Katolikusok" data-secret="upWaScFWCg" frameborder="0" marginwidth="0" marginheight="0" scrolling="no" class="wp-embedded-content"></iframe><script type="text/javascript">
/* <![CDATA[ */
/*! This file is auto-generated */
!function(d,l){"use strict";l.querySelector&&d.addEventListener&&"undefined"!=typeof URL&&(d.wp=d.wp||{},d.wp.receiveEmbedMessage||(d.wp.receiveEmbedMessage=function(e){var t=e.data;if((t||t.secret||t.message||t.value)&&!/[^a-zA-Z0-9]/.test(t.secret)){for(var s,r,n,a=l.querySelectorAll('iframe[data-secret="'+t.secret+'"]'),o=l.querySelectorAll('blockquote[data-secret="'+t.secret+'"]'),c=new RegExp("^https?:$","i"),i=0;i<o.length;i++)o[i].style.display="none";for(i=0;i<a.length;i++)s=a[i],e.source===s.contentWindow&&(s.removeAttribute("style"),"height"===t.message?(1e3<(r=parseInt(t.value,10))?r=1e3:~~r<200&&(r=200),s.height=r):"link"===t.message&&(r=new URL(s.getAttribute("src")),n=new URL(t.value),c.test(n.protocol))&&n.host===r.host&&l.activeElement===s&&(d.top.location.href=t.value))}},d.addEventListener("message",d.wp.receiveEmbedMessage,!1),l.addEventListener("DOMContentLoaded",function(){for(var e,t,s=l.querySelectorAll("iframe.wp-embedded-content"),r=0;r<s.length;r++)(t=(e=s[r]).getAttribute("data-secret"))||(t=Math.random().toString(36).substring(2,12),e.src+="#?secret="+t,e.setAttribute("data-secret",t)),e.contentWindow.postMessage({message:"ready",secret:t},"*")},!1)))}(window,document);
//# sourceURL=https://stuttgarti-katolikusok.de/wp-includes/js/wp-embed.min.js
/* ]]> */
</script>

Programelőzetes   Május 18-án, csütörtökön, 17.30 órakor, Ulmi délután. Szentmise előtt gyóntatás, szentmise után Máriatisztelet az Egyházban – előadás. * Május 19-én, pénteken, 18.30 órakor Weingarteni délután a Marien Kirche-ben ELMARAD! Tibor atya a stuttgarti jubileumi nyitómisét mondja. &nbsp; MÁJUS 19-e és 21-e között A STUTTGARTI MAGYAR KATOLIKUS EGYHÁZKÖZSÉG 70. JUBILEUMA Péntek – 2017. május 19. 16.00 órakor zászlófelvonás a templom előtti téren. 16.30 óra Barátság klub a Közösségi Teremben. 18.00 órakor jubileumi nyitószentmise a Bruder Klaus templomban. 19.00 órakor „70 éves a Szent Gellért Egyházközség“ – kiállítás  a templomban. Szombat – 2017. május 20. 9.00 órakor reggeli az Egyházközség  Közösségi Termében. 10.00 órakor bemutatkozik a Szent Gellért Egyházközség 15 részegyházközsége a Közösségi Teremben. 13.00 órakor sportversenyek (labdarúgás, asztalitenisz) a templom melletti sportpályán. 16.00 &#8211; 17.30 óra között vacsora. 18.00 órakor kultúrműsor: vers, tánc, ének, előadás  (Cserkészet, Csöbörcsök, Hunnia Baráti Kör, Kratochwill-dalárda). 19.00 órakor Eucharist-koncert (betegség miatt) ELMARAD. Vasárnap – 2017. május 21. 11.00 órakor a Bolhapiac megnyitása a templom előtti téren. 12.00 órakor nagymise. Főcelebráns: Dr. Veres András győri püspök, a Magyar Katolikus Püspökkari Konferencia elnöke. 13.30 órakor közös ebéd a templom előtti téren. 15.00 órakor fórum a templomban: „Mi a magyar Állam és Katolikus Egyház álláspontja a külföldön élő magyarokkal kapcsolatban?“ Vendégeink: Dr. Veres András püspök, Dr. Soltész Miklós egyházügyi államtitkár, Dr. Berényi János stuttgarti főkonzul. 17.00 óra zászlóbontás a templom előtti téren. 17.30 órakor vacsora az Egyháztanács tagjaival, a Legátusokkal és az önkéntes segítőkkel a Közösségi Teremben. * Minden helyen mindenkit szeretettel vár a közösség, Imre atya és Tibor atya!   „A szenvedés sokszor hatásosabb nevelő, mint a siker.” (XII. Piusz – 1876-(1939)1958 – pápa)   Kegyelemteljes jubileumi napokat, jó munkát, tartalmas beszélgetéseket és örömteli találkozásokat kívánunk minden Kedves Hívünknek!
