{"version":"1.0","provider_name":"Stuttgarti Katolikusok","provider_url":"https:\/\/stuttgarti-katolikusok.de","title":"Programel\u0151zetes j\u00fanius 6 \u00e9s 12 k\u00f6z\u00f6tt - Stuttgarti Katolikusok","type":"rich","width":600,"height":338,"html":"<blockquote class=\"wp-embedded-content\" data-secret=\"qdwaOs3Ssh\"><a href=\"https:\/\/stuttgarti-katolikusok.de\/index.php\/programelozetes-junius-6-es-12-kozott\/\">Programel\u0151zetes j\u00fanius 6 \u00e9s 12 k\u00f6z\u00f6tt<\/a><\/blockquote><iframe sandbox=\"allow-scripts\" security=\"restricted\" src=\"https:\/\/stuttgarti-katolikusok.de\/index.php\/programelozetes-junius-6-es-12-kozott\/embed\/#?secret=qdwaOs3Ssh\" width=\"600\" height=\"338\" title=\"&#8220;Programel\u0151zetes j\u00fanius 6 \u00e9s 12 k\u00f6z\u00f6tt&#8221; &#8212; Stuttgarti Katolikusok\" data-secret=\"qdwaOs3Ssh\" frameborder=\"0\" marginwidth=\"0\" marginheight=\"0\" scrolling=\"no\" class=\"wp-embedded-content\"><\/iframe><script type=\"text\/javascript\">\n\/* <![CDATA[ *\/\n\/*! This file is auto-generated *\/\n!function(d,l){\"use strict\";l.querySelector&&d.addEventListener&&\"undefined\"!=typeof URL&&(d.wp=d.wp||{},d.wp.receiveEmbedMessage||(d.wp.receiveEmbedMessage=function(e){var t=e.data;if((t||t.secret||t.message||t.value)&&!\/[^a-zA-Z0-9]\/.test(t.secret)){for(var s,r,n,a=l.querySelectorAll('iframe[data-secret=\"'+t.secret+'\"]'),o=l.querySelectorAll('blockquote[data-secret=\"'+t.secret+'\"]'),c=new RegExp(\"^https?:$\",\"i\"),i=0;i<o.length;i++)o[i].style.display=\"none\";for(i=0;i<a.length;i++)s=a[i],e.source===s.contentWindow&&(s.removeAttribute(\"style\"),\"height\"===t.message?(1e3<(r=parseInt(t.value,10))?r=1e3:~~r<200&&(r=200),s.height=r):\"link\"===t.message&&(r=new URL(s.getAttribute(\"src\")),n=new URL(t.value),c.test(n.protocol))&&n.host===r.host&&l.activeElement===s&&(d.top.location.href=t.value))}},d.addEventListener(\"message\",d.wp.receiveEmbedMessage,!1),l.addEventListener(\"DOMContentLoaded\",function(){for(var e,t,s=l.querySelectorAll(\"iframe.wp-embedded-content\"),r=0;r<s.length;r++)(t=(e=s[r]).getAttribute(\"data-secret\"))||(t=Math.random().toString(36).substring(2,12),e.src+=\"#?secret=\"+t,e.setAttribute(\"data-secret\",t)),e.contentWindow.postMessage({message:\"ready\",secret:t},\"*\")},!1)))}(window,document);\n\/\/# sourceURL=https:\/\/stuttgarti-katolikusok.de\/wp-includes\/js\/wp-embed.min.js\n\/* ]]> *\/\n<\/script>\n","description":"J\u00fanius 9-\u00e9n, cs\u00fct\u00f6rt\u00f6k\u00f6n Ulmban 17.30 \u00f3rakor szentmise. El\u0151tte gy\u00f3ntat\u00e1s, ut\u00e1na Besz\u00e9lget\u00e9sek a Bibli\u00e1r\u00f3l. Mindenkit szeretettel v\u00e1r a k\u00f6z\u00f6ss\u00e9g \u00e9s Tibor atya! * J\u00fanius 10-\u00e9n, p\u00e9nteken, Stuttgartban 15.30 \u00f3rakor Bar\u00e1ts\u00e1gklub. Minden kellemes t\u00e1rsas\u00e1gra v\u00e1gy\u00f3 \u00e9rdekl\u0151d\u0151t szeretettel v\u00e1r a Klub \u00e9s Imre atya! Este 17.45 \u00f3rakor J\u00e9zus Sz\u00edve-\u00e1jtatoss\u00e1g, majd szentmise. Keret\u00e9ben P\u00e9nteki Egyetem: Besz\u00e9lget\u00e9sek a Katekizmusr\u00f3l. Ut\u00e1na Sportklub. Mindenkit szeretettel v\u00e1runk! Weingartenben 18.30 \u00f3rakor szentmise a St. Marien-templomban. El\u0151tte gy\u00f3ntat\u00e1s, ut\u00e1na Besz\u00e9lget\u00e9sek a Bibli\u00e1r\u00f3l. T\u00e9ma: Kivonul\u00e1s k\u00f6nyve. Mindenkit szeretettel v\u00e1r a k\u00f6z\u00f6ss\u00e9g \u00e9s Tibor atya! * J\u00fanius 11-\u00e9n, szombaton tartj\u00e1k a kaplonyiak templomb\u00facs\u00fajukat, Szent Antal \u00fcnnep\u00e9t. A szentmise 12.00 \u00f3rakor lesz Laupheim-i Marienkirche-ben (88471-Laupheim, Mittelstr. 32). Ut\u00e1na k\u00f6z\u00f6s eb\u00e9d \u00e9s bar\u00e1ti egy\u00fcttl\u00e9t. Minden kaplonyit \u00e9s nem kaplonyit szeretettel v\u00e1r a rendez\u0151s\u00e9g. Ugyancsak j\u00fanius 11-\u00e9n, szombaton 17.00 \u00f3rakor Friedrichshafenben szentmise. Ut\u00e1na \u00e1g\u00e1p\u00e9. Mindenkit szeretettel v\u00e1r a k\u00f6z\u00f6ss\u00e9g \u00e9s Tibor atya! A j\u00fanius 11-\u00e9n, szombaton este 19.00 \u00f3r\u00e1ra meghirdetett Bal\u00e1zs Fec\u00f3 koncert \u2013 a m\u0171v\u00e9sz betegs\u00e9ge miatt \u2013 sajnos, elmarad, \u00e9s el\u0151rel\u00e1that\u00f3lag szeptemberben ker\u00fcl majd megrendez\u00e9sre. A m\u0171v\u00e9sz \u00farnak ez\u00faton is mihamarabbi gy\u00f3gyul\u00e1st k\u00edv\u00e1nunk! * J\u00fanius 12-\u00e9n, vas\u00e1rnap, Weingartenben 10,00 \u00f3r\u00e1t\u00f3l szentmise, keret\u00e9ben els\u0151\u00e1ldoz\u00e1s, majd \u00e1g\u00e1p\u00e9. Mindenkit szeretettel v\u00e1r a k\u00f6z\u00f6ss\u00e9g \u00e9s Tibor atya! 15.00 \u00f3rakor Ulmban szentmise, azut\u00e1n \u00e1g\u00e1p\u00e9. Mindenkit szeretettel v\u00e1r a k\u00f6z\u00f6ss\u00e9g \u00e9s Tibor atya! * \u201e\u00c9n minden nap megyek el\u0151re, \u00e9s megpr\u00f3b\u00e1lok magokat vetni. \u00c9s ha majd elj\u00f6n az ideje, akkor vagy \u00e9n vagy m\u00e1sok le fogj\u00e1k a term\u00e9st aratni!\u201d \u00a0(Szent XXIII. J\u00e1nos p\u00e1pa \u2013 1881-1963) Sz\u00e9p napokat, j\u00f3 munk\u00e1t, tartalmas besz\u00e9lget\u00e9seket \u00e9s kellemes tal\u00e1lkoz\u00e1sokat! \u00a0"}

Programelőzetes június 6 és 12 között - Stuttgarti Katolikusok

<blockquote class="wp-embedded-content" data-secret="qdwaOs3Ssh"><a href="https://stuttgarti-katolikusok.de/index.php/programelozetes-junius-6-es-12-kozott/">Programelőzetes június 6 és 12 között</a></blockquote><iframe sandbox="allow-scripts" security="restricted" src="https://stuttgarti-katolikusok.de/index.php/programelozetes-junius-6-es-12-kozott/embed/#?secret=qdwaOs3Ssh" width="600" height="338" title="&#8220;Programelőzetes június 6 és 12 között&#8221; &#8212; Stuttgarti Katolikusok" data-secret="qdwaOs3Ssh" frameborder="0" marginwidth="0" marginheight="0" scrolling="no" class="wp-embedded-content"></iframe><script type="text/javascript">
/* <![CDATA[ */
/*! This file is auto-generated */
!function(d,l){"use strict";l.querySelector&&d.addEventListener&&"undefined"!=typeof URL&&(d.wp=d.wp||{},d.wp.receiveEmbedMessage||(d.wp.receiveEmbedMessage=function(e){var t=e.data;if((t||t.secret||t.message||t.value)&&!/[^a-zA-Z0-9]/.test(t.secret)){for(var s,r,n,a=l.querySelectorAll('iframe[data-secret="'+t.secret+'"]'),o=l.querySelectorAll('blockquote[data-secret="'+t.secret+'"]'),c=new RegExp("^https?:$","i"),i=0;i<o.length;i++)o[i].style.display="none";for(i=0;i<a.length;i++)s=a[i],e.source===s.contentWindow&&(s.removeAttribute("style"),"height"===t.message?(1e3<(r=parseInt(t.value,10))?r=1e3:~~r<200&&(r=200),s.height=r):"link"===t.message&&(r=new URL(s.getAttribute("src")),n=new URL(t.value),c.test(n.protocol))&&n.host===r.host&&l.activeElement===s&&(d.top.location.href=t.value))}},d.addEventListener("message",d.wp.receiveEmbedMessage,!1),l.addEventListener("DOMContentLoaded",function(){for(var e,t,s=l.querySelectorAll("iframe.wp-embedded-content"),r=0;r<s.length;r++)(t=(e=s[r]).getAttribute("data-secret"))||(t=Math.random().toString(36).substring(2,12),e.src+="#?secret="+t,e.setAttribute("data-secret",t)),e.contentWindow.postMessage({message:"ready",secret:t},"*")},!1)))}(window,document);
//# sourceURL=https://stuttgarti-katolikusok.de/wp-includes/js/wp-embed.min.js
/* ]]> */
</script>

Június 9-én, csütörtökön Ulmban 17.30 órakor szentmise. Előtte gyóntatás, utána Beszélgetések a Bibliáról. Mindenkit szeretettel vár a közösség és Tibor atya! * Június 10-én, pénteken, Stuttgartban 15.30 órakor Barátságklub. Minden kellemes társaságra vágyó érdeklődőt szeretettel vár a Klub és Imre atya! Este 17.45 órakor Jézus Szíve-ájtatosság, majd szentmise. Keretében Pénteki Egyetem: Beszélgetések a Katekizmusról. Utána Sportklub. Mindenkit szeretettel várunk! Weingartenben 18.30 órakor szentmise a St. Marien-templomban. Előtte gyóntatás, utána Beszélgetések a Bibliáról. Téma: Kivonulás könyve. Mindenkit szeretettel vár a közösség és Tibor atya! * Június 11-én, szombaton tartják a kaplonyiak templombúcsújukat, Szent Antal ünnepét. A szentmise 12.00 órakor lesz Laupheim-i Marienkirche-ben (88471-Laupheim, Mittelstr. 32). Utána közös ebéd és baráti együttlét. Minden kaplonyit és nem kaplonyit szeretettel vár a rendezőség. Ugyancsak június 11-én, szombaton 17.00 órakor Friedrichshafenben szentmise. Utána ágápé. Mindenkit szeretettel vár a közösség és Tibor atya! A június 11-én, szombaton este 19.00 órára meghirdetett Balázs Fecó koncert – a művész betegsége miatt – sajnos, elmarad, és előreláthatólag szeptemberben kerül majd megrendezésre. A művész úrnak ezúton is mihamarabbi gyógyulást kívánunk! * Június 12-én, vasárnap, Weingartenben 10,00 órától szentmise, keretében elsőáldozás, majd ágápé. Mindenkit szeretettel vár a közösség és Tibor atya! 15.00 órakor Ulmban szentmise, azután ágápé. Mindenkit szeretettel vár a közösség és Tibor atya! * „Én minden nap megyek előre, és megpróbálok magokat vetni. És ha majd eljön az ideje, akkor vagy én vagy mások le fogják a termést aratni!”  (Szent XXIII. János pápa – 1881-1963) Szép napokat, jó munkát, tartalmas beszélgetéseket és kellemes találkozásokat!
