{"version":"1.0","provider_name":"Stuttgarti Katolikusok","provider_url":"https:\/\/stuttgarti-katolikusok.de","title":"Programel\u0151zetes j\u00fanius 27 \u00e9s szeptember 4 k\u00f6z\u00f6tt - Stuttgarti Katolikusok","type":"rich","width":600,"height":338,"html":"<blockquote class=\"wp-embedded-content\" data-secret=\"4GPGP3QRtC\"><a href=\"https:\/\/stuttgarti-katolikusok.de\/index.php\/programelozetes-junius-27-es-szeptember-4-kozott\/\">Programel\u0151zetes j\u00fanius 27 \u00e9s szeptember 4 k\u00f6z\u00f6tt<\/a><\/blockquote><iframe sandbox=\"allow-scripts\" security=\"restricted\" src=\"https:\/\/stuttgarti-katolikusok.de\/index.php\/programelozetes-junius-27-es-szeptember-4-kozott\/embed\/#?secret=4GPGP3QRtC\" width=\"600\" height=\"338\" title=\"&#8220;Programel\u0151zetes j\u00fanius 27 \u00e9s szeptember 4 k\u00f6z\u00f6tt&#8221; &#8212; Stuttgarti Katolikusok\" data-secret=\"4GPGP3QRtC\" frameborder=\"0\" marginwidth=\"0\" marginheight=\"0\" scrolling=\"no\" class=\"wp-embedded-content\"><\/iframe><script type=\"text\/javascript\">\n\/* <![CDATA[ *\/\n\/*! This file is auto-generated *\/\n!function(d,l){\"use strict\";l.querySelector&&d.addEventListener&&\"undefined\"!=typeof URL&&(d.wp=d.wp||{},d.wp.receiveEmbedMessage||(d.wp.receiveEmbedMessage=function(e){var t=e.data;if((t||t.secret||t.message||t.value)&&!\/[^a-zA-Z0-9]\/.test(t.secret)){for(var s,r,n,a=l.querySelectorAll('iframe[data-secret=\"'+t.secret+'\"]'),o=l.querySelectorAll('blockquote[data-secret=\"'+t.secret+'\"]'),c=new RegExp(\"^https?:$\",\"i\"),i=0;i<o.length;i++)o[i].style.display=\"none\";for(i=0;i<a.length;i++)s=a[i],e.source===s.contentWindow&&(s.removeAttribute(\"style\"),\"height\"===t.message?(1e3<(r=parseInt(t.value,10))?r=1e3:~~r<200&&(r=200),s.height=r):\"link\"===t.message&&(r=new URL(s.getAttribute(\"src\")),n=new URL(t.value),c.test(n.protocol))&&n.host===r.host&&l.activeElement===s&&(d.top.location.href=t.value))}},d.addEventListener(\"message\",d.wp.receiveEmbedMessage,!1),l.addEventListener(\"DOMContentLoaded\",function(){for(var e,t,s=l.querySelectorAll(\"iframe.wp-embedded-content\"),r=0;r<s.length;r++)(t=(e=s[r]).getAttribute(\"data-secret\"))||(t=Math.random().toString(36).substring(2,12),e.src+=\"#?secret=\"+t,e.setAttribute(\"data-secret\",t)),e.contentWindow.postMessage({message:\"ready\",secret:t},\"*\")},!1)))}(window,document);\n\/\/# sourceURL=https:\/\/stuttgarti-katolikusok.de\/wp-includes\/js\/wp-embed.min.js\n\/* ]]> *\/\n<\/script>\n","description":"Programel\u0151zetes &nbsp; J\u00fanius 29-\u00e9n, szerd\u00e1n este 19.00 \u00f3rakor lesz az ERAK k\u00f6vetkez\u0151 rendezv\u00e9nye. Hermann Guszt\u00e1v Mih\u00e1ly: A sz\u00e9kelys\u00e9g t\u00f6rt\u00e9nete: m\u00edtoszok \u00e9s t\u00e9nyek. Minden tagot, t\u00e1mogat\u00f3t \u00e9s \u00e9rdekl\u0151d\u0151t szeretettel v\u00e1r a Vezet\u0151s\u00e9g! * J\u00fanius 30-\u00e1n, cs\u00fct\u00f6rt\u00f6k\u00f6n Ulmban 17.30 \u00f3rakor szentmise. El\u0151tte gy\u00f3ntat\u00e1s, ut\u00e1na Besz\u00e9lget\u00e9sek a Bibli\u00e1r\u00f3l. Mindenkit szeretettel v\u00e1r a k\u00f6z\u00f6ss\u00e9g \u00e9s Tibor atya! * J\u00falius 1-j\u00e9n, p\u00e9nteken, Stuttgartban 17.55 \u00f3rakor r\u00f3zsaf\u00fcz\u00e9r-\u00e1jtatoss\u00e1g, majd szentmise. Keret\u00e9ben P\u00e9nteki Egyetem: Besz\u00e9lget\u00e9sek a Katekizmusr\u00f3l. Ut\u00e1na Imak\u00f6r. Mindenkit szeretettel v\u00e1runk! Weingartenben \u00e9s k\u00f6rny\u00e9k\u00e9n a d\u00e9lut\u00e1n folyam\u00e1n, els\u0151p\u00e9ntek l\u00e9v\u00e9n, felkeresem az id\u0151seket \u00e9s betegeket. Azt\u00e1n pedig\u00a018.30 \u00f3rakor szentmise a 14 Nothelfer Kapelle-ben. El\u0151tte gy\u00f3ntat\u00e1s, ut\u00e1na Besz\u00e9lget\u00e9sek a Bibli\u00e1r\u00f3l. Mindenkit szeretettel v\u00e1r Tibor atya! * J\u00falius 02, szombat, Egyh\u00e1ztan\u00e1csosok \u00e9s Leg\u00e1tusok Napja. \u0150ket reggel 9 \u00e9s f\u00e9l 10 k\u00f6z\u00f6tt v\u00e1rjuk, s eg\u00e9sz estig lesz\u00fcnk vel\u00fck egy\u00fctt. A kedves H\u00edvekt\u0151l pedig h\u00e1tt\u00e9rim\u00e1t v\u00e1runk, hogy az Egyh\u00e1zk\u00f6zs\u00e9g \u00fcgyes-bajos dolgaira a lehet\u0151 legjobb megold\u00e1sokat megtal\u00e1ljuk! * J\u00falius 3-\u00e1n, vas\u00e1rnap, a B\u00e4rensee mellett Csal\u00e1di Nap. 9.30 \u00f3rakor t\u00e1bori szentmise, ut\u00e1na j\u00e1t\u00e9k, bar\u00e1ti egy\u00fcttl\u00e9t. H\u00edveinket \u00e9s minden j\u00f3akarat\u00fa magyart szeretettel v\u00e1runk! * J\u00falius 9-\u00e9n, bicikli-zar\u00e1ndoklat. Indul\u00e1s: reggel 9.00-kor tal\u00e1lkozunk a Stuttgarti f\u0151\u00e1llom\u00e1s (Hauptbahnhof) csarnok\u00e1ban. A tulajdonk\u00e9ppeni bicikli-zari Schorndorfb\u00f3l indul Schw\u00e4bisch Gm\u00fcndbe. Gm\u00fcndben megtekintj\u00fck a v\u00e1ros t\u00f6rt\u00e9nelmi \u00e9s egyh\u00e1zi \u00e9rdekess\u00e9geit, \u00e9s tal\u00e1lkozunk a gm\u00fcndi magyar katolikus bar\u00e1tainkkal. A hazaj\u00f6vetelre t\u00f6bb lehet\u0151s\u00e9g is k\u00edn\u00e1lkozik. 1. Visszabicikliz\u00fcnk Schorndorfba, \u00e9s onnan S-Bahn-nal tov\u00e1bb Stuttgartig j\u00f6v\u00fcnk. 2. Schw\u00e4bisch Gm\u00fcndb\u0151l vonattal vissza Stuttgartba. A vonat minden \u00f3ra 54 perckor indul Stuttgart fel\u00e9. (16.54; 17.54; 18.54, stb.) \u00c1rban jut\u00e1nyos az un.\u201dMetropol-jegy\u201c, mert \u00e9rv\u00e9nyes mind a vonatra, mind pedig az S-Bahn-ra. Jelentkezni D\u00e9nes-H\u00fcgel \u00c9v\u00e1n\u00e1l (Tel. 07021-84450 illetve 01604639655) vagy pedig az Irod\u00e1n (0711-236 91 90) lehet! Minden bicajbar\u00e1tot szeretettel v\u00e1runk! * J\u00falius 10-\u00e9n, vas\u00e1rnap, Egyh\u00e1zk\u00f6zs\u00e9g\u00fcnk 14 r\u00e9szegyh\u00e1z\u00e1nak Kis Zar\u00e1ndoklata. \u00datir\u00e1ny a Deggingen melletti Ave Maria kegytemplom.\u00a0 Szentmise 11.30 \u00f3rakor. Ut\u00e1na k\u00f6z\u00f6s eb\u00e9d, \u00e9nek \u00e9s bar\u00e1ti egy\u00fcttl\u00e9t! Stuttgartb\u00f3l \u00e9s Weingartenb\u0151l k\u00fcl\u00f6n aut\u00f3busz... R\u00e9szletek"}

Programelőzetes június 27 és szeptember 4 között - Stuttgarti Katolikusok

<blockquote class="wp-embedded-content" data-secret="4GPGP3QRtC"><a href="https://stuttgarti-katolikusok.de/index.php/programelozetes-junius-27-es-szeptember-4-kozott/">Programelőzetes június 27 és szeptember 4 között</a></blockquote><iframe sandbox="allow-scripts" security="restricted" src="https://stuttgarti-katolikusok.de/index.php/programelozetes-junius-27-es-szeptember-4-kozott/embed/#?secret=4GPGP3QRtC" width="600" height="338" title="&#8220;Programelőzetes június 27 és szeptember 4 között&#8221; &#8212; Stuttgarti Katolikusok" data-secret="4GPGP3QRtC" frameborder="0" marginwidth="0" marginheight="0" scrolling="no" class="wp-embedded-content"></iframe><script type="text/javascript">
/* <![CDATA[ */
/*! This file is auto-generated */
!function(d,l){"use strict";l.querySelector&&d.addEventListener&&"undefined"!=typeof URL&&(d.wp=d.wp||{},d.wp.receiveEmbedMessage||(d.wp.receiveEmbedMessage=function(e){var t=e.data;if((t||t.secret||t.message||t.value)&&!/[^a-zA-Z0-9]/.test(t.secret)){for(var s,r,n,a=l.querySelectorAll('iframe[data-secret="'+t.secret+'"]'),o=l.querySelectorAll('blockquote[data-secret="'+t.secret+'"]'),c=new RegExp("^https?:$","i"),i=0;i<o.length;i++)o[i].style.display="none";for(i=0;i<a.length;i++)s=a[i],e.source===s.contentWindow&&(s.removeAttribute("style"),"height"===t.message?(1e3<(r=parseInt(t.value,10))?r=1e3:~~r<200&&(r=200),s.height=r):"link"===t.message&&(r=new URL(s.getAttribute("src")),n=new URL(t.value),c.test(n.protocol))&&n.host===r.host&&l.activeElement===s&&(d.top.location.href=t.value))}},d.addEventListener("message",d.wp.receiveEmbedMessage,!1),l.addEventListener("DOMContentLoaded",function(){for(var e,t,s=l.querySelectorAll("iframe.wp-embedded-content"),r=0;r<s.length;r++)(t=(e=s[r]).getAttribute("data-secret"))||(t=Math.random().toString(36).substring(2,12),e.src+="#?secret="+t,e.setAttribute("data-secret",t)),e.contentWindow.postMessage({message:"ready",secret:t},"*")},!1)))}(window,document);
//# sourceURL=https://stuttgarti-katolikusok.de/wp-includes/js/wp-embed.min.js
/* ]]> */
</script>

Programelőzetes &nbsp; Június 29-én, szerdán este 19.00 órakor lesz az ERAK következő rendezvénye. Hermann Gusztáv Mihály: A székelység története: mítoszok és tények. Minden tagot, támogatót és érdeklődőt szeretettel vár a Vezetőség! * Június 30-án, csütörtökön Ulmban 17.30 órakor szentmise. Előtte gyóntatás, utána Beszélgetések a Bibliáról. Mindenkit szeretettel vár a közösség és Tibor atya! * Július 1-jén, pénteken, Stuttgartban 17.55 órakor rózsafüzér-ájtatosság, majd szentmise. Keretében Pénteki Egyetem: Beszélgetések a Katekizmusról. Utána Imakör. Mindenkit szeretettel várunk! Weingartenben és környékén a délután folyamán, elsőpéntek lévén, felkeresem az időseket és betegeket. Aztán pedig 18.30 órakor szentmise a 14 Nothelfer Kapelle-ben. Előtte gyóntatás, utána Beszélgetések a Bibliáról. Mindenkit szeretettel vár Tibor atya! * Július 02, szombat, Egyháztanácsosok és Legátusok Napja. Őket reggel 9 és fél 10 között várjuk, s egész estig leszünk velük együtt. A kedves Hívektől pedig háttérimát várunk, hogy az Egyházközség ügyes-bajos dolgaira a lehető legjobb megoldásokat megtaláljuk! * Július 3-án, vasárnap, a Bärensee mellett Családi Nap. 9.30 órakor tábori szentmise, utána játék, baráti együttlét. Híveinket és minden jóakaratú magyart szeretettel várunk! * Július 9-én, bicikli-zarándoklat. Indulás: reggel 9.00-kor találkozunk a Stuttgarti főállomás (Hauptbahnhof) csarnokában. A tulajdonképpeni bicikli-zari Schorndorfból indul Schwäbisch Gmündbe. Gmündben megtekintjük a város történelmi és egyházi érdekességeit, és találkozunk a gmündi magyar katolikus barátainkkal. A hazajövetelre több lehetőség is kínálkozik. 1. Visszabiciklizünk Schorndorfba, és onnan S-Bahn-nal tovább Stuttgartig jövünk. 2. Schwäbisch Gmündből vonattal vissza Stuttgartba. A vonat minden óra 54 perckor indul Stuttgart felé. (16.54; 17.54; 18.54, stb.) Árban jutányos az un.”Metropol-jegy“, mert érvényes mind a vonatra, mind pedig az S-Bahn-ra. Jelentkezni Dénes-Hügel Évánál (Tel. 07021-84450 illetve 01604639655) vagy pedig az Irodán (0711-236 91 90) lehet! Minden bicajbarátot szeretettel várunk! * Július 10-én, vasárnap, Egyházközségünk 14 részegyházának Kis Zarándoklata. Útirány a Deggingen melletti Ave Maria kegytemplom.  Szentmise 11.30 órakor. Utána közös ebéd, ének és baráti együttlét! Stuttgartból és Weingartenből külön autóbusz... Részletek
