{"version":"1.0","provider_name":"Stuttgarti Katolikusok","provider_url":"https:\/\/stuttgarti-katolikusok.de","title":"Programel\u0151zetes j\u00fanius 20 \u00e9s 26 k\u00f6z\u00f6tt - Stuttgarti Katolikusok","type":"rich","width":600,"height":338,"html":"<blockquote class=\"wp-embedded-content\" data-secret=\"lYk1nAasMY\"><a href=\"https:\/\/stuttgarti-katolikusok.de\/index.php\/programelozetes-junius-20-es-26-kozott\/\">Programel\u0151zetes j\u00fanius 20 \u00e9s 26 k\u00f6z\u00f6tt<\/a><\/blockquote><iframe sandbox=\"allow-scripts\" security=\"restricted\" src=\"https:\/\/stuttgarti-katolikusok.de\/index.php\/programelozetes-junius-20-es-26-kozott\/embed\/#?secret=lYk1nAasMY\" width=\"600\" height=\"338\" title=\"&#8220;Programel\u0151zetes j\u00fanius 20 \u00e9s 26 k\u00f6z\u00f6tt&#8221; &#8212; Stuttgarti Katolikusok\" data-secret=\"lYk1nAasMY\" frameborder=\"0\" marginwidth=\"0\" marginheight=\"0\" scrolling=\"no\" class=\"wp-embedded-content\"><\/iframe><script type=\"text\/javascript\">\n\/* <![CDATA[ *\/\n\/*! This file is auto-generated *\/\n!function(d,l){\"use strict\";l.querySelector&&d.addEventListener&&\"undefined\"!=typeof URL&&(d.wp=d.wp||{},d.wp.receiveEmbedMessage||(d.wp.receiveEmbedMessage=function(e){var t=e.data;if((t||t.secret||t.message||t.value)&&!\/[^a-zA-Z0-9]\/.test(t.secret)){for(var s,r,n,a=l.querySelectorAll('iframe[data-secret=\"'+t.secret+'\"]'),o=l.querySelectorAll('blockquote[data-secret=\"'+t.secret+'\"]'),c=new RegExp(\"^https?:$\",\"i\"),i=0;i<o.length;i++)o[i].style.display=\"none\";for(i=0;i<a.length;i++)s=a[i],e.source===s.contentWindow&&(s.removeAttribute(\"style\"),\"height\"===t.message?(1e3<(r=parseInt(t.value,10))?r=1e3:~~r<200&&(r=200),s.height=r):\"link\"===t.message&&(r=new URL(s.getAttribute(\"src\")),n=new URL(t.value),c.test(n.protocol))&&n.host===r.host&&l.activeElement===s&&(d.top.location.href=t.value))}},d.addEventListener(\"message\",d.wp.receiveEmbedMessage,!1),l.addEventListener(\"DOMContentLoaded\",function(){for(var e,t,s=l.querySelectorAll(\"iframe.wp-embedded-content\"),r=0;r<s.length;r++)(t=(e=s[r]).getAttribute(\"data-secret\"))||(t=Math.random().toString(36).substring(2,12),e.src+=\"#?secret=\"+t,e.setAttribute(\"data-secret\",t)),e.contentWindow.postMessage({message:\"ready\",secret:t},\"*\")},!1)))}(window,document);\n\/\/# sourceURL=https:\/\/stuttgarti-katolikusok.de\/wp-includes\/js\/wp-embed.min.js\n\/* ]]> *\/\n<\/script>\n","description":"Programel\u0151zetes J\u00fanius 23-\u00e1n, cs\u00fct\u00f6rt\u00f6k\u00f6n, 17.30 \u00f3rakor Ulmban J\u00e9zus-Sz\u00edve-\u00e1jtatoss\u00e1g, majd szentmise. El\u0151tte gy\u00f3n\u00e1si lehet\u0151s\u00e9g, ut\u00e1na Besz\u00e9lget\u00e9sek a Bibli\u00e1r\u00f3l. Mindenkit szeretettel v\u00e1r Tibor atya! * J\u00fanius 24-\u00e9n, p\u00e9nteken, 15.30 \u00f3rakor, Stuttgartban Bar\u00e1ts\u00e1gklub. Minden id\u0151sebb, kellemes \u00e9s kereszt\u00e9ny t\u00e1rsas\u00e1gra v\u00e1gy\u00f3t szeretettel l\u00e1t \u2013 ebben a f\u00e9l\u00e9vben utolj\u00e1ra! \u2013 a Tags\u00e1g \u00e9s Imre atya! 17.50 \u00f3r\u00e1t\u00f3l J\u00e9zus Sz\u00edve-\u00e1jtatoss\u00e1g, ut\u00e1na szentmise. Keret\u00e9ben P\u00e9nteki Egyetem. Ut\u00e1na 19.00 \u00f3rakor Sportklub. Mindenkit szeretettel v\u00e1runk! Ugyancsak p\u00e9nteken 18.30 \u00f3rakor Weingartenben a St.-Marien-templomban J\u00e9zus-Sz\u00edve-\u00e1jtatoss\u00e1g, majd szentmise. El\u0151tte gy\u00f3ntat\u00e1s, ut\u00e1na Besz\u00e9lget\u00e9s a Bibli\u00e1r\u00f3l. Mindenkit szeretettel v\u00e1r Tibor atya! * J\u00fanius 25-\u00e9n, szombaton, 15.30 \u00f3rakor Heidenheimban szentmise. El\u0151tte gy\u00f3n\u00e1si lehet\u0151s\u00e9g, ut\u00e1na \u00e1g\u00e1p\u00e9. Mindenkit szeretettel v\u00e1r Tibor atya! 16.30 \u00f3rakor Reutlingenben szentmise. El\u0151tte gy\u00f3n\u00e1si lehet\u0151s\u00e9g, ut\u00e1na \u00e1g\u00e1p\u00e9. Mindenkit szeretettel v\u00e1r a k\u00f6z\u00f6ss\u00e9g \u00e9s Imre atya! * J\u00fanius 26-\u00e1n,\u00a0 vas\u00e1rnap,\u00a0 Biberachban\u00a0templomb\u00facs\u00fa: \u00c1rp\u00e1dh\u00e1zi Szent Kinga \u00fcnnepe. 8.45 \u00f3rakor szentmise, majd ut\u00e1na \u00e1g\u00e1p\u00e9. Mindenkit szeretettel v\u00e1r a k\u00f6z\u00f6ss\u00e9g \u00e9s Tibor atya. 9.30 \u00f3rakor B\u00f6blingenben szentmise, templomb\u00facs\u00fa: Boldog Scheffler J\u00e1nos \u00e9s Bogd\u00e1nffy Szil\u00e1rd p\u00fcsp\u00f6k\u00f6k \u00fcnnepe. El\u0151tte gy\u00f3n\u00e1si lehet\u0151s\u00e9g, alatta keresztel\u00e9s \u00e9s b\u00e9rm\u00e1lkoz\u00e1s, ut\u00e1na \u00e1g\u00e1p\u00e9. Mindenkit szeretettel v\u00e1r a k\u00f6z\u00f6ss\u00e9g \u00e9s Imre atya! 15.00 \u00f3rakor Eislingenben szentmise. El\u0151tte gy\u00f3n\u00e1si lehet\u0151s\u00e9g, ut\u00e1na \u00e1g\u00e1p\u00e9. Mindenkit szeretettel v\u00e1r a k\u00f6z\u00f6ss\u00e9g \u00e9s Tibor atya. 15.30 \u00f3rakor Heilbronnban szentmise, ut\u00e1na \u00e1g\u00e1p\u00e9. Mindenkit szeretettel v\u00e1r a k\u00f6z\u00f6ss\u00e9g \u00e9s Imre atya! \u201eAz ember ne dobjon k\u00f6vet abba a k\u00fatba, amelyb\u0151l ivott!\u201d (Talmud) Sz\u00e9p napokat, j\u00f3 id\u0151t, tartalmas besz\u00e9lget\u00e9seket \u00e9s kellemes tal\u00e1lkoz\u00e1sokat k\u00edv\u00e1nunk minden Kedves H\u00edv\u00fcnknek! \u00a0"}

Programelőzetes június 20 és 26 között - Stuttgarti Katolikusok

<blockquote class="wp-embedded-content" data-secret="lYk1nAasMY"><a href="https://stuttgarti-katolikusok.de/index.php/programelozetes-junius-20-es-26-kozott/">Programelőzetes június 20 és 26 között</a></blockquote><iframe sandbox="allow-scripts" security="restricted" src="https://stuttgarti-katolikusok.de/index.php/programelozetes-junius-20-es-26-kozott/embed/#?secret=lYk1nAasMY" width="600" height="338" title="&#8220;Programelőzetes június 20 és 26 között&#8221; &#8212; Stuttgarti Katolikusok" data-secret="lYk1nAasMY" frameborder="0" marginwidth="0" marginheight="0" scrolling="no" class="wp-embedded-content"></iframe><script type="text/javascript">
/* <![CDATA[ */
/*! This file is auto-generated */
!function(d,l){"use strict";l.querySelector&&d.addEventListener&&"undefined"!=typeof URL&&(d.wp=d.wp||{},d.wp.receiveEmbedMessage||(d.wp.receiveEmbedMessage=function(e){var t=e.data;if((t||t.secret||t.message||t.value)&&!/[^a-zA-Z0-9]/.test(t.secret)){for(var s,r,n,a=l.querySelectorAll('iframe[data-secret="'+t.secret+'"]'),o=l.querySelectorAll('blockquote[data-secret="'+t.secret+'"]'),c=new RegExp("^https?:$","i"),i=0;i<o.length;i++)o[i].style.display="none";for(i=0;i<a.length;i++)s=a[i],e.source===s.contentWindow&&(s.removeAttribute("style"),"height"===t.message?(1e3<(r=parseInt(t.value,10))?r=1e3:~~r<200&&(r=200),s.height=r):"link"===t.message&&(r=new URL(s.getAttribute("src")),n=new URL(t.value),c.test(n.protocol))&&n.host===r.host&&l.activeElement===s&&(d.top.location.href=t.value))}},d.addEventListener("message",d.wp.receiveEmbedMessage,!1),l.addEventListener("DOMContentLoaded",function(){for(var e,t,s=l.querySelectorAll("iframe.wp-embedded-content"),r=0;r<s.length;r++)(t=(e=s[r]).getAttribute("data-secret"))||(t=Math.random().toString(36).substring(2,12),e.src+="#?secret="+t,e.setAttribute("data-secret",t)),e.contentWindow.postMessage({message:"ready",secret:t},"*")},!1)))}(window,document);
//# sourceURL=https://stuttgarti-katolikusok.de/wp-includes/js/wp-embed.min.js
/* ]]> */
</script>

Programelőzetes Június 23-án, csütörtökön, 17.30 órakor Ulmban Jézus-Szíve-ájtatosság, majd szentmise. Előtte gyónási lehetőség, utána Beszélgetések a Bibliáról. Mindenkit szeretettel vár Tibor atya! * Június 24-én, pénteken, 15.30 órakor, Stuttgartban Barátságklub. Minden idősebb, kellemes és keresztény társaságra vágyót szeretettel lát – ebben a félévben utoljára! – a Tagság és Imre atya! 17.50 órától Jézus Szíve-ájtatosság, utána szentmise. Keretében Pénteki Egyetem. Utána 19.00 órakor Sportklub. Mindenkit szeretettel várunk! Ugyancsak pénteken 18.30 órakor Weingartenben a St.-Marien-templomban Jézus-Szíve-ájtatosság, majd szentmise. Előtte gyóntatás, utána Beszélgetés a Bibliáról. Mindenkit szeretettel vár Tibor atya! * Június 25-én, szombaton, 15.30 órakor Heidenheimban szentmise. Előtte gyónási lehetőség, utána ágápé. Mindenkit szeretettel vár Tibor atya! 16.30 órakor Reutlingenben szentmise. Előtte gyónási lehetőség, utána ágápé. Mindenkit szeretettel vár a közösség és Imre atya! * Június 26-án,  vasárnap,  Biberachban templombúcsú: Árpádházi Szent Kinga ünnepe. 8.45 órakor szentmise, majd utána ágápé. Mindenkit szeretettel vár a közösség és Tibor atya. 9.30 órakor Böblingenben szentmise, templombúcsú: Boldog Scheffler János és Bogdánffy Szilárd püspökök ünnepe. Előtte gyónási lehetőség, alatta keresztelés és bérmálkozás, utána ágápé. Mindenkit szeretettel vár a közösség és Imre atya! 15.00 órakor Eislingenben szentmise. Előtte gyónási lehetőség, utána ágápé. Mindenkit szeretettel vár a közösség és Tibor atya. 15.30 órakor Heilbronnban szentmise, utána ágápé. Mindenkit szeretettel vár a közösség és Imre atya! „Az ember ne dobjon követ abba a kútba, amelyből ivott!” (Talmud) Szép napokat, jó időt, tartalmas beszélgetéseket és kellemes találkozásokat kívánunk minden Kedves Hívünknek!
