{"version":"1.0","provider_name":"Stuttgarti Katolikusok","provider_url":"https:\/\/stuttgarti-katolikusok.de","title":"Programel\u0151zetes j\u00fanius 18 \u00e9s szeptember 2 k\u00f6z\u00f6tt - Stuttgarti Katolikusok","type":"rich","width":600,"height":338,"html":"<blockquote class=\"wp-embedded-content\" data-secret=\"EOo0jPZO5u\"><a href=\"https:\/\/stuttgarti-katolikusok.de\/index.php\/programelozetes-junius-18-es-julius-1-kozott\/\">Programel\u0151zetes j\u00fanius 18 \u00e9s szeptember 2 k\u00f6z\u00f6tt<\/a><\/blockquote><iframe sandbox=\"allow-scripts\" security=\"restricted\" src=\"https:\/\/stuttgarti-katolikusok.de\/index.php\/programelozetes-junius-18-es-julius-1-kozott\/embed\/#?secret=EOo0jPZO5u\" width=\"600\" height=\"338\" title=\"&#8220;Programel\u0151zetes j\u00fanius 18 \u00e9s szeptember 2 k\u00f6z\u00f6tt&#8221; &#8212; Stuttgarti Katolikusok\" data-secret=\"EOo0jPZO5u\" frameborder=\"0\" marginwidth=\"0\" marginheight=\"0\" scrolling=\"no\" class=\"wp-embedded-content\"><\/iframe><script type=\"text\/javascript\">\n\/* <![CDATA[ *\/\n\/*! This file is auto-generated *\/\n!function(d,l){\"use strict\";l.querySelector&&d.addEventListener&&\"undefined\"!=typeof URL&&(d.wp=d.wp||{},d.wp.receiveEmbedMessage||(d.wp.receiveEmbedMessage=function(e){var t=e.data;if((t||t.secret||t.message||t.value)&&!\/[^a-zA-Z0-9]\/.test(t.secret)){for(var s,r,n,a=l.querySelectorAll('iframe[data-secret=\"'+t.secret+'\"]'),o=l.querySelectorAll('blockquote[data-secret=\"'+t.secret+'\"]'),c=new RegExp(\"^https?:$\",\"i\"),i=0;i<o.length;i++)o[i].style.display=\"none\";for(i=0;i<a.length;i++)s=a[i],e.source===s.contentWindow&&(s.removeAttribute(\"style\"),\"height\"===t.message?(1e3<(r=parseInt(t.value,10))?r=1e3:~~r<200&&(r=200),s.height=r):\"link\"===t.message&&(r=new URL(s.getAttribute(\"src\")),n=new URL(t.value),c.test(n.protocol))&&n.host===r.host&&l.activeElement===s&&(d.top.location.href=t.value))}},d.addEventListener(\"message\",d.wp.receiveEmbedMessage,!1),l.addEventListener(\"DOMContentLoaded\",function(){for(var e,t,s=l.querySelectorAll(\"iframe.wp-embedded-content\"),r=0;r<s.length;r++)(t=(e=s[r]).getAttribute(\"data-secret\"))||(t=Math.random().toString(36).substring(2,12),e.src+=\"#?secret=\"+t,e.setAttribute(\"data-secret\",t)),e.contentWindow.postMessage({message:\"ready\",secret:t},\"*\")},!1)))}(window,document);\n\/\/# sourceURL=https:\/\/stuttgarti-katolikusok.de\/wp-includes\/js\/wp-embed.min.js\n\/* ]]> *\/\n<\/script>\n","description":"Programel\u0151zetes J\u00fanius 22-\u00e9n, p\u00e9nteken, Stuttgartban 16.00 \u00f3rakor Bar\u00e1ts\u00e1gklub. 17.50 \u00f3rakor J\u00e9zus-Sz\u00edve-\u00e1jtatoss\u00e1g, majd szentmise. 19.00 \u00f3rakor Sportklub. * J\u00fanius 23-\u00e1n, szombaton, Heidenheimban 15.30 \u00f3rakor igeistentisztelet. Ut\u00e1na \u00e1g\u00e1p\u00e9. Biberachban\u00a0 templomb\u00facs\u00fa: \u00c1rp\u00e1dh\u00e1zi Szent Kinga \u00fcnnepe. 16.00 \u00f3rakor szentmise. Ut\u00e1na \u00e1g\u00e1p\u00e9. Reutlingenben 16.30 \u00f3rakor szentmise. Ut\u00e1na \u00e1g\u00e1p\u00e9. * J\u00fanius 24-\u00e9n, \u00e9vk\u00f6zi 12. vas\u00e1rnapon, B\u00f6blingenben templomb\u00facs\u00fa: Scheffler J\u00e1nos \u00e9s Bogd\u00e1nffy Szil\u00e1rd p\u00fcsp\u00f6k\u00f6k \u00e9s v\u00e9rtan\u00fak \u00fcnnepe. 9.30 \u00f3rakor szentmise. Ut\u00e1na \u00e1g\u00e1p\u00e9. \u00a0\u00a0\u00a0\u00a0\u00a0\u00a0\u00a0\u00a0\u00a0\u00a0\u00a0 Ulmban 12.00 \u00f3rakor szentmise. Eislingenben 15.00 \u00f3rakor a szentmise. Ut\u00e1na \u00e1g\u00e1p\u00e9. Heilbronnban 15.30 \u00f3rakor t\u00e1bori szentmise. Ut\u00e1na \u00e1g\u00e1p\u00e9. T\u00e1j\u00e9koztat\u00e1ssal leg\u00e1tusaink, Kengyel K\u00e1roly \u00e9s K\u00f3bia T\u00fcnde illetve Tam\u00e1s szolg\u00e1lnak. * J\u00falius 1-j\u00e9n, vas\u00e1rnap, B\u00e4rensee &#8211; Csal\u00e1di Nap. 9.30 \u00f3rakor t\u00e1bori szentmise\u00a0a Gaffenbergen. Ut\u00e1na k\u00f6z\u00f6s eb\u00e9d, j\u00e1t\u00e9k, bar\u00e1ti egy\u00fcttl\u00e9t napestig. * Szeptember 1-j\u00e9n, szombaton, Balingenben 17.00 \u00f3rakor szentmise, ut\u00e1na \u00e1g\u00e1p\u00e9. &nbsp; Szeptember 2-\u00e1n, vas\u00e1rnap, Munderkingenben 9.00 \u00f3rakor szentmise. Schw\u00e4bisch Gm\u00fcndben 9.30 \u00f3rakor szentmise, ut\u00e1na \u00e1g\u00e1p\u00e9. Stuttgartban 15.00 \u00f3rakor zar\u00e1ndokok szentmis\u00e9je. Keret\u00e9ben b\u00e9rm\u00e1lkoz\u00e1s. Ut\u00e1na zar\u00e1ndokok tal\u00e1lkoz\u00f3ja \u00e9s \u00e1g\u00e1p\u00e9. Minden helyen mindenkit szeretettel v\u00e1r a k\u00f6z\u00f6ss\u00e9g, Imre atya \u00e9s Tibor atya! \u201eA boldogs\u00e1g az egyed\u00fcli dolog a vil\u00e1gon, amely ha megosztj\u00e1k, megk\u00e9tszerez\u0151dik\u201d (Marie von Ebner-Eschenbach \u2013 1830-1916 \u2013 osztr\u00e1k \u00edr\u00f3n\u0151) Sz\u00e9p ny\u00e1ri napokat, j\u00f3 munk\u00e1t, tartalmas besz\u00e9lget\u00e9seket \u00e9s \u00f6r\u00f6mteli tal\u00e1lkoz\u00e1sokat k\u00edv\u00e1nunk minden Kedves H\u00edv\u00fcnknek!"}

Programelőzetes június 18 és szeptember 2 között - Stuttgarti Katolikusok

<blockquote class="wp-embedded-content" data-secret="EOo0jPZO5u"><a href="https://stuttgarti-katolikusok.de/index.php/programelozetes-junius-18-es-julius-1-kozott/">Programelőzetes június 18 és szeptember 2 között</a></blockquote><iframe sandbox="allow-scripts" security="restricted" src="https://stuttgarti-katolikusok.de/index.php/programelozetes-junius-18-es-julius-1-kozott/embed/#?secret=EOo0jPZO5u" width="600" height="338" title="&#8220;Programelőzetes június 18 és szeptember 2 között&#8221; &#8212; Stuttgarti Katolikusok" data-secret="EOo0jPZO5u" frameborder="0" marginwidth="0" marginheight="0" scrolling="no" class="wp-embedded-content"></iframe><script type="text/javascript">
/* <![CDATA[ */
/*! This file is auto-generated */
!function(d,l){"use strict";l.querySelector&&d.addEventListener&&"undefined"!=typeof URL&&(d.wp=d.wp||{},d.wp.receiveEmbedMessage||(d.wp.receiveEmbedMessage=function(e){var t=e.data;if((t||t.secret||t.message||t.value)&&!/[^a-zA-Z0-9]/.test(t.secret)){for(var s,r,n,a=l.querySelectorAll('iframe[data-secret="'+t.secret+'"]'),o=l.querySelectorAll('blockquote[data-secret="'+t.secret+'"]'),c=new RegExp("^https?:$","i"),i=0;i<o.length;i++)o[i].style.display="none";for(i=0;i<a.length;i++)s=a[i],e.source===s.contentWindow&&(s.removeAttribute("style"),"height"===t.message?(1e3<(r=parseInt(t.value,10))?r=1e3:~~r<200&&(r=200),s.height=r):"link"===t.message&&(r=new URL(s.getAttribute("src")),n=new URL(t.value),c.test(n.protocol))&&n.host===r.host&&l.activeElement===s&&(d.top.location.href=t.value))}},d.addEventListener("message",d.wp.receiveEmbedMessage,!1),l.addEventListener("DOMContentLoaded",function(){for(var e,t,s=l.querySelectorAll("iframe.wp-embedded-content"),r=0;r<s.length;r++)(t=(e=s[r]).getAttribute("data-secret"))||(t=Math.random().toString(36).substring(2,12),e.src+="#?secret="+t,e.setAttribute("data-secret",t)),e.contentWindow.postMessage({message:"ready",secret:t},"*")},!1)))}(window,document);
//# sourceURL=https://stuttgarti-katolikusok.de/wp-includes/js/wp-embed.min.js
/* ]]> */
</script>

Programelőzetes Június 22-én, pénteken, Stuttgartban 16.00 órakor Barátságklub. 17.50 órakor Jézus-Szíve-ájtatosság, majd szentmise. 19.00 órakor Sportklub. * Június 23-án, szombaton, Heidenheimban 15.30 órakor igeistentisztelet. Utána ágápé. Biberachban  templombúcsú: Árpádházi Szent Kinga ünnepe. 16.00 órakor szentmise. Utána ágápé. Reutlingenben 16.30 órakor szentmise. Utána ágápé. * Június 24-én, évközi 12. vasárnapon, Böblingenben templombúcsú: Scheffler János és Bogdánffy Szilárd püspökök és vértanúk ünnepe. 9.30 órakor szentmise. Utána ágápé.             Ulmban 12.00 órakor szentmise. Eislingenben 15.00 órakor a szentmise. Utána ágápé. Heilbronnban 15.30 órakor tábori szentmise. Utána ágápé. Tájékoztatással legátusaink, Kengyel Károly és Kóbia Tünde illetve Tamás szolgálnak. * Július 1-jén, vasárnap, Bärensee &#8211; Családi Nap. 9.30 órakor tábori szentmise a Gaffenbergen. Utána közös ebéd, játék, baráti együttlét napestig. * Szeptember 1-jén, szombaton, Balingenben 17.00 órakor szentmise, utána ágápé. &nbsp; Szeptember 2-án, vasárnap, Munderkingenben 9.00 órakor szentmise. Schwäbisch Gmündben 9.30 órakor szentmise, utána ágápé. Stuttgartban 15.00 órakor zarándokok szentmiséje. Keretében bérmálkozás. Utána zarándokok találkozója és ágápé. Minden helyen mindenkit szeretettel vár a közösség, Imre atya és Tibor atya! „A boldogság az egyedüli dolog a világon, amely ha megosztják, megkétszereződik” (Marie von Ebner-Eschenbach – 1830-1916 – osztrák írónő) Szép nyári napokat, jó munkát, tartalmas beszélgetéseket és örömteli találkozásokat kívánunk minden Kedves Hívünknek!
