{"version":"1.0","provider_name":"Stuttgarti Katolikusok","provider_url":"https:\/\/stuttgarti-katolikusok.de","title":"Programel\u0151zetes j\u00fanius 13 \u00e9s 19 k\u00f6z\u00f6tt - Stuttgarti Katolikusok","type":"rich","width":600,"height":338,"html":"<blockquote class=\"wp-embedded-content\" data-secret=\"fEL5046vlO\"><a href=\"https:\/\/stuttgarti-katolikusok.de\/index.php\/programelozetes-junius-13-es-19-kozott\/\">Programel\u0151zetes j\u00fanius 13 \u00e9s 19 k\u00f6z\u00f6tt<\/a><\/blockquote><iframe sandbox=\"allow-scripts\" security=\"restricted\" src=\"https:\/\/stuttgarti-katolikusok.de\/index.php\/programelozetes-junius-13-es-19-kozott\/embed\/#?secret=fEL5046vlO\" width=\"600\" height=\"338\" title=\"&#8220;Programel\u0151zetes j\u00fanius 13 \u00e9s 19 k\u00f6z\u00f6tt&#8221; &#8212; Stuttgarti Katolikusok\" data-secret=\"fEL5046vlO\" frameborder=\"0\" marginwidth=\"0\" marginheight=\"0\" scrolling=\"no\" class=\"wp-embedded-content\"><\/iframe><script type=\"text\/javascript\">\n\/* <![CDATA[ *\/\n\/*! This file is auto-generated *\/\n!function(d,l){\"use strict\";l.querySelector&&d.addEventListener&&\"undefined\"!=typeof URL&&(d.wp=d.wp||{},d.wp.receiveEmbedMessage||(d.wp.receiveEmbedMessage=function(e){var t=e.data;if((t||t.secret||t.message||t.value)&&!\/[^a-zA-Z0-9]\/.test(t.secret)){for(var s,r,n,a=l.querySelectorAll('iframe[data-secret=\"'+t.secret+'\"]'),o=l.querySelectorAll('blockquote[data-secret=\"'+t.secret+'\"]'),c=new RegExp(\"^https?:$\",\"i\"),i=0;i<o.length;i++)o[i].style.display=\"none\";for(i=0;i<a.length;i++)s=a[i],e.source===s.contentWindow&&(s.removeAttribute(\"style\"),\"height\"===t.message?(1e3<(r=parseInt(t.value,10))?r=1e3:~~r<200&&(r=200),s.height=r):\"link\"===t.message&&(r=new URL(s.getAttribute(\"src\")),n=new URL(t.value),c.test(n.protocol))&&n.host===r.host&&l.activeElement===s&&(d.top.location.href=t.value))}},d.addEventListener(\"message\",d.wp.receiveEmbedMessage,!1),l.addEventListener(\"DOMContentLoaded\",function(){for(var e,t,s=l.querySelectorAll(\"iframe.wp-embedded-content\"),r=0;r<s.length;r++)(t=(e=s[r]).getAttribute(\"data-secret\"))||(t=Math.random().toString(36).substring(2,12),e.src+=\"#?secret=\"+t,e.setAttribute(\"data-secret\",t)),e.contentWindow.postMessage({message:\"ready\",secret:t},\"*\")},!1)))}(window,document);\n\/\/# sourceURL=https:\/\/stuttgarti-katolikusok.de\/wp-includes\/js\/wp-embed.min.js\n\/* ]]> *\/\n<\/script>\n","description":"Programel\u0151zetes \u00a0J\u00fanius 16-\u00e1n, cs\u00fct\u00f6rt\u00f6k\u00f6n, Ulmban 17.30 \u00f3rakor J\u00e9zus-Sz\u00edve-\u00e1jtatoss\u00e1g, majd szentmise. El\u0151tte gy\u00f3ntat\u00e1s, szentmise v\u00e9gezt\u00e9vel Besz\u00e9lget\u00e9s a Bibli\u00e1r\u00f3l (Kivonul\u00e1s K\u00f6nyve). Mindenkit szeretettel v\u00e1r Tibor atya! * J\u00fanius 17-\u00e9n, p\u00e9nteken, Stuttgartban 15.30 \u00f3rakor Bar\u00e1ts\u00e1gklub. Minden kellemes t\u00e1rsas\u00e1gra v\u00e1gy\u00f3 \u00e9rdekl\u0151d\u0151t szeretettel v\u00e1r Imre atya! 17.45 \u00f3rakor J\u00e9zus-Sz\u00edve-\u00e1jtatoss\u00e1g, ut\u00e1na esti szentmise, keret\u00e9ben P\u00e9nteki Egyetem. Ut\u00e1na 19.00 \u00f3rakor Bibliak\u00f6r. T\u00e9ma: Eszter K\u00f6nyve. El\u0151ad\u00f3: Imre atya. Mindenkit szeretettel v\u00e1runk! Weingartenben 18.30 \u00f3rakor J\u00e9zus-Sz\u00edve-\u00e1jtatoss\u00e1g, majd szentmise. El\u0151tte gy\u00f3ntat\u00e1s, ut\u00e1na Besz\u00e9lget\u00e9s a Bibli\u00e1r\u00f3l. Mindenkit szeretettel v\u00e1r Tibor atya! * J\u00fanius 19-\u00e9n, vas\u00e1rnap, 9.30 \u00f3rakor Ludwigsburgban templomb\u00facs\u00fa: Szent L\u00e1szl\u00f3 kir\u00e1ly \u00fcnnepe. El\u0151bb szentmise, majd ut\u00e1na \u00e1g\u00e1p\u00e9. Mindenkit szeretettel v\u00e1r a k\u00f6z\u00f6ss\u00e9g \u00e9s Imre atya! * 12.00 \u00f3rakor Stuttgartban szentmise, keret\u00e9ben b\u00e9rm\u00e1l\u00e1s. Mindenkit szeretettel v\u00e1r a k\u00f6z\u00f6ss\u00e9g \u00e9s Imre atya! *\u00a0 \u201eA term\u00e9szettudom\u00e1ny vall\u00e1s n\u00e9lk\u00fcl b\u00e9na. A vall\u00e1s term\u00e9szettudom\u00e1ny n\u00e9lk\u00fcl vak.\u201d (Albert Einstein \u2013 1879-1955 \u2013 fizikus) \u00a0Sz\u00e9p napokat, j\u00f3 munk\u00e1t, tartalmas besz\u00e9lget\u00e9seket \u00e9s kellemes tal\u00e1lkoz\u00e1sokat k\u00edv\u00e1nunk minden kedves H\u00edv\u00fcnknek! &nbsp;"}

Programelőzetes június 13 és 19 között - Stuttgarti Katolikusok

<blockquote class="wp-embedded-content" data-secret="fEL5046vlO"><a href="https://stuttgarti-katolikusok.de/index.php/programelozetes-junius-13-es-19-kozott/">Programelőzetes június 13 és 19 között</a></blockquote><iframe sandbox="allow-scripts" security="restricted" src="https://stuttgarti-katolikusok.de/index.php/programelozetes-junius-13-es-19-kozott/embed/#?secret=fEL5046vlO" width="600" height="338" title="&#8220;Programelőzetes június 13 és 19 között&#8221; &#8212; Stuttgarti Katolikusok" data-secret="fEL5046vlO" frameborder="0" marginwidth="0" marginheight="0" scrolling="no" class="wp-embedded-content"></iframe><script type="text/javascript">
/* <![CDATA[ */
/*! This file is auto-generated */
!function(d,l){"use strict";l.querySelector&&d.addEventListener&&"undefined"!=typeof URL&&(d.wp=d.wp||{},d.wp.receiveEmbedMessage||(d.wp.receiveEmbedMessage=function(e){var t=e.data;if((t||t.secret||t.message||t.value)&&!/[^a-zA-Z0-9]/.test(t.secret)){for(var s,r,n,a=l.querySelectorAll('iframe[data-secret="'+t.secret+'"]'),o=l.querySelectorAll('blockquote[data-secret="'+t.secret+'"]'),c=new RegExp("^https?:$","i"),i=0;i<o.length;i++)o[i].style.display="none";for(i=0;i<a.length;i++)s=a[i],e.source===s.contentWindow&&(s.removeAttribute("style"),"height"===t.message?(1e3<(r=parseInt(t.value,10))?r=1e3:~~r<200&&(r=200),s.height=r):"link"===t.message&&(r=new URL(s.getAttribute("src")),n=new URL(t.value),c.test(n.protocol))&&n.host===r.host&&l.activeElement===s&&(d.top.location.href=t.value))}},d.addEventListener("message",d.wp.receiveEmbedMessage,!1),l.addEventListener("DOMContentLoaded",function(){for(var e,t,s=l.querySelectorAll("iframe.wp-embedded-content"),r=0;r<s.length;r++)(t=(e=s[r]).getAttribute("data-secret"))||(t=Math.random().toString(36).substring(2,12),e.src+="#?secret="+t,e.setAttribute("data-secret",t)),e.contentWindow.postMessage({message:"ready",secret:t},"*")},!1)))}(window,document);
//# sourceURL=https://stuttgarti-katolikusok.de/wp-includes/js/wp-embed.min.js
/* ]]> */
</script>

Programelőzetes  Június 16-án, csütörtökön, Ulmban 17.30 órakor Jézus-Szíve-ájtatosság, majd szentmise. Előtte gyóntatás, szentmise végeztével Beszélgetés a Bibliáról (Kivonulás Könyve). Mindenkit szeretettel vár Tibor atya! * Június 17-én, pénteken, Stuttgartban 15.30 órakor Barátságklub. Minden kellemes társaságra vágyó érdeklődőt szeretettel vár Imre atya! 17.45 órakor Jézus-Szíve-ájtatosság, utána esti szentmise, keretében Pénteki Egyetem. Utána 19.00 órakor Bibliakör. Téma: Eszter Könyve. Előadó: Imre atya. Mindenkit szeretettel várunk! Weingartenben 18.30 órakor Jézus-Szíve-ájtatosság, majd szentmise. Előtte gyóntatás, utána Beszélgetés a Bibliáról. Mindenkit szeretettel vár Tibor atya! * Június 19-én, vasárnap, 9.30 órakor Ludwigsburgban templombúcsú: Szent László király ünnepe. Előbb szentmise, majd utána ágápé. Mindenkit szeretettel vár a közösség és Imre atya! * 12.00 órakor Stuttgartban szentmise, keretében bérmálás. Mindenkit szeretettel vár a közösség és Imre atya! *  „A természettudomány vallás nélkül béna. A vallás természettudomány nélkül vak.” (Albert Einstein – 1879-1955 – fizikus)  Szép napokat, jó munkát, tartalmas beszélgetéseket és kellemes találkozásokat kívánunk minden kedves Hívünknek! &nbsp;
