{"version":"1.0","provider_name":"Stuttgarti Katolikusok","provider_url":"https:\/\/stuttgarti-katolikusok.de","title":"Programel\u0151zetes j\u00fanius 11 \u00e9s 24 k\u00f6z\u00f6tt - Stuttgarti Katolikusok","type":"rich","width":600,"height":338,"html":"<blockquote class=\"wp-embedded-content\" data-secret=\"HTP9qlOUhZ\"><a href=\"https:\/\/stuttgarti-katolikusok.de\/index.php\/programelozetes-junius-11-es-24-kozott\/\">Programel\u0151zetes j\u00fanius 11 \u00e9s 24 k\u00f6z\u00f6tt<\/a><\/blockquote><iframe sandbox=\"allow-scripts\" security=\"restricted\" src=\"https:\/\/stuttgarti-katolikusok.de\/index.php\/programelozetes-junius-11-es-24-kozott\/embed\/#?secret=HTP9qlOUhZ\" width=\"600\" height=\"338\" title=\"&#8220;Programel\u0151zetes j\u00fanius 11 \u00e9s 24 k\u00f6z\u00f6tt&#8221; &#8212; Stuttgarti Katolikusok\" data-secret=\"HTP9qlOUhZ\" frameborder=\"0\" marginwidth=\"0\" marginheight=\"0\" scrolling=\"no\" class=\"wp-embedded-content\"><\/iframe><script type=\"text\/javascript\">\n\/* <![CDATA[ *\/\n\/*! This file is auto-generated *\/\n!function(d,l){\"use strict\";l.querySelector&&d.addEventListener&&\"undefined\"!=typeof URL&&(d.wp=d.wp||{},d.wp.receiveEmbedMessage||(d.wp.receiveEmbedMessage=function(e){var t=e.data;if((t||t.secret||t.message||t.value)&&!\/[^a-zA-Z0-9]\/.test(t.secret)){for(var s,r,n,a=l.querySelectorAll('iframe[data-secret=\"'+t.secret+'\"]'),o=l.querySelectorAll('blockquote[data-secret=\"'+t.secret+'\"]'),c=new RegExp(\"^https?:$\",\"i\"),i=0;i<o.length;i++)o[i].style.display=\"none\";for(i=0;i<a.length;i++)s=a[i],e.source===s.contentWindow&&(s.removeAttribute(\"style\"),\"height\"===t.message?(1e3<(r=parseInt(t.value,10))?r=1e3:~~r<200&&(r=200),s.height=r):\"link\"===t.message&&(r=new URL(s.getAttribute(\"src\")),n=new URL(t.value),c.test(n.protocol))&&n.host===r.host&&l.activeElement===s&&(d.top.location.href=t.value))}},d.addEventListener(\"message\",d.wp.receiveEmbedMessage,!1),l.addEventListener(\"DOMContentLoaded\",function(){for(var e,t,s=l.querySelectorAll(\"iframe.wp-embedded-content\"),r=0;r<s.length;r++)(t=(e=s[r]).getAttribute(\"data-secret\"))||(t=Math.random().toString(36).substring(2,12),e.src+=\"#?secret=\"+t,e.setAttribute(\"data-secret\",t)),e.contentWindow.postMessage({message:\"ready\",secret:t},\"*\")},!1)))}(window,document);\n\/\/# sourceURL=https:\/\/stuttgarti-katolikusok.de\/wp-includes\/js\/wp-embed.min.js\n\/* ]]> *\/\n<\/script>\n","description":"Programel\u0151zetes \u00a0J\u00fanius 15-\u00e9n, p\u00e9nteken, Stuttgartban 16.00 \u00f3rakor Bar\u00e1ts\u00e1gklub. 17.50 \u00f3rakor J\u00e9zus-Sz\u00edve-\u00e1jtatoss\u00e1g, majd szentmise. 19.00 \u00f3r\u00e1t\u00f3l Bibliak\u00f6r. * J\u00fanius 16-\u00e1n, szombaton, Waiblingenben Kaplonyiak Tal\u00e1lkoz\u00f3ja. 11.00 \u00f3rakor szentmise, ut\u00e1na bar\u00e1ti egy\u00fcttl\u00e9t. * J\u00fanius 17-\u00e9n, \u00e9vk\u00f6zi 11. vas\u00e1rnapon, Ludwigsburgban templomb\u00facs\u00fa: Szent L\u00e1szl\u00f3 kir\u00e1ly \u00fcnnepe. 9.30 \u00f3rakor szentmise. Ut\u00e1na \u00e1g\u00e1p\u00e9. Stuttgartban 12.00 \u00f3rakor szentmise. * J\u00fanius 22-\u00e9n, p\u00e9nteken, Stuttgartban 16.00 \u00f3rakor Bar\u00e1ts\u00e1gklub. 17.50 \u00f3rakor J\u00e9zus-Sz\u00edve-\u00e1jtatoss\u00e1g, majd szentmise. 19.00 \u00f3rakor Sportklub. * J\u00fanius 23-\u00e1n, szombaton, Heidenheimban 15.30 \u00f3rakor igeistentisztelet. Ut\u00e1na \u00e1g\u00e1p\u00e9. Biberachban\u00a0 templomb\u00facs\u00fa: \u00c1rp\u00e1dh\u00e1zi Szent Kinga \u00fcnnepe. 16.00 \u00f3rakor szentmise. Ut\u00e1na \u00e1g\u00e1p\u00e9. Reutlingenben 16.30 \u00f3rakor szentmise. Ut\u00e1na \u00e1g\u00e1p\u00e9. * J\u00fanius 24-\u00e9n, \u00e9vk\u00f6zi 12. vas\u00e1rnapon, B\u00f6blingenben templomb\u00facs\u00fa: Scheffler J\u00e1nos \u00e9s Bogd\u00e1nffy Szil\u00e1rd p\u00fcsp\u00f6k\u00f6k \u00e9s v\u00e9rtan\u00fak \u00fcnnepe. 9.30 \u00f3rakor szentmise. Ut\u00e1na \u00e1g\u00e1p\u00e9.\u00a0\u00a0 Ulmban 12.00 \u00f3rakor szentmise. Eislingenben 15.00 \u00f3rakor szentmise. Ut\u00e1na \u00e1g\u00e1p\u00e9. Heilbronnban 15.30 \u00f3rakor t\u00e1bori szentmise a Gaffenbergen (Gaffenberg 1, 74074 Heilbronn). Ut\u00e1na \u00e1g\u00e1p\u00e9. T\u00e1j\u00e9koztat\u00e1ssal leg\u00e1tusaink, Kengyel K\u00e1roly (07131-829 72) valamint K\u00f3bia T\u00fcnde \u00e9s Tam\u00e1s (07135-502 36 50) szolg\u00e1lnak. * Minden helyen mindenkit szeretettel v\u00e1r a k\u00f6z\u00f6ss\u00e9g, Imre atya \u00e9s Tibor atya! \u201eA boldogs\u00e1g az egyed\u00fcli dolog a vil\u00e1gon, amely ha megosztj\u00e1k, megk\u00e9tszerez\u0151dik.\u201d (Marie von Ebner-Eschenbach \u2013 1830-1916 \u2013 osztr\u00e1k \u00edr\u00f3n\u0151) Sz\u00e9p napokat, j\u00f3 munk\u00e1t, tartalmas besz\u00e9lget\u00e9seket \u00e9s \u00f6r\u00f6mteli tal\u00e1lkoz\u00e1sokat k\u00edv\u00e1nunk minden Kedves H\u00edv\u00fcnknek!"}

Programelőzetes június 11 és 24 között - Stuttgarti Katolikusok

<blockquote class="wp-embedded-content" data-secret="HTP9qlOUhZ"><a href="https://stuttgarti-katolikusok.de/index.php/programelozetes-junius-11-es-24-kozott/">Programelőzetes június 11 és 24 között</a></blockquote><iframe sandbox="allow-scripts" security="restricted" src="https://stuttgarti-katolikusok.de/index.php/programelozetes-junius-11-es-24-kozott/embed/#?secret=HTP9qlOUhZ" width="600" height="338" title="&#8220;Programelőzetes június 11 és 24 között&#8221; &#8212; Stuttgarti Katolikusok" data-secret="HTP9qlOUhZ" frameborder="0" marginwidth="0" marginheight="0" scrolling="no" class="wp-embedded-content"></iframe><script type="text/javascript">
/* <![CDATA[ */
/*! This file is auto-generated */
!function(d,l){"use strict";l.querySelector&&d.addEventListener&&"undefined"!=typeof URL&&(d.wp=d.wp||{},d.wp.receiveEmbedMessage||(d.wp.receiveEmbedMessage=function(e){var t=e.data;if((t||t.secret||t.message||t.value)&&!/[^a-zA-Z0-9]/.test(t.secret)){for(var s,r,n,a=l.querySelectorAll('iframe[data-secret="'+t.secret+'"]'),o=l.querySelectorAll('blockquote[data-secret="'+t.secret+'"]'),c=new RegExp("^https?:$","i"),i=0;i<o.length;i++)o[i].style.display="none";for(i=0;i<a.length;i++)s=a[i],e.source===s.contentWindow&&(s.removeAttribute("style"),"height"===t.message?(1e3<(r=parseInt(t.value,10))?r=1e3:~~r<200&&(r=200),s.height=r):"link"===t.message&&(r=new URL(s.getAttribute("src")),n=new URL(t.value),c.test(n.protocol))&&n.host===r.host&&l.activeElement===s&&(d.top.location.href=t.value))}},d.addEventListener("message",d.wp.receiveEmbedMessage,!1),l.addEventListener("DOMContentLoaded",function(){for(var e,t,s=l.querySelectorAll("iframe.wp-embedded-content"),r=0;r<s.length;r++)(t=(e=s[r]).getAttribute("data-secret"))||(t=Math.random().toString(36).substring(2,12),e.src+="#?secret="+t,e.setAttribute("data-secret",t)),e.contentWindow.postMessage({message:"ready",secret:t},"*")},!1)))}(window,document);
//# sourceURL=https://stuttgarti-katolikusok.de/wp-includes/js/wp-embed.min.js
/* ]]> */
</script>

Programelőzetes  Június 15-én, pénteken, Stuttgartban 16.00 órakor Barátságklub. 17.50 órakor Jézus-Szíve-ájtatosság, majd szentmise. 19.00 órától Bibliakör. * Június 16-án, szombaton, Waiblingenben Kaplonyiak Találkozója. 11.00 órakor szentmise, utána baráti együttlét. * Június 17-én, évközi 11. vasárnapon, Ludwigsburgban templombúcsú: Szent László király ünnepe. 9.30 órakor szentmise. Utána ágápé. Stuttgartban 12.00 órakor szentmise. * Június 22-én, pénteken, Stuttgartban 16.00 órakor Barátságklub. 17.50 órakor Jézus-Szíve-ájtatosság, majd szentmise. 19.00 órakor Sportklub. * Június 23-án, szombaton, Heidenheimban 15.30 órakor igeistentisztelet. Utána ágápé. Biberachban  templombúcsú: Árpádházi Szent Kinga ünnepe. 16.00 órakor szentmise. Utána ágápé. Reutlingenben 16.30 órakor szentmise. Utána ágápé. * Június 24-én, évközi 12. vasárnapon, Böblingenben templombúcsú: Scheffler János és Bogdánffy Szilárd püspökök és vértanúk ünnepe. 9.30 órakor szentmise. Utána ágápé.   Ulmban 12.00 órakor szentmise. Eislingenben 15.00 órakor szentmise. Utána ágápé. Heilbronnban 15.30 órakor tábori szentmise a Gaffenbergen (Gaffenberg 1, 74074 Heilbronn). Utána ágápé. Tájékoztatással legátusaink, Kengyel Károly (07131-829 72) valamint Kóbia Tünde és Tamás (07135-502 36 50) szolgálnak. * Minden helyen mindenkit szeretettel vár a közösség, Imre atya és Tibor atya! „A boldogság az egyedüli dolog a világon, amely ha megosztják, megkétszereződik.” (Marie von Ebner-Eschenbach – 1830-1916 – osztrák írónő) Szép napokat, jó munkát, tartalmas beszélgetéseket és örömteli találkozásokat kívánunk minden Kedves Hívünknek!
