{"version":"1.0","provider_name":"Stuttgarti Katolikusok","provider_url":"https:\/\/stuttgarti-katolikusok.de","title":"Programel\u0151zetes j\u00falius 15 \u00e9s szeptember 1 k\u00f6z\u00f6tt - Stuttgarti Katolikusok","type":"rich","width":600,"height":338,"html":"<blockquote class=\"wp-embedded-content\" data-secret=\"kTeb7FveKe\"><a href=\"https:\/\/stuttgarti-katolikusok.de\/index.php\/programelozetes-julius-12-es-szeptember-1-kozott\/\">Programel\u0151zetes j\u00falius 15 \u00e9s szeptember 1 k\u00f6z\u00f6tt<\/a><\/blockquote><iframe sandbox=\"allow-scripts\" security=\"restricted\" src=\"https:\/\/stuttgarti-katolikusok.de\/index.php\/programelozetes-julius-12-es-szeptember-1-kozott\/embed\/#?secret=kTeb7FveKe\" width=\"600\" height=\"338\" title=\"&#8220;Programel\u0151zetes j\u00falius 15 \u00e9s szeptember 1 k\u00f6z\u00f6tt&#8221; &#8212; Stuttgarti Katolikusok\" data-secret=\"kTeb7FveKe\" frameborder=\"0\" marginwidth=\"0\" marginheight=\"0\" scrolling=\"no\" class=\"wp-embedded-content\"><\/iframe><script type=\"text\/javascript\">\n\/* <![CDATA[ *\/\n\/*! This file is auto-generated *\/\n!function(d,l){\"use strict\";l.querySelector&&d.addEventListener&&\"undefined\"!=typeof URL&&(d.wp=d.wp||{},d.wp.receiveEmbedMessage||(d.wp.receiveEmbedMessage=function(e){var t=e.data;if((t||t.secret||t.message||t.value)&&!\/[^a-zA-Z0-9]\/.test(t.secret)){for(var s,r,n,a=l.querySelectorAll('iframe[data-secret=\"'+t.secret+'\"]'),o=l.querySelectorAll('blockquote[data-secret=\"'+t.secret+'\"]'),c=new RegExp(\"^https?:$\",\"i\"),i=0;i<o.length;i++)o[i].style.display=\"none\";for(i=0;i<a.length;i++)s=a[i],e.source===s.contentWindow&&(s.removeAttribute(\"style\"),\"height\"===t.message?(1e3<(r=parseInt(t.value,10))?r=1e3:~~r<200&&(r=200),s.height=r):\"link\"===t.message&&(r=new URL(s.getAttribute(\"src\")),n=new URL(t.value),c.test(n.protocol))&&n.host===r.host&&l.activeElement===s&&(d.top.location.href=t.value))}},d.addEventListener(\"message\",d.wp.receiveEmbedMessage,!1),l.addEventListener(\"DOMContentLoaded\",function(){for(var e,t,s=l.querySelectorAll(\"iframe.wp-embedded-content\"),r=0;r<s.length;r++)(t=(e=s[r]).getAttribute(\"data-secret\"))||(t=Math.random().toString(36).substring(2,12),e.src+=\"#?secret=\"+t,e.setAttribute(\"data-secret\",t)),e.contentWindow.postMessage({message:\"ready\",secret:t},\"*\")},!1)))}(window,document);\n\/\/# sourceURL=https:\/\/stuttgarti-katolikusok.de\/wp-includes\/js\/wp-embed.min.js\n\/* ]]> *\/\n<\/script>\n","description":"Programel\u0151zetes Az egyh\u00e1zi \u00e9v I. fel\u00e9nek v\u00e9g\u00e9n k\u00f6sz\u00f6net az egyh\u00e1ztan\u00e1csosoknak, a leg\u00e1tusoknak, a lelkip\u00e1sztori kiseg\u00edt\u0151nek, az \u00e1ldoztat\u00f3knak, a felolvas\u00f3knak, az orgonist\u00e1knak, a sekresty\u00e9seknek, a ministr\u00e1nsoknak, az \u00e1g\u00e1p\u00e9soknak \u00e9s valamennyi \u00f6nk\u00e9ntes seg\u00edt\u0151nek a sok \u00e1ldozat\u00e9rt, melyet r\u00e9szegyh\u00e1zk\u00f6zs\u00e9geink\u00e9rt hoznak. Isten fizesse meg nekik sz\u00e1zszorosan! * Az aty\u00e1k szabads\u00e1ga: Tibor atya j\u00falius h\u00f3napban, j\u00f3magam augusztusban szabads\u00e1golok. Ez alatt az id\u0151 alatt forduljatok minden \u00fcgyetekben bizalommal a helyi n\u00e9met egyh\u00e1zk\u00f6zs\u00e9g pl\u00e9b\u00e1nos\u00e1hoz. * Minden kedves H\u00edv\u00fcnknek tartalmas nyarat k\u00edv\u00e1nunk, sok napf\u00e9nnyel, pihentet\u0151 programokkal, j\u00f3 eg\u00e9szs\u00e9ggel \u00e9s lelki tartalommal! Ne feledkezzenek meg sem otthon sem idegenben a vas\u00e1rnapi szentmis\u00e9r\u0151l! Tal\u00e1lkozunk szeptember 1-j\u00e9n vagy Munderkingenben 9.00 \u00f3rakor, vagy Schw\u00e4bisch Gm\u00fcndben 9.30 \u00f3rakor, vagy pedig\u00a0 Stuttgartban 15.00 \u00f3rakor! \u00a0 \u201eIstenre hittel gondolj, felebar\u00e1todra szeretettel, magadra al\u00e1zatosan.\u201d (Bosco Szent J\u00e1nos)"}

Programelőzetes július 15 és szeptember 1 között - Stuttgarti Katolikusok

<blockquote class="wp-embedded-content" data-secret="kTeb7FveKe"><a href="https://stuttgarti-katolikusok.de/index.php/programelozetes-julius-12-es-szeptember-1-kozott/">Programelőzetes július 15 és szeptember 1 között</a></blockquote><iframe sandbox="allow-scripts" security="restricted" src="https://stuttgarti-katolikusok.de/index.php/programelozetes-julius-12-es-szeptember-1-kozott/embed/#?secret=kTeb7FveKe" width="600" height="338" title="&#8220;Programelőzetes július 15 és szeptember 1 között&#8221; &#8212; Stuttgarti Katolikusok" data-secret="kTeb7FveKe" frameborder="0" marginwidth="0" marginheight="0" scrolling="no" class="wp-embedded-content"></iframe><script type="text/javascript">
/* <![CDATA[ */
/*! This file is auto-generated */
!function(d,l){"use strict";l.querySelector&&d.addEventListener&&"undefined"!=typeof URL&&(d.wp=d.wp||{},d.wp.receiveEmbedMessage||(d.wp.receiveEmbedMessage=function(e){var t=e.data;if((t||t.secret||t.message||t.value)&&!/[^a-zA-Z0-9]/.test(t.secret)){for(var s,r,n,a=l.querySelectorAll('iframe[data-secret="'+t.secret+'"]'),o=l.querySelectorAll('blockquote[data-secret="'+t.secret+'"]'),c=new RegExp("^https?:$","i"),i=0;i<o.length;i++)o[i].style.display="none";for(i=0;i<a.length;i++)s=a[i],e.source===s.contentWindow&&(s.removeAttribute("style"),"height"===t.message?(1e3<(r=parseInt(t.value,10))?r=1e3:~~r<200&&(r=200),s.height=r):"link"===t.message&&(r=new URL(s.getAttribute("src")),n=new URL(t.value),c.test(n.protocol))&&n.host===r.host&&l.activeElement===s&&(d.top.location.href=t.value))}},d.addEventListener("message",d.wp.receiveEmbedMessage,!1),l.addEventListener("DOMContentLoaded",function(){for(var e,t,s=l.querySelectorAll("iframe.wp-embedded-content"),r=0;r<s.length;r++)(t=(e=s[r]).getAttribute("data-secret"))||(t=Math.random().toString(36).substring(2,12),e.src+="#?secret="+t,e.setAttribute("data-secret",t)),e.contentWindow.postMessage({message:"ready",secret:t},"*")},!1)))}(window,document);
//# sourceURL=https://stuttgarti-katolikusok.de/wp-includes/js/wp-embed.min.js
/* ]]> */
</script>

Programelőzetes Az egyházi év I. felének végén köszönet az egyháztanácsosoknak, a legátusoknak, a lelkipásztori kisegítőnek, az áldoztatóknak, a felolvasóknak, az orgonistáknak, a sekrestyéseknek, a ministránsoknak, az ágápésoknak és valamennyi önkéntes segítőnek a sok áldozatért, melyet részegyházközségeinkért hoznak. Isten fizesse meg nekik százszorosan! * Az atyák szabadsága: Tibor atya július hónapban, jómagam augusztusban szabadságolok. Ez alatt az idő alatt forduljatok minden ügyetekben bizalommal a helyi német egyházközség plébánosához. * Minden kedves Hívünknek tartalmas nyarat kívánunk, sok napfénnyel, pihentető programokkal, jó egészséggel és lelki tartalommal! Ne feledkezzenek meg sem otthon sem idegenben a vasárnapi szentmiséről! Találkozunk szeptember 1-jén vagy Munderkingenben 9.00 órakor, vagy Schwäbisch Gmündben 9.30 órakor, vagy pedig  Stuttgartban 15.00 órakor!   „Istenre hittel gondolj, felebarátodra szeretettel, magadra alázatosan.” (Bosco Szent János)
