{"version":"1.0","provider_name":"Stuttgarti Katolikusok","provider_url":"https:\/\/stuttgarti-katolikusok.de","title":"Programel\u0151zetes janu\u00e1r 9 \u00e9s 15 k\u00f6z\u00f6tt - Stuttgarti Katolikusok","type":"rich","width":600,"height":338,"html":"<blockquote class=\"wp-embedded-content\" data-secret=\"JgJ2rAQggi\"><a href=\"https:\/\/stuttgarti-katolikusok.de\/index.php\/programelozetes-januar-9-es-15-kozott\/\">Programel\u0151zetes janu\u00e1r 9 \u00e9s 15 k\u00f6z\u00f6tt<\/a><\/blockquote><iframe sandbox=\"allow-scripts\" security=\"restricted\" src=\"https:\/\/stuttgarti-katolikusok.de\/index.php\/programelozetes-januar-9-es-15-kozott\/embed\/#?secret=JgJ2rAQggi\" width=\"600\" height=\"338\" title=\"&#8220;Programel\u0151zetes janu\u00e1r 9 \u00e9s 15 k\u00f6z\u00f6tt&#8221; &#8212; Stuttgarti Katolikusok\" data-secret=\"JgJ2rAQggi\" frameborder=\"0\" marginwidth=\"0\" marginheight=\"0\" scrolling=\"no\" class=\"wp-embedded-content\"><\/iframe><script type=\"text\/javascript\">\n\/* <![CDATA[ *\/\n\/*! This file is auto-generated *\/\n!function(d,l){\"use strict\";l.querySelector&&d.addEventListener&&\"undefined\"!=typeof URL&&(d.wp=d.wp||{},d.wp.receiveEmbedMessage||(d.wp.receiveEmbedMessage=function(e){var t=e.data;if((t||t.secret||t.message||t.value)&&!\/[^a-zA-Z0-9]\/.test(t.secret)){for(var s,r,n,a=l.querySelectorAll('iframe[data-secret=\"'+t.secret+'\"]'),o=l.querySelectorAll('blockquote[data-secret=\"'+t.secret+'\"]'),c=new RegExp(\"^https?:$\",\"i\"),i=0;i<o.length;i++)o[i].style.display=\"none\";for(i=0;i<a.length;i++)s=a[i],e.source===s.contentWindow&&(s.removeAttribute(\"style\"),\"height\"===t.message?(1e3<(r=parseInt(t.value,10))?r=1e3:~~r<200&&(r=200),s.height=r):\"link\"===t.message&&(r=new URL(s.getAttribute(\"src\")),n=new URL(t.value),c.test(n.protocol))&&n.host===r.host&&l.activeElement===s&&(d.top.location.href=t.value))}},d.addEventListener(\"message\",d.wp.receiveEmbedMessage,!1),l.addEventListener(\"DOMContentLoaded\",function(){for(var e,t,s=l.querySelectorAll(\"iframe.wp-embedded-content\"),r=0;r<s.length;r++)(t=(e=s[r]).getAttribute(\"data-secret\"))||(t=Math.random().toString(36).substring(2,12),e.src+=\"#?secret=\"+t,e.setAttribute(\"data-secret\",t)),e.contentWindow.postMessage({message:\"ready\",secret:t},\"*\")},!1)))}(window,document);\n\/\/# sourceURL=https:\/\/stuttgarti-katolikusok.de\/wp-includes\/js\/wp-embed.min.js\n\/* ]]> *\/\n<\/script>\n","description":"Programel\u0151zetes Janu\u00e1r 12-\u00e9n, cs\u00fct\u00f6rt\u00f6k\u00f6n, Ulmban 17.30 \u00f3rakor r\u00f3zsaf\u00fcz\u00e9r-\u00e1jtatoss\u00e1g, ezt k\u00f6vet\u0151en szentmise. A szentmise v\u00e9gezt\u00e9vel Besz\u00e9lget\u00e9s a Bibli\u00e1r\u00f3l. * Janu\u00e1r 13-\u00e1n, p\u00e9nteken, Stuttgartban\u00a0a\u00a0Bar\u00e1ts\u00e1gklub \u00e9s az\u00a0esti szentmise ELMARAD! 19.00 \u00f3rakor Sportklub. Weingartenben 17.30 \u00f3rakor r\u00f3zsaf\u00fcz\u00e9r-\u00e1jtatoss\u00e1g,18.00 \u00f3rakor szentmise a 14 Nothelfer Kapelle-ben! El\u0151tte gy\u00f3ntat\u00e1s, ut\u00e1na Besz\u00e9lget\u00e9sek a Bibli\u00e1r\u00f3l. * Janu\u00e1r 14-\u00e9n, szombaton, Friedrichshafenben szentmise, majd \u00e1g\u00e1p\u00e9! * Janu\u00e1r 15-\u00e1n, vas\u00e1rnap, 9.30 \u00f3rakor Ludwigsburgban szentmise, ut\u00e1na \u00e1g\u00e1p\u00e9. 12.00 \u00f3rakor Stuttgartban szentmise. Ut\u00e1na els\u0151\u00e1ldoz\u00f3k felk\u00e9sz\u00edt\u00e9se. * Minden helyen mindenkit szeretettel v\u00e1r a k\u00f6z\u00f6ss\u00e9g, Imre atya \u00e9s Tibor atya! \u201eA h\u00e9tk\u00f6znapi dolgok l\u00e1tsz\u00f3lag semmis\u00e9gek, de egyed\u00fcl \u0151k k\u00e9pesek b\u00e9k\u00e9t teremteni sz\u00edv\u00fcnkben.\u201d (Georges Bernanos \u2013 1888-1948 \u2013 francia katolikus \u00edr\u00f3) \u00c1ld\u00e1sos, b\u00e9k\u00e9s, boldog \u00faj \u00e9vet, sz\u00e9p napokat, j\u00f3 munk\u00e1t, tartalmas besz\u00e9lget\u00e9seket \u00e9s kellemes tal\u00e1lkoz\u00e1sokat k\u00edv\u00e1nunk minden kedves H\u00edv\u00fcnknek!"}

Programelőzetes január 9 és 15 között - Stuttgarti Katolikusok

<blockquote class="wp-embedded-content" data-secret="JgJ2rAQggi"><a href="https://stuttgarti-katolikusok.de/index.php/programelozetes-januar-9-es-15-kozott/">Programelőzetes január 9 és 15 között</a></blockquote><iframe sandbox="allow-scripts" security="restricted" src="https://stuttgarti-katolikusok.de/index.php/programelozetes-januar-9-es-15-kozott/embed/#?secret=JgJ2rAQggi" width="600" height="338" title="&#8220;Programelőzetes január 9 és 15 között&#8221; &#8212; Stuttgarti Katolikusok" data-secret="JgJ2rAQggi" frameborder="0" marginwidth="0" marginheight="0" scrolling="no" class="wp-embedded-content"></iframe><script type="text/javascript">
/* <![CDATA[ */
/*! This file is auto-generated */
!function(d,l){"use strict";l.querySelector&&d.addEventListener&&"undefined"!=typeof URL&&(d.wp=d.wp||{},d.wp.receiveEmbedMessage||(d.wp.receiveEmbedMessage=function(e){var t=e.data;if((t||t.secret||t.message||t.value)&&!/[^a-zA-Z0-9]/.test(t.secret)){for(var s,r,n,a=l.querySelectorAll('iframe[data-secret="'+t.secret+'"]'),o=l.querySelectorAll('blockquote[data-secret="'+t.secret+'"]'),c=new RegExp("^https?:$","i"),i=0;i<o.length;i++)o[i].style.display="none";for(i=0;i<a.length;i++)s=a[i],e.source===s.contentWindow&&(s.removeAttribute("style"),"height"===t.message?(1e3<(r=parseInt(t.value,10))?r=1e3:~~r<200&&(r=200),s.height=r):"link"===t.message&&(r=new URL(s.getAttribute("src")),n=new URL(t.value),c.test(n.protocol))&&n.host===r.host&&l.activeElement===s&&(d.top.location.href=t.value))}},d.addEventListener("message",d.wp.receiveEmbedMessage,!1),l.addEventListener("DOMContentLoaded",function(){for(var e,t,s=l.querySelectorAll("iframe.wp-embedded-content"),r=0;r<s.length;r++)(t=(e=s[r]).getAttribute("data-secret"))||(t=Math.random().toString(36).substring(2,12),e.src+="#?secret="+t,e.setAttribute("data-secret",t)),e.contentWindow.postMessage({message:"ready",secret:t},"*")},!1)))}(window,document);
//# sourceURL=https://stuttgarti-katolikusok.de/wp-includes/js/wp-embed.min.js
/* ]]> */
</script>

Programelőzetes Január 12-én, csütörtökön, Ulmban 17.30 órakor rózsafüzér-ájtatosság, ezt követően szentmise. A szentmise végeztével Beszélgetés a Bibliáról. * Január 13-án, pénteken, Stuttgartban a Barátságklub és az esti szentmise ELMARAD! 19.00 órakor Sportklub. Weingartenben 17.30 órakor rózsafüzér-ájtatosság,18.00 órakor szentmise a 14 Nothelfer Kapelle-ben! Előtte gyóntatás, utána Beszélgetések a Bibliáról. * Január 14-én, szombaton, Friedrichshafenben szentmise, majd ágápé! * Január 15-án, vasárnap, 9.30 órakor Ludwigsburgban szentmise, utána ágápé. 12.00 órakor Stuttgartban szentmise. Utána elsőáldozók felkészítése. * Minden helyen mindenkit szeretettel vár a közösség, Imre atya és Tibor atya! „A hétköznapi dolgok látszólag semmiségek, de egyedül ők képesek békét teremteni szívünkben.” (Georges Bernanos – 1888-1948 – francia katolikus író) Áldásos, békés, boldog új évet, szép napokat, jó munkát, tartalmas beszélgetéseket és kellemes találkozásokat kívánunk minden kedves Hívünknek!
