{"version":"1.0","provider_name":"Stuttgarti Katolikusok","provider_url":"https:\/\/stuttgarti-katolikusok.de","title":"Programel\u0151zetes janu\u00e1r 7 \u00e9s 13 k\u00f6z\u00f6tt - Stuttgarti Katolikusok","type":"rich","width":600,"height":338,"html":"<blockquote class=\"wp-embedded-content\" data-secret=\"1w2MqfjNLT\"><a href=\"https:\/\/stuttgarti-katolikusok.de\/index.php\/programelozetes-januar-7-es-13-kozott\/\">Programel\u0151zetes janu\u00e1r 7 \u00e9s 13 k\u00f6z\u00f6tt<\/a><\/blockquote><iframe sandbox=\"allow-scripts\" security=\"restricted\" src=\"https:\/\/stuttgarti-katolikusok.de\/index.php\/programelozetes-januar-7-es-13-kozott\/embed\/#?secret=1w2MqfjNLT\" width=\"600\" height=\"338\" title=\"&#8220;Programel\u0151zetes janu\u00e1r 7 \u00e9s 13 k\u00f6z\u00f6tt&#8221; &#8212; Stuttgarti Katolikusok\" data-secret=\"1w2MqfjNLT\" frameborder=\"0\" marginwidth=\"0\" marginheight=\"0\" scrolling=\"no\" class=\"wp-embedded-content\"><\/iframe><script type=\"text\/javascript\">\n\/* <![CDATA[ *\/\n\/*! This file is auto-generated *\/\n!function(d,l){\"use strict\";l.querySelector&&d.addEventListener&&\"undefined\"!=typeof URL&&(d.wp=d.wp||{},d.wp.receiveEmbedMessage||(d.wp.receiveEmbedMessage=function(e){var t=e.data;if((t||t.secret||t.message||t.value)&&!\/[^a-zA-Z0-9]\/.test(t.secret)){for(var s,r,n,a=l.querySelectorAll('iframe[data-secret=\"'+t.secret+'\"]'),o=l.querySelectorAll('blockquote[data-secret=\"'+t.secret+'\"]'),c=new RegExp(\"^https?:$\",\"i\"),i=0;i<o.length;i++)o[i].style.display=\"none\";for(i=0;i<a.length;i++)s=a[i],e.source===s.contentWindow&&(s.removeAttribute(\"style\"),\"height\"===t.message?(1e3<(r=parseInt(t.value,10))?r=1e3:~~r<200&&(r=200),s.height=r):\"link\"===t.message&&(r=new URL(s.getAttribute(\"src\")),n=new URL(t.value),c.test(n.protocol))&&n.host===r.host&&l.activeElement===s&&(d.top.location.href=t.value))}},d.addEventListener(\"message\",d.wp.receiveEmbedMessage,!1),l.addEventListener(\"DOMContentLoaded\",function(){for(var e,t,s=l.querySelectorAll(\"iframe.wp-embedded-content\"),r=0;r<s.length;r++)(t=(e=s[r]).getAttribute(\"data-secret\"))||(t=Math.random().toString(36).substring(2,12),e.src+=\"#?secret=\"+t,e.setAttribute(\"data-secret\",t)),e.contentWindow.postMessage({message:\"ready\",secret:t},\"*\")},!1)))}(window,document);\n\/\/# sourceURL=https:\/\/stuttgarti-katolikusok.de\/wp-includes\/js\/wp-embed.min.js\n\/* ]]> *\/\n<\/script>\n","description":"Programel\u0151zetes Janu\u00e1r 9-\u00e9n, szerd\u00e1n, \u00a0\u00a0\u00a0\u00a0\u00a0\u00a0\u00a0\u00a0\u00a0\u00a0\u00a0 Stuttgartban 10.15 \u00f3rakor n\u00e9metnyelv\u0171 szentmise. * Janu\u00e1r 10-\u00e9n, cs\u00fct\u00f6rt\u00f6k\u00f6n, \u00a0\u00a0\u00a0\u00a0\u00a0\u00a0\u00a0\u00a0\u00a0\u00a0\u00a0 Ulmi d\u00e9lut\u00e1n, 17.30 \u00f3rakor r\u00f3zsaf\u00fcz\u00e9r im\u00e1ds\u00e1g, ut\u00e1na szentmise. * Janu\u00e1r 11-\u00e9n, p\u00e9nteken, \u00a0\u00a0\u00a0\u00a0\u00a0\u00a0\u00a0\u00a0\u00a0\u00a0\u00a0 Stuttgartban 16.00 \u00f3rakor Bar\u00e1ts\u00e1gklub. 18.00 \u00f3rakor szentmise, keret\u00e9ben Besz\u00e9lget\u00e9sek a katekizmusr\u00f3l. Ut\u00e1na Sportklub. \u00a0\u00a0\u00a0\u00a0\u00a0\u00a0\u00a0\u00a0\u00a0\u00a0\u00a0 Weingarteni d\u00e9lut\u00e1n a 14 Nothelfer Kapelle-ben 17.30 \u00f3rakor r\u00f3zsaf\u00fcz\u00e9r-\u00e1jtatoss\u00e1g, ut\u00e1na \u00a0szentmise. * Janu\u00e1r 12-\u00e9n, szombaton, \u00a0 \u00a0 \u00a0 \u00a0 \u00a0 \u00a0Friedrichshafenben 17.00 \u00f3rakor szentmise. Ut\u00e1na \u00e1g\u00e1p\u00e9. * Janu\u00e1r 13-\u00e1n, Urunk megkeresztelked\u00e9s\u00e9nek \u00fcnnep\u00e9n, \u00a0 \u00a0 \u00a0 \u00a0 \u00a0 \u00a0Weingartenben a 14 Nothelfer Kapelle-ben 10.00 \u00f3rakor szentmise, ut\u00e1na \u00e1g\u00e1p\u00e9. \u00a0 \u00a0 \u00a0 \u00a0 \u00a0 \u00a0Ulmban 15.00 \u00f3rakor \u00f6kumenikus istentisztelet, ut\u00e1na \u00e1g\u00e1p\u00e9. * Minden helyen mindenkit szeretettel v\u00e1r a k\u00f6z\u00f6ss\u00e9g Tibor atya \u00e9s Imre atya! \u201eIsten nem hal meg azon a napon, amikor t\u00f6bb\u00e9 m\u00e1r nem hisz\u00fcnk egy szem\u00e9lyes Istenben, de mi meghalunk akkor, amikor az \u00e9let\u00fcnket m\u00e1r nem ragyogja be a csod\u00e1lkoz\u00e1snak az a naponta meg\u00fajul\u00f3, \u00e1lland\u00f3 sug\u00e1rz\u00e1sa, amelynek a forr\u00e1sa minden \u00e9rtelmen t\u00fal van.\u201d (Dag Hammarskj\u00f6ld \u2013 1905-1960 \u2013 sv\u00e9d politikus) B\u00e9k\u00e9s, boldog, \u00f6r\u00f6mteli \u00faj esztend\u0151t k\u00edv\u00e1nunk minden Kedves H\u00edv\u00fcnknek!"}

Programelőzetes január 7 és 13 között - Stuttgarti Katolikusok

<blockquote class="wp-embedded-content" data-secret="1w2MqfjNLT"><a href="https://stuttgarti-katolikusok.de/index.php/programelozetes-januar-7-es-13-kozott/">Programelőzetes január 7 és 13 között</a></blockquote><iframe sandbox="allow-scripts" security="restricted" src="https://stuttgarti-katolikusok.de/index.php/programelozetes-januar-7-es-13-kozott/embed/#?secret=1w2MqfjNLT" width="600" height="338" title="&#8220;Programelőzetes január 7 és 13 között&#8221; &#8212; Stuttgarti Katolikusok" data-secret="1w2MqfjNLT" frameborder="0" marginwidth="0" marginheight="0" scrolling="no" class="wp-embedded-content"></iframe><script type="text/javascript">
/* <![CDATA[ */
/*! This file is auto-generated */
!function(d,l){"use strict";l.querySelector&&d.addEventListener&&"undefined"!=typeof URL&&(d.wp=d.wp||{},d.wp.receiveEmbedMessage||(d.wp.receiveEmbedMessage=function(e){var t=e.data;if((t||t.secret||t.message||t.value)&&!/[^a-zA-Z0-9]/.test(t.secret)){for(var s,r,n,a=l.querySelectorAll('iframe[data-secret="'+t.secret+'"]'),o=l.querySelectorAll('blockquote[data-secret="'+t.secret+'"]'),c=new RegExp("^https?:$","i"),i=0;i<o.length;i++)o[i].style.display="none";for(i=0;i<a.length;i++)s=a[i],e.source===s.contentWindow&&(s.removeAttribute("style"),"height"===t.message?(1e3<(r=parseInt(t.value,10))?r=1e3:~~r<200&&(r=200),s.height=r):"link"===t.message&&(r=new URL(s.getAttribute("src")),n=new URL(t.value),c.test(n.protocol))&&n.host===r.host&&l.activeElement===s&&(d.top.location.href=t.value))}},d.addEventListener("message",d.wp.receiveEmbedMessage,!1),l.addEventListener("DOMContentLoaded",function(){for(var e,t,s=l.querySelectorAll("iframe.wp-embedded-content"),r=0;r<s.length;r++)(t=(e=s[r]).getAttribute("data-secret"))||(t=Math.random().toString(36).substring(2,12),e.src+="#?secret="+t,e.setAttribute("data-secret",t)),e.contentWindow.postMessage({message:"ready",secret:t},"*")},!1)))}(window,document);
//# sourceURL=https://stuttgarti-katolikusok.de/wp-includes/js/wp-embed.min.js
/* ]]> */
</script>

Programelőzetes Január 9-én, szerdán,             Stuttgartban 10.15 órakor németnyelvű szentmise. * Január 10-én, csütörtökön,             Ulmi délután, 17.30 órakor rózsafüzér imádság, utána szentmise. * Január 11-én, pénteken,             Stuttgartban 16.00 órakor Barátságklub. 18.00 órakor szentmise, keretében Beszélgetések a katekizmusról. Utána Sportklub.             Weingarteni délután a 14 Nothelfer Kapelle-ben 17.30 órakor rózsafüzér-ájtatosság, utána  szentmise. * Január 12-én, szombaton,            Friedrichshafenben 17.00 órakor szentmise. Utána ágápé. * Január 13-án, Urunk megkeresztelkedésének ünnepén,            Weingartenben a 14 Nothelfer Kapelle-ben 10.00 órakor szentmise, utána ágápé.            Ulmban 15.00 órakor ökumenikus istentisztelet, utána ágápé. * Minden helyen mindenkit szeretettel vár a közösség Tibor atya és Imre atya! „Isten nem hal meg azon a napon, amikor többé már nem hiszünk egy személyes Istenben, de mi meghalunk akkor, amikor az életünket már nem ragyogja be a csodálkozásnak az a naponta megújuló, állandó sugárzása, amelynek a forrása minden értelmen túl van.” (Dag Hammarskjöld – 1905-1960 – svéd politikus) Békés, boldog, örömteli új esztendőt kívánunk minden Kedves Hívünknek!
