{"version":"1.0","provider_name":"Stuttgarti Katolikusok","provider_url":"https:\/\/stuttgarti-katolikusok.de","title":"Programel\u0151zetes janu\u00e1r 27 \u00e9s febru\u00e1r 1 k\u00f6z\u00f6tt - Stuttgarti Katolikusok","type":"rich","width":600,"height":338,"html":"<blockquote class=\"wp-embedded-content\" data-secret=\"xrPrEJIHlP\"><a href=\"https:\/\/stuttgarti-katolikusok.de\/index.php\/programelozetes-januar-27-es-februar-1-kozott\/\">Programel\u0151zetes janu\u00e1r 27 \u00e9s febru\u00e1r 1 k\u00f6z\u00f6tt<\/a><\/blockquote><iframe sandbox=\"allow-scripts\" security=\"restricted\" src=\"https:\/\/stuttgarti-katolikusok.de\/index.php\/programelozetes-januar-27-es-februar-1-kozott\/embed\/#?secret=xrPrEJIHlP\" width=\"600\" height=\"338\" title=\"&#8220;Programel\u0151zetes janu\u00e1r 27 \u00e9s febru\u00e1r 1 k\u00f6z\u00f6tt&#8221; &#8212; Stuttgarti Katolikusok\" data-secret=\"xrPrEJIHlP\" frameborder=\"0\" marginwidth=\"0\" marginheight=\"0\" scrolling=\"no\" class=\"wp-embedded-content\"><\/iframe><script type=\"text\/javascript\">\n\/* <![CDATA[ *\/\n\/*! This file is auto-generated *\/\n!function(d,l){\"use strict\";l.querySelector&&d.addEventListener&&\"undefined\"!=typeof URL&&(d.wp=d.wp||{},d.wp.receiveEmbedMessage||(d.wp.receiveEmbedMessage=function(e){var t=e.data;if((t||t.secret||t.message||t.value)&&!\/[^a-zA-Z0-9]\/.test(t.secret)){for(var s,r,n,a=l.querySelectorAll('iframe[data-secret=\"'+t.secret+'\"]'),o=l.querySelectorAll('blockquote[data-secret=\"'+t.secret+'\"]'),c=new RegExp(\"^https?:$\",\"i\"),i=0;i<o.length;i++)o[i].style.display=\"none\";for(i=0;i<a.length;i++)s=a[i],e.source===s.contentWindow&&(s.removeAttribute(\"style\"),\"height\"===t.message?(1e3<(r=parseInt(t.value,10))?r=1e3:~~r<200&&(r=200),s.height=r):\"link\"===t.message&&(r=new URL(s.getAttribute(\"src\")),n=new URL(t.value),c.test(n.protocol))&&n.host===r.host&&l.activeElement===s&&(d.top.location.href=t.value))}},d.addEventListener(\"message\",d.wp.receiveEmbedMessage,!1),l.addEventListener(\"DOMContentLoaded\",function(){for(var e,t,s=l.querySelectorAll(\"iframe.wp-embedded-content\"),r=0;r<s.length;r++)(t=(e=s[r]).getAttribute(\"data-secret\"))||(t=Math.random().toString(36).substring(2,12),e.src+=\"#?secret=\"+t,e.setAttribute(\"data-secret\",t)),e.contentWindow.postMessage({message:\"ready\",secret:t},\"*\")},!1)))}(window,document);\n\/\/# sourceURL=https:\/\/stuttgarti-katolikusok.de\/wp-includes\/js\/wp-embed.min.js\n\/* ]]> *\/\n<\/script>\n","description":"Programel\u0151zetes Janu\u00e1r 30-\u00e1n, cs\u00fct\u00f6rt\u00f6k\u00f6n, Ulmi d\u00e9lut\u00e1n, 17.30 \u00f3rakor r\u00f3zsaf\u00fcz\u00e9r im\u00e1ds\u00e1g, ut\u00e1na szentmise. Besz\u00e9lget\u00e9sek a Katekizmusr\u00f3l. * Janu\u00e1r 31-\u00e9n, p\u00e9nteken, Stuttgartban 16.00 \u00f3rakor Bar\u00e1ts\u00e1gklub. Az esti szentmise ELMARAD! Weingartenben, a 14 Nothelfer Kapelle-ben Weingarteni d\u00e9lut\u00e1n, 17.30 \u00f3rakor r\u00f3zsaf\u00fcz\u00e9r im\u00e1ds\u00e1g, ut\u00e1na szentmise. Besz\u00e9lget\u00e9sek a Katekizmusr\u00f3l. * Febru\u00e1r 1-j\u00e9n, szombaton, Balingenben Magyar Boldog P\u00e1l \u00fcnnepe, templomb\u00facs\u00fa. 17.00 \u00f3rakor szentmise, ut\u00e1na \u00e1g\u00e1p\u00e9. * Febru\u00e1r 2-\u00e1n, \u00e9vk\u00f6zi 4. vas\u00e1rnap, Gyertyaszentel\u0151 Boldogasszony \u00fcnnep\u00e9n, Munderkingenben 9.00 \u00f3rakor szentmise. Schw\u00e4bisch-Gm\u00fcndben 9.30 \u00f3rakor szentmise. Ut\u00e1na \u00e1g\u00e1p\u00e9. Stuttgartban 15.00 \u00f3rakor szentmise. Alatta gyermek-mise az altemplomban. V\u00e9g\u00fcl az \u00e1g\u00e1p\u00e9 keret\u00e9ben Imre atya mutatja be leg\u00fajabb k\u00f6nyv\u00e9t: B\u00f6rt\u00f6nvil\u00e1g a kommunista Rom\u00e1ni\u00e1ban c\u00edmmel. * Minden helyen mindenkit szeretettel v\u00e1r a k\u00f6z\u00f6ss\u00e9g, Imre atya \u00e9s Tibor atya! \u201eAmikor igent mondasz m\u00e1soknak, gy\u0151z\u0151dj meg r\u00f3la, hogy nem mondasz-e nemet magadnak.\u201d (Paulo Coelho \u2013 sz. 1947 \u2013 brazil \u00edr\u00f3) &nbsp; Kellemes napokat, j\u00f3 munk\u00e1t, tartalmas besz\u00e9lget\u00e9seket \u00e9s \u00f6r\u00f6mteli tal\u00e1lkoz\u00e1sokat k\u00edv\u00e1nunk minden Kedves H\u00edv\u00fcnknek!"}

Programelőzetes január 27 és február 1 között - Stuttgarti Katolikusok

<blockquote class="wp-embedded-content" data-secret="xrPrEJIHlP"><a href="https://stuttgarti-katolikusok.de/index.php/programelozetes-januar-27-es-februar-1-kozott/">Programelőzetes január 27 és február 1 között</a></blockquote><iframe sandbox="allow-scripts" security="restricted" src="https://stuttgarti-katolikusok.de/index.php/programelozetes-januar-27-es-februar-1-kozott/embed/#?secret=xrPrEJIHlP" width="600" height="338" title="&#8220;Programelőzetes január 27 és február 1 között&#8221; &#8212; Stuttgarti Katolikusok" data-secret="xrPrEJIHlP" frameborder="0" marginwidth="0" marginheight="0" scrolling="no" class="wp-embedded-content"></iframe><script type="text/javascript">
/* <![CDATA[ */
/*! This file is auto-generated */
!function(d,l){"use strict";l.querySelector&&d.addEventListener&&"undefined"!=typeof URL&&(d.wp=d.wp||{},d.wp.receiveEmbedMessage||(d.wp.receiveEmbedMessage=function(e){var t=e.data;if((t||t.secret||t.message||t.value)&&!/[^a-zA-Z0-9]/.test(t.secret)){for(var s,r,n,a=l.querySelectorAll('iframe[data-secret="'+t.secret+'"]'),o=l.querySelectorAll('blockquote[data-secret="'+t.secret+'"]'),c=new RegExp("^https?:$","i"),i=0;i<o.length;i++)o[i].style.display="none";for(i=0;i<a.length;i++)s=a[i],e.source===s.contentWindow&&(s.removeAttribute("style"),"height"===t.message?(1e3<(r=parseInt(t.value,10))?r=1e3:~~r<200&&(r=200),s.height=r):"link"===t.message&&(r=new URL(s.getAttribute("src")),n=new URL(t.value),c.test(n.protocol))&&n.host===r.host&&l.activeElement===s&&(d.top.location.href=t.value))}},d.addEventListener("message",d.wp.receiveEmbedMessage,!1),l.addEventListener("DOMContentLoaded",function(){for(var e,t,s=l.querySelectorAll("iframe.wp-embedded-content"),r=0;r<s.length;r++)(t=(e=s[r]).getAttribute("data-secret"))||(t=Math.random().toString(36).substring(2,12),e.src+="#?secret="+t,e.setAttribute("data-secret",t)),e.contentWindow.postMessage({message:"ready",secret:t},"*")},!1)))}(window,document);
//# sourceURL=https://stuttgarti-katolikusok.de/wp-includes/js/wp-embed.min.js
/* ]]> */
</script>

Programelőzetes Január 30-án, csütörtökön, Ulmi délután, 17.30 órakor rózsafüzér imádság, utána szentmise. Beszélgetések a Katekizmusról. * Január 31-én, pénteken, Stuttgartban 16.00 órakor Barátságklub. Az esti szentmise ELMARAD! Weingartenben, a 14 Nothelfer Kapelle-ben Weingarteni délután, 17.30 órakor rózsafüzér imádság, utána szentmise. Beszélgetések a Katekizmusról. * Február 1-jén, szombaton, Balingenben Magyar Boldog Pál ünnepe, templombúcsú. 17.00 órakor szentmise, utána ágápé. * Február 2-án, évközi 4. vasárnap, Gyertyaszentelő Boldogasszony ünnepén, Munderkingenben 9.00 órakor szentmise. Schwäbisch-Gmündben 9.30 órakor szentmise. Utána ágápé. Stuttgartban 15.00 órakor szentmise. Alatta gyermek-mise az altemplomban. Végül az ágápé keretében Imre atya mutatja be legújabb könyvét: Börtönvilág a kommunista Romániában címmel. * Minden helyen mindenkit szeretettel vár a közösség, Imre atya és Tibor atya! „Amikor igent mondasz másoknak, győződj meg róla, hogy nem mondasz-e nemet magadnak.” (Paulo Coelho – sz. 1947 – brazil író) &nbsp; Kellemes napokat, jó munkát, tartalmas beszélgetéseket és örömteli találkozásokat kívánunk minden Kedves Hívünknek!
