{"version":"1.0","provider_name":"Stuttgarti Katolikusok","provider_url":"https:\/\/stuttgarti-katolikusok.de","title":"Programel\u0151zetes janu\u00e1r 23 \u00e9s febru\u00e1r 5 k\u00f6z\u00f6tt - Stuttgarti Katolikusok","type":"rich","width":600,"height":338,"html":"<blockquote class=\"wp-embedded-content\" data-secret=\"GnyTp9tuop\"><a href=\"https:\/\/stuttgarti-katolikusok.de\/index.php\/programelozetes-januar-23-es-februar-5-kozott\/\">Programel\u0151zetes janu\u00e1r 23 \u00e9s febru\u00e1r 5 k\u00f6z\u00f6tt<\/a><\/blockquote><iframe sandbox=\"allow-scripts\" security=\"restricted\" src=\"https:\/\/stuttgarti-katolikusok.de\/index.php\/programelozetes-januar-23-es-februar-5-kozott\/embed\/#?secret=GnyTp9tuop\" width=\"600\" height=\"338\" title=\"&#8220;Programel\u0151zetes janu\u00e1r 23 \u00e9s febru\u00e1r 5 k\u00f6z\u00f6tt&#8221; &#8212; Stuttgarti Katolikusok\" data-secret=\"GnyTp9tuop\" frameborder=\"0\" marginwidth=\"0\" marginheight=\"0\" scrolling=\"no\" class=\"wp-embedded-content\"><\/iframe><script type=\"text\/javascript\">\n\/* <![CDATA[ *\/\n\/*! This file is auto-generated *\/\n!function(d,l){\"use strict\";l.querySelector&&d.addEventListener&&\"undefined\"!=typeof URL&&(d.wp=d.wp||{},d.wp.receiveEmbedMessage||(d.wp.receiveEmbedMessage=function(e){var t=e.data;if((t||t.secret||t.message||t.value)&&!\/[^a-zA-Z0-9]\/.test(t.secret)){for(var s,r,n,a=l.querySelectorAll('iframe[data-secret=\"'+t.secret+'\"]'),o=l.querySelectorAll('blockquote[data-secret=\"'+t.secret+'\"]'),c=new RegExp(\"^https?:$\",\"i\"),i=0;i<o.length;i++)o[i].style.display=\"none\";for(i=0;i<a.length;i++)s=a[i],e.source===s.contentWindow&&(s.removeAttribute(\"style\"),\"height\"===t.message?(1e3<(r=parseInt(t.value,10))?r=1e3:~~r<200&&(r=200),s.height=r):\"link\"===t.message&&(r=new URL(s.getAttribute(\"src\")),n=new URL(t.value),c.test(n.protocol))&&n.host===r.host&&l.activeElement===s&&(d.top.location.href=t.value))}},d.addEventListener(\"message\",d.wp.receiveEmbedMessage,!1),l.addEventListener(\"DOMContentLoaded\",function(){for(var e,t,s=l.querySelectorAll(\"iframe.wp-embedded-content\"),r=0;r<s.length;r++)(t=(e=s[r]).getAttribute(\"data-secret\"))||(t=Math.random().toString(36).substring(2,12),e.src+=\"#?secret=\"+t,e.setAttribute(\"data-secret\",t)),e.contentWindow.postMessage({message:\"ready\",secret:t},\"*\")},!1)))}(window,document);\n\/\/# sourceURL=https:\/\/stuttgarti-katolikusok.de\/wp-includes\/js\/wp-embed.min.js\n\/* ]]> *\/\n<\/script>\n","thumbnail_url":"https:\/\/stuttgarti-katolikusok.de\/wp-content\/uploads\/2017\/01\/hit_remeny_szeretet_327730_30071_n.jpg","thumbnail_width":355,"thumbnail_height":351,"description":"Programel\u0151zetes Janu\u00e1r 26-\u00e1n, cs\u00fct\u00f6rt\u00f6k\u00f6n este 17.30 \u00f3r\u00e1t\u00f3l Ulmban szentmise, majd ut\u00e1na Besz\u00e9lget\u00e9sek a Szent\u00edr\u00e1sr\u00f3l. * Janu\u00e1r 27-\u00e9n, p\u00e9nteken, Stuttgartban 16.00 \u00f3rakor Bar\u00e1ts\u00e1gklub. 17.55 \u00f3rakor r\u00f3zsaf\u00fcz\u00e9r \u00e1jtatoss\u00e1g. Ut\u00e1na szentmise. Keret\u00e9ben P\u00e9nteki Egyetem, azaz Besz\u00e9lget\u00e9sek a Katekizmusr\u00f3l. Majd Sportklub \u00e9s K\u00f3rus. Weingartenben 17.30 \u00f3rakor r\u00f3zsaf\u00fcz\u00e9r \u00e1jtatoss\u00e1g \u00e9s gy\u00f3ntat\u00e1s, 18.00 \u00f3rakor szentmise, majd Besz\u00e9lget\u00e9sek a Szent\u00edr\u00e1sr\u00f3l. * Janu\u00e1r 28-\u00e1n, szombaton, Fellbachban, 18.00 \u00f3rakor a Schwabenlandhalle-ban (Tainer Str. 7), 42. Stuttgarti Magyar J\u00f3t\u00e9konys\u00e1gi B\u00e1l. * Janu\u00e1r 29-\u00e9n, vas\u00e1rnap 10.00 \u00f3rakor Stuttgartban, a Herz-Jesu-templomban (Schurwald Str. 4) \u00a0n\u00e9met-magyar nyelv\u0171 szentmise. Ut\u00e1na \u00e1ll\u00f3fogad\u00e1s. 15.00 \u00f3rakor Tuttlingenben szentmise, majd ut\u00e1na \u00e1g\u00e1p\u00e9. * Febru\u00e1r 2-\u00e1n, cs\u00fct\u00f6rt\u00f6k\u00f6n, Ulmban a szentmise ELMARAD. * Febru\u00e1r 3-\u00e1n, p\u00e9nteken, Stuttgartban 16.00 \u00f3rakor Bar\u00e1ts\u00e1gklub.\u00a0 17.50 \u00f3rakor r\u00f3zsaf\u00fcz\u00e9r, majd szentmise. Keret\u00e9ben gyertyaszentel\u00e9s \u00e9s bal\u00e1zs\u00e1ld\u00e1s. Weingartenben 18.00 \u00f3rakor szentmise a 14 Nothelfer-Kapelle-ben. Keret\u00e9ben gyertyaszentel\u00e9s \u00e9s bal\u00e1zs\u00e1ld\u00e1s. El\u0151tte gy\u00f3ntat\u00e1s, ut\u00e1na Besz\u00e9lget\u00e9sek a Bibli\u00e1r\u00f3l. * Febru\u00e1r 4-\u00e9n, szombaton, Balingenben templomb\u00facs\u00fa: Magyar Boldog P\u00e1l \u00fcnnepe. 17.00 \u00f3rakor szentmise. El\u0151tte gy\u00f3ntat\u00e1s, ut\u00e1na \u00e1g\u00e1p\u00e9. K\u00e9rj\u00fck a k\u00f6rny\u00e9ken lak\u00f3 H\u00edveinket, hogy \u0151k is l\u00e1togassanak el Balingenbe! Febru\u00e1r 4-\u00e9n Weingartenben 18.00 \u00f3rakor a k\u00f6z\u00f6ss\u00e9g Farsangi B\u00e1lja lesz a St. Martin K\u00f6z\u00f6ss\u00e9gi H\u00e1zban. Szeretettel h\u00edvunk \u00e9s v\u00e1runk! * Febru\u00e1r 5-\u00e9n, vas\u00e1rnap, 9.00 \u00f3rakor Munderkingenben \u00a0szentmise. El\u0151tte gy\u00f3ntat\u00e1s. 9.30 \u00f3rakor Schw\u00e4bisch-Gm\u00fcndben szentmise. Ut\u00e1na \u00e1g\u00e1p\u00e9. 15.00 \u00f3rakor Stuttgartban Zar\u00e1ndokok szentmis\u00e9je. Ut\u00e1na \u00e1g\u00e1p\u00e9, keret\u00e9ben Zar\u00e1ndokok Tal\u00e1lkoz\u00f3ja. A Kisk\u00f6nyvt\u00e1rban pedig els\u0151\u00e1ldoz\u00f3k el\u0151k\u00e9sz\u00edt\u0151je. Minden helyen mindenkit szeretettel v\u00e1r a k\u00f6z\u00f6ss\u00e9g, Imre atya \u00e9s Tibor atya! \u201eA fiatalok nem is gondolj\u00e1k, hogy azt a hitet, amit most eldobnak, milyen neh\u00e9z lesz k\u00e9s\u0151bben \u00fajra megtal\u00e1lni, amikor olyan nagy sz\u00fcks\u00e9g lenne r\u00e1.\u201d (Paul Claudel \u2013 1868-1955 \u2013 francia \u00edr\u00f3) Bens\u0151s\u00e9ges napokat, j\u00f3 munk\u00e1t, tartalmas besz\u00e9lget\u00e9seket \u00e9s kellemes tal\u00e1lkoz\u00e1sokat k\u00edv\u00e1nunk minden kedves H\u00edv\u00fcnknek!"}

Programelőzetes január 23 és február 5 között - Stuttgarti Katolikusok

<blockquote class="wp-embedded-content" data-secret="GnyTp9tuop"><a href="https://stuttgarti-katolikusok.de/index.php/programelozetes-januar-23-es-februar-5-kozott/">Programelőzetes január 23 és február 5 között</a></blockquote><iframe sandbox="allow-scripts" security="restricted" src="https://stuttgarti-katolikusok.de/index.php/programelozetes-januar-23-es-februar-5-kozott/embed/#?secret=GnyTp9tuop" width="600" height="338" title="&#8220;Programelőzetes január 23 és február 5 között&#8221; &#8212; Stuttgarti Katolikusok" data-secret="GnyTp9tuop" frameborder="0" marginwidth="0" marginheight="0" scrolling="no" class="wp-embedded-content"></iframe><script type="text/javascript">
/* <![CDATA[ */
/*! This file is auto-generated */
!function(d,l){"use strict";l.querySelector&&d.addEventListener&&"undefined"!=typeof URL&&(d.wp=d.wp||{},d.wp.receiveEmbedMessage||(d.wp.receiveEmbedMessage=function(e){var t=e.data;if((t||t.secret||t.message||t.value)&&!/[^a-zA-Z0-9]/.test(t.secret)){for(var s,r,n,a=l.querySelectorAll('iframe[data-secret="'+t.secret+'"]'),o=l.querySelectorAll('blockquote[data-secret="'+t.secret+'"]'),c=new RegExp("^https?:$","i"),i=0;i<o.length;i++)o[i].style.display="none";for(i=0;i<a.length;i++)s=a[i],e.source===s.contentWindow&&(s.removeAttribute("style"),"height"===t.message?(1e3<(r=parseInt(t.value,10))?r=1e3:~~r<200&&(r=200),s.height=r):"link"===t.message&&(r=new URL(s.getAttribute("src")),n=new URL(t.value),c.test(n.protocol))&&n.host===r.host&&l.activeElement===s&&(d.top.location.href=t.value))}},d.addEventListener("message",d.wp.receiveEmbedMessage,!1),l.addEventListener("DOMContentLoaded",function(){for(var e,t,s=l.querySelectorAll("iframe.wp-embedded-content"),r=0;r<s.length;r++)(t=(e=s[r]).getAttribute("data-secret"))||(t=Math.random().toString(36).substring(2,12),e.src+="#?secret="+t,e.setAttribute("data-secret",t)),e.contentWindow.postMessage({message:"ready",secret:t},"*")},!1)))}(window,document);
//# sourceURL=https://stuttgarti-katolikusok.de/wp-includes/js/wp-embed.min.js
/* ]]> */
</script>

Programelőzetes Január 26-án, csütörtökön este 17.30 órától Ulmban szentmise, majd utána Beszélgetések a Szentírásról. * Január 27-én, pénteken, Stuttgartban 16.00 órakor Barátságklub. 17.55 órakor rózsafüzér ájtatosság. Utána szentmise. Keretében Pénteki Egyetem, azaz Beszélgetések a Katekizmusról. Majd Sportklub és Kórus. Weingartenben 17.30 órakor rózsafüzér ájtatosság és gyóntatás, 18.00 órakor szentmise, majd Beszélgetések a Szentírásról. * Január 28-án, szombaton, Fellbachban, 18.00 órakor a Schwabenlandhalle-ban (Tainer Str. 7), 42. Stuttgarti Magyar Jótékonysági Bál. * Január 29-én, vasárnap 10.00 órakor Stuttgartban, a Herz-Jesu-templomban (Schurwald Str. 4)  német-magyar nyelvű szentmise. Utána állófogadás. 15.00 órakor Tuttlingenben szentmise, majd utána ágápé. * Február 2-án, csütörtökön, Ulmban a szentmise ELMARAD. * Február 3-án, pénteken, Stuttgartban 16.00 órakor Barátságklub.  17.50 órakor rózsafüzér, majd szentmise. Keretében gyertyaszentelés és balázsáldás. Weingartenben 18.00 órakor szentmise a 14 Nothelfer-Kapelle-ben. Keretében gyertyaszentelés és balázsáldás. Előtte gyóntatás, utána Beszélgetések a Bibliáról. * Február 4-én, szombaton, Balingenben templombúcsú: Magyar Boldog Pál ünnepe. 17.00 órakor szentmise. Előtte gyóntatás, utána ágápé. Kérjük a környéken lakó Híveinket, hogy ők is látogassanak el Balingenbe! Február 4-én Weingartenben 18.00 órakor a közösség Farsangi Bálja lesz a St. Martin Közösségi Házban. Szeretettel hívunk és várunk! * Február 5-én, vasárnap, 9.00 órakor Munderkingenben  szentmise. Előtte gyóntatás. 9.30 órakor Schwäbisch-Gmündben szentmise. Utána ágápé. 15.00 órakor Stuttgartban Zarándokok szentmiséje. Utána ágápé, keretében Zarándokok Találkozója. A Kiskönyvtárban pedig elsőáldozók előkészítője. Minden helyen mindenkit szeretettel vár a közösség, Imre atya és Tibor atya! „A fiatalok nem is gondolják, hogy azt a hitet, amit most eldobnak, milyen nehéz lesz későbben újra megtalálni, amikor olyan nagy szükség lenne rá.” (Paul Claudel – 1868-1955 – francia író) Bensőséges napokat, jó munkát, tartalmas beszélgetéseket és kellemes találkozásokat kívánunk minden kedves Hívünknek!
