{"version":"1.0","provider_name":"Stuttgarti Katolikusok","provider_url":"https:\/\/stuttgarti-katolikusok.de","title":"Programel\u0151zetes febru\u00e1r 24 \u00e9s m\u00e1rcius 1 k\u00f6z\u00f6tt - Stuttgarti Katolikusok","type":"rich","width":600,"height":338,"html":"<blockquote class=\"wp-embedded-content\" data-secret=\"pFhiiu5d8a\"><a href=\"https:\/\/stuttgarti-katolikusok.de\/index.php\/programelozetes-februar-24-es-marcius-1-kozott\/\">Programel\u0151zetes febru\u00e1r 24 \u00e9s m\u00e1rcius 1 k\u00f6z\u00f6tt<\/a><\/blockquote><iframe sandbox=\"allow-scripts\" security=\"restricted\" src=\"https:\/\/stuttgarti-katolikusok.de\/index.php\/programelozetes-februar-24-es-marcius-1-kozott\/embed\/#?secret=pFhiiu5d8a\" width=\"600\" height=\"338\" title=\"&#8220;Programel\u0151zetes febru\u00e1r 24 \u00e9s m\u00e1rcius 1 k\u00f6z\u00f6tt&#8221; &#8212; Stuttgarti Katolikusok\" data-secret=\"pFhiiu5d8a\" frameborder=\"0\" marginwidth=\"0\" marginheight=\"0\" scrolling=\"no\" class=\"wp-embedded-content\"><\/iframe><script type=\"text\/javascript\">\n\/* <![CDATA[ *\/\n\/*! This file is auto-generated *\/\n!function(d,l){\"use strict\";l.querySelector&&d.addEventListener&&\"undefined\"!=typeof URL&&(d.wp=d.wp||{},d.wp.receiveEmbedMessage||(d.wp.receiveEmbedMessage=function(e){var t=e.data;if((t||t.secret||t.message||t.value)&&!\/[^a-zA-Z0-9]\/.test(t.secret)){for(var s,r,n,a=l.querySelectorAll('iframe[data-secret=\"'+t.secret+'\"]'),o=l.querySelectorAll('blockquote[data-secret=\"'+t.secret+'\"]'),c=new RegExp(\"^https?:$\",\"i\"),i=0;i<o.length;i++)o[i].style.display=\"none\";for(i=0;i<a.length;i++)s=a[i],e.source===s.contentWindow&&(s.removeAttribute(\"style\"),\"height\"===t.message?(1e3<(r=parseInt(t.value,10))?r=1e3:~~r<200&&(r=200),s.height=r):\"link\"===t.message&&(r=new URL(s.getAttribute(\"src\")),n=new URL(t.value),c.test(n.protocol))&&n.host===r.host&&l.activeElement===s&&(d.top.location.href=t.value))}},d.addEventListener(\"message\",d.wp.receiveEmbedMessage,!1),l.addEventListener(\"DOMContentLoaded\",function(){for(var e,t,s=l.querySelectorAll(\"iframe.wp-embedded-content\"),r=0;r<s.length;r++)(t=(e=s[r]).getAttribute(\"data-secret\"))||(t=Math.random().toString(36).substring(2,12),e.src+=\"#?secret=\"+t,e.setAttribute(\"data-secret\",t)),e.contentWindow.postMessage({message:\"ready\",secret:t},\"*\")},!1)))}(window,document);\n\/\/# sourceURL=https:\/\/stuttgarti-katolikusok.de\/wp-includes\/js\/wp-embed.min.js\n\/* ]]> *\/\n<\/script>\n","description":"Programel\u0151zetes Febru\u00e1r 26-\u00e1n, Hamvaz\u00f3szerd\u00e1n, \u00a0\u00a0\u00a0\u00a0\u00a0\u00a0\u00a0\u00a0\u00a0\u00a0\u00a0 Stuttgartban 10.15 \u00f3rakor magyar nyelv\u0171 szentmise. * Febru\u00e1r 27-\u00e9n, cs\u00fct\u00f6rt\u00f6k\u00f6n, \u00a0\u00a0\u00a0\u00a0\u00a0\u00a0\u00a0\u00a0\u00a0\u00a0\u00a0 Ulmi d\u00e9lut\u00e1n, 17.30 \u00f3rakor kereszt\u00fat, ut\u00e1na szentmise. Besz\u00e9lget\u00e9sek a Katekizmusr\u00f3l. * Febru\u00e1r 28-\u00e1n, p\u00e9nteken, \u00a0\u00a0\u00a0\u00a0\u00a0\u00a0\u00a0\u00a0\u00a0\u00a0\u00a0 Stuttgartban 16.00 \u00f3rakor Bar\u00e1ts\u00e1gklub. 18.00 \u00f3rakor kereszt\u00fat, ut\u00e1na szentmise. 19.00 \u00f3r\u00e1t\u00f3l Sportklub. \u00a0\u00a0\u00a0\u00a0\u00a0\u00a0\u00a0\u00a0\u00a0\u00a0\u00a0 Weingartenben, a Marienkirche-ben Weingarteni d\u00e9lut\u00e1n, 17.30 \u00f3rakor kereszt\u00fat, ut\u00e1na szentmise. Besz\u00e9lget\u00e9sek a Katekizmusr\u00f3l. * M\u00e1rcius 1-j\u00e9n, nagyb\u00f6jt 1. vas\u00e1rnapj\u00e1n, \u00a0\u00a0\u00a0\u00a0\u00a0\u00a0\u00a0\u00a0\u00a0\u00a0\u00a0 Munderkingenben 9.00 \u00f3rakor szentmise. \u00a0\u00a0\u00a0\u00a0\u00a0\u00a0\u00a0\u00a0\u00a0\u00a0\u00a0 Schw\u00e4bisch-Gm\u00fcndben 9.30 \u00f3rakor szentmise. Ut\u00e1na \u00e1g\u00e1p\u00e9. \u00a0\u00a0\u00a0\u00a0\u00a0\u00a0\u00a0\u00a0\u00a0\u00a0\u00a0 Stuttgartban 15.00 \u00f3rakor szentmise. Alatta gyermek-mise az altemplomban. V\u00e9g\u00fcl nagyb\u00f6jti koncert: B\u00e1lint Nat\u00e1Lia (szopr\u00e1n), Kozma Edina \u2013 heged\u0171, Evgeny Alexeev \u2013 zongora, Sebastjan Podbregar \u2013 tenor \u00e9s Florian Schmitt-Bohn \u2013 bariton k\u00f6zrem\u0171k\u00f6d\u00e9s\u00e9vel. * Minden helyen mindenkit szeretettel v\u00e1r a k\u00f6z\u00f6ss\u00e9g, Imre atya \u00e9s Tibor atya! &nbsp; \u201eAz \u00e9let nem hossz\u00fa vak\u00e1ci\u00f3, hanem \u00e1lland\u00f3 tanul\u00e1s. \u00c9s a legfontosabb lecke: megtanulni szeretni.\u201d (Paulo Coelho \u2013 sz. 1947 \u2013 brazil \u00edr\u00f3) \u00a0 Bens\u0151s\u00e9ges nagyb\u00f6jti napokat, j\u00f3 munk\u00e1t, tartalmas besz\u00e9lget\u00e9seket \u00e9s \u00f6r\u00f6mteli tal\u00e1lkoz\u00e1sokat k\u00edv\u00e1nunk minden Kedves H\u00edv\u00fcnknek!"}

Programelőzetes február 24 és március 1 között - Stuttgarti Katolikusok

<blockquote class="wp-embedded-content" data-secret="pFhiiu5d8a"><a href="https://stuttgarti-katolikusok.de/index.php/programelozetes-februar-24-es-marcius-1-kozott/">Programelőzetes február 24 és március 1 között</a></blockquote><iframe sandbox="allow-scripts" security="restricted" src="https://stuttgarti-katolikusok.de/index.php/programelozetes-februar-24-es-marcius-1-kozott/embed/#?secret=pFhiiu5d8a" width="600" height="338" title="&#8220;Programelőzetes február 24 és március 1 között&#8221; &#8212; Stuttgarti Katolikusok" data-secret="pFhiiu5d8a" frameborder="0" marginwidth="0" marginheight="0" scrolling="no" class="wp-embedded-content"></iframe><script type="text/javascript">
/* <![CDATA[ */
/*! This file is auto-generated */
!function(d,l){"use strict";l.querySelector&&d.addEventListener&&"undefined"!=typeof URL&&(d.wp=d.wp||{},d.wp.receiveEmbedMessage||(d.wp.receiveEmbedMessage=function(e){var t=e.data;if((t||t.secret||t.message||t.value)&&!/[^a-zA-Z0-9]/.test(t.secret)){for(var s,r,n,a=l.querySelectorAll('iframe[data-secret="'+t.secret+'"]'),o=l.querySelectorAll('blockquote[data-secret="'+t.secret+'"]'),c=new RegExp("^https?:$","i"),i=0;i<o.length;i++)o[i].style.display="none";for(i=0;i<a.length;i++)s=a[i],e.source===s.contentWindow&&(s.removeAttribute("style"),"height"===t.message?(1e3<(r=parseInt(t.value,10))?r=1e3:~~r<200&&(r=200),s.height=r):"link"===t.message&&(r=new URL(s.getAttribute("src")),n=new URL(t.value),c.test(n.protocol))&&n.host===r.host&&l.activeElement===s&&(d.top.location.href=t.value))}},d.addEventListener("message",d.wp.receiveEmbedMessage,!1),l.addEventListener("DOMContentLoaded",function(){for(var e,t,s=l.querySelectorAll("iframe.wp-embedded-content"),r=0;r<s.length;r++)(t=(e=s[r]).getAttribute("data-secret"))||(t=Math.random().toString(36).substring(2,12),e.src+="#?secret="+t,e.setAttribute("data-secret",t)),e.contentWindow.postMessage({message:"ready",secret:t},"*")},!1)))}(window,document);
//# sourceURL=https://stuttgarti-katolikusok.de/wp-includes/js/wp-embed.min.js
/* ]]> */
</script>

Programelőzetes Február 26-án, Hamvazószerdán,             Stuttgartban 10.15 órakor magyar nyelvű szentmise. * Február 27-én, csütörtökön,             Ulmi délután, 17.30 órakor keresztút, utána szentmise. Beszélgetések a Katekizmusról. * Február 28-án, pénteken,             Stuttgartban 16.00 órakor Barátságklub. 18.00 órakor keresztút, utána szentmise. 19.00 órától Sportklub.             Weingartenben, a Marienkirche-ben Weingarteni délután, 17.30 órakor keresztút, utána szentmise. Beszélgetések a Katekizmusról. * Március 1-jén, nagyböjt 1. vasárnapján,             Munderkingenben 9.00 órakor szentmise.             Schwäbisch-Gmündben 9.30 órakor szentmise. Utána ágápé.             Stuttgartban 15.00 órakor szentmise. Alatta gyermek-mise az altemplomban. Végül nagyböjti koncert: Bálint NatáLia (szoprán), Kozma Edina – hegedű, Evgeny Alexeev – zongora, Sebastjan Podbregar – tenor és Florian Schmitt-Bohn – bariton közreműködésével. * Minden helyen mindenkit szeretettel vár a közösség, Imre atya és Tibor atya! &nbsp; „Az élet nem hosszú vakáció, hanem állandó tanulás. És a legfontosabb lecke: megtanulni szeretni.” (Paulo Coelho – sz. 1947 – brazil író)   Bensőséges nagyböjti napokat, jó munkát, tartalmas beszélgetéseket és örömteli találkozásokat kívánunk minden Kedves Hívünknek!
