{"version":"1.0","provider_name":"Stuttgarti Katolikusok","provider_url":"https:\/\/stuttgarti-katolikusok.de","title":"Programel\u0151zetes december 18 \u00e9s 24 k\u00f6z\u00f6tt - Stuttgarti Katolikusok","type":"rich","width":600,"height":338,"html":"<blockquote class=\"wp-embedded-content\" data-secret=\"FHMHTfboF5\"><a href=\"https:\/\/stuttgarti-katolikusok.de\/index.php\/programelozetes-december-18-es-24-kozott\/\">Programel\u0151zetes december 18 \u00e9s 24 k\u00f6z\u00f6tt<\/a><\/blockquote><iframe sandbox=\"allow-scripts\" security=\"restricted\" src=\"https:\/\/stuttgarti-katolikusok.de\/index.php\/programelozetes-december-18-es-24-kozott\/embed\/#?secret=FHMHTfboF5\" width=\"600\" height=\"338\" title=\"&#8220;Programel\u0151zetes december 18 \u00e9s 24 k\u00f6z\u00f6tt&#8221; &#8212; Stuttgarti Katolikusok\" data-secret=\"FHMHTfboF5\" frameborder=\"0\" marginwidth=\"0\" marginheight=\"0\" scrolling=\"no\" class=\"wp-embedded-content\"><\/iframe><script type=\"text\/javascript\">\n\/* <![CDATA[ *\/\n\/*! This file is auto-generated *\/\n!function(d,l){\"use strict\";l.querySelector&&d.addEventListener&&\"undefined\"!=typeof URL&&(d.wp=d.wp||{},d.wp.receiveEmbedMessage||(d.wp.receiveEmbedMessage=function(e){var t=e.data;if((t||t.secret||t.message||t.value)&&!\/[^a-zA-Z0-9]\/.test(t.secret)){for(var s,r,n,a=l.querySelectorAll('iframe[data-secret=\"'+t.secret+'\"]'),o=l.querySelectorAll('blockquote[data-secret=\"'+t.secret+'\"]'),c=new RegExp(\"^https?:$\",\"i\"),i=0;i<o.length;i++)o[i].style.display=\"none\";for(i=0;i<a.length;i++)s=a[i],e.source===s.contentWindow&&(s.removeAttribute(\"style\"),\"height\"===t.message?(1e3<(r=parseInt(t.value,10))?r=1e3:~~r<200&&(r=200),s.height=r):\"link\"===t.message&&(r=new URL(s.getAttribute(\"src\")),n=new URL(t.value),c.test(n.protocol))&&n.host===r.host&&l.activeElement===s&&(d.top.location.href=t.value))}},d.addEventListener(\"message\",d.wp.receiveEmbedMessage,!1),l.addEventListener(\"DOMContentLoaded\",function(){for(var e,t,s=l.querySelectorAll(\"iframe.wp-embedded-content\"),r=0;r<s.length;r++)(t=(e=s[r]).getAttribute(\"data-secret\"))||(t=Math.random().toString(36).substring(2,12),e.src+=\"#?secret=\"+t,e.setAttribute(\"data-secret\",t)),e.contentWindow.postMessage({message:\"ready\",secret:t},\"*\")},!1)))}(window,document);\n\/\/# sourceURL=https:\/\/stuttgarti-katolikusok.de\/wp-includes\/js\/wp-embed.min.js\n\/* ]]> *\/\n<\/script>\n","description":"Programel\u0151zetes December 21-\u00e9n, cs\u00fct\u00f6rt\u00f6k\u00f6n, Ulmban 17.30 \u00f3r\u00e1t\u00f3l, szentmise. El\u0151tte r\u00f3zsaf\u00fcz\u00e9r \u00e9s gy\u00f3ntat\u00e1s, ut\u00e1na Besz\u00e9lget\u00e9sek a Bibli\u00e1r\u00f3l. * December 22-\u00e9n, p\u00e9nteken, Stuttgartban 08.00 \u00f3rakor ror\u00e1t\u00e9-mise. Ut\u00e1na adventi k\u00f6z\u00f6s reggeli az Irod\u00e1n. Weingarteni d\u00e9lut\u00e1n a 14 Nothelfer Kapelle-ben. 17.30 \u00f3rakor r\u00f3zsaf\u00fcz\u00e9r im\u00e1ds\u00e1g, 18.00 \u00f3rakor szentmise, azt k\u00f6vet\u0151en pedig Besz\u00e9lget\u00e9sek a Bibli\u00e1r\u00f3l. * December 23-\u00e1n, szombaton, Weingartenben 06.30 \u00f3rakor ror\u00e1t\u00e9-mise a 14 Nothelfer Kapelle-ben. * Minden helyen mindenkit szeretettel v\u00e1r a k\u00f6z\u00f6ss\u00e9g, Imre atya \u00e9s Tibor atya! \u201eMinden advent kegyelem: v\u00e9tkem j\u00f3v\u00e1tehetem. Minden advent vigalom: Isten \u00dar a viharon! Minden advent \u00e9rkez\u00e9s: \u00e1t\u00f6lel egy dr\u00e1ga k\u00e9z! Minden advent alkalom: gy\u0151zhetsz saj\u00e1t magadon! Minden advent \u00edt\u00e9let: \u00edgy kellene &#8211; s \u00edgy \u00e9lek! Minden advent remeg\u00e9s: Isten fel\u00e9 eped\u00e9s! Minden advent ima is: Uram, fogadj be ma is!\u201d (\u00dcr\u00f6gdi Ferenc) Bens\u0151s\u00e9ges adventi napokat, j\u00f3 munk\u00e1t, tartalmas besz\u00e9lget\u00e9seket \u00e9s \u00f6r\u00f6mteli tal\u00e1lkoz\u00e1sokat k\u00edv\u00e1nunk minden Kedves H\u00edv\u00fcnknek!"}

Programelőzetes december 18 és 24 között - Stuttgarti Katolikusok

<blockquote class="wp-embedded-content" data-secret="FHMHTfboF5"><a href="https://stuttgarti-katolikusok.de/index.php/programelozetes-december-18-es-24-kozott/">Programelőzetes december 18 és 24 között</a></blockquote><iframe sandbox="allow-scripts" security="restricted" src="https://stuttgarti-katolikusok.de/index.php/programelozetes-december-18-es-24-kozott/embed/#?secret=FHMHTfboF5" width="600" height="338" title="&#8220;Programelőzetes december 18 és 24 között&#8221; &#8212; Stuttgarti Katolikusok" data-secret="FHMHTfboF5" frameborder="0" marginwidth="0" marginheight="0" scrolling="no" class="wp-embedded-content"></iframe><script type="text/javascript">
/* <![CDATA[ */
/*! This file is auto-generated */
!function(d,l){"use strict";l.querySelector&&d.addEventListener&&"undefined"!=typeof URL&&(d.wp=d.wp||{},d.wp.receiveEmbedMessage||(d.wp.receiveEmbedMessage=function(e){var t=e.data;if((t||t.secret||t.message||t.value)&&!/[^a-zA-Z0-9]/.test(t.secret)){for(var s,r,n,a=l.querySelectorAll('iframe[data-secret="'+t.secret+'"]'),o=l.querySelectorAll('blockquote[data-secret="'+t.secret+'"]'),c=new RegExp("^https?:$","i"),i=0;i<o.length;i++)o[i].style.display="none";for(i=0;i<a.length;i++)s=a[i],e.source===s.contentWindow&&(s.removeAttribute("style"),"height"===t.message?(1e3<(r=parseInt(t.value,10))?r=1e3:~~r<200&&(r=200),s.height=r):"link"===t.message&&(r=new URL(s.getAttribute("src")),n=new URL(t.value),c.test(n.protocol))&&n.host===r.host&&l.activeElement===s&&(d.top.location.href=t.value))}},d.addEventListener("message",d.wp.receiveEmbedMessage,!1),l.addEventListener("DOMContentLoaded",function(){for(var e,t,s=l.querySelectorAll("iframe.wp-embedded-content"),r=0;r<s.length;r++)(t=(e=s[r]).getAttribute("data-secret"))||(t=Math.random().toString(36).substring(2,12),e.src+="#?secret="+t,e.setAttribute("data-secret",t)),e.contentWindow.postMessage({message:"ready",secret:t},"*")},!1)))}(window,document);
//# sourceURL=https://stuttgarti-katolikusok.de/wp-includes/js/wp-embed.min.js
/* ]]> */
</script>

Programelőzetes December 21-én, csütörtökön, Ulmban 17.30 órától, szentmise. Előtte rózsafüzér és gyóntatás, utána Beszélgetések a Bibliáról. * December 22-én, pénteken, Stuttgartban 08.00 órakor roráté-mise. Utána adventi közös reggeli az Irodán. Weingarteni délután a 14 Nothelfer Kapelle-ben. 17.30 órakor rózsafüzér imádság, 18.00 órakor szentmise, azt követően pedig Beszélgetések a Bibliáról. * December 23-án, szombaton, Weingartenben 06.30 órakor roráté-mise a 14 Nothelfer Kapelle-ben. * Minden helyen mindenkit szeretettel vár a közösség, Imre atya és Tibor atya! „Minden advent kegyelem: vétkem jóvátehetem. Minden advent vigalom: Isten Úr a viharon! Minden advent érkezés: átölel egy drága kéz! Minden advent alkalom: győzhetsz saját magadon! Minden advent ítélet: így kellene &#8211; s így élek! Minden advent remegés: Isten felé epedés! Minden advent ima is: Uram, fogadj be ma is!” (Ürögdi Ferenc) Bensőséges adventi napokat, jó munkát, tartalmas beszélgetéseket és örömteli találkozásokat kívánunk minden Kedves Hívünknek!
