{"version":"1.0","provider_name":"Stuttgarti Katolikusok","provider_url":"https:\/\/stuttgarti-katolikusok.de","title":"Programel\u0151zetes december 17 \u00e9s 23 k\u00f6z\u00f6tt - Stuttgarti Katolikusok","type":"rich","width":600,"height":338,"html":"<blockquote class=\"wp-embedded-content\" data-secret=\"h1UuuvlDkE\"><a href=\"https:\/\/stuttgarti-katolikusok.de\/index.php\/programelozetes-december-17-es-23-kozott\/\">Programel\u0151zetes december 17 \u00e9s 23 k\u00f6z\u00f6tt<\/a><\/blockquote><iframe sandbox=\"allow-scripts\" security=\"restricted\" src=\"https:\/\/stuttgarti-katolikusok.de\/index.php\/programelozetes-december-17-es-23-kozott\/embed\/#?secret=h1UuuvlDkE\" width=\"600\" height=\"338\" title=\"&#8220;Programel\u0151zetes december 17 \u00e9s 23 k\u00f6z\u00f6tt&#8221; &#8212; Stuttgarti Katolikusok\" data-secret=\"h1UuuvlDkE\" frameborder=\"0\" marginwidth=\"0\" marginheight=\"0\" scrolling=\"no\" class=\"wp-embedded-content\"><\/iframe><script type=\"text\/javascript\">\n\/* <![CDATA[ *\/\n\/*! This file is auto-generated *\/\n!function(d,l){\"use strict\";l.querySelector&&d.addEventListener&&\"undefined\"!=typeof URL&&(d.wp=d.wp||{},d.wp.receiveEmbedMessage||(d.wp.receiveEmbedMessage=function(e){var t=e.data;if((t||t.secret||t.message||t.value)&&!\/[^a-zA-Z0-9]\/.test(t.secret)){for(var s,r,n,a=l.querySelectorAll('iframe[data-secret=\"'+t.secret+'\"]'),o=l.querySelectorAll('blockquote[data-secret=\"'+t.secret+'\"]'),c=new RegExp(\"^https?:$\",\"i\"),i=0;i<o.length;i++)o[i].style.display=\"none\";for(i=0;i<a.length;i++)s=a[i],e.source===s.contentWindow&&(s.removeAttribute(\"style\"),\"height\"===t.message?(1e3<(r=parseInt(t.value,10))?r=1e3:~~r<200&&(r=200),s.height=r):\"link\"===t.message&&(r=new URL(s.getAttribute(\"src\")),n=new URL(t.value),c.test(n.protocol))&&n.host===r.host&&l.activeElement===s&&(d.top.location.href=t.value))}},d.addEventListener(\"message\",d.wp.receiveEmbedMessage,!1),l.addEventListener(\"DOMContentLoaded\",function(){for(var e,t,s=l.querySelectorAll(\"iframe.wp-embedded-content\"),r=0;r<s.length;r++)(t=(e=s[r]).getAttribute(\"data-secret\"))||(t=Math.random().toString(36).substring(2,12),e.src+=\"#?secret=\"+t,e.setAttribute(\"data-secret\",t)),e.contentWindow.postMessage({message:\"ready\",secret:t},\"*\")},!1)))}(window,document);\n\/\/# sourceURL=https:\/\/stuttgarti-katolikusok.de\/wp-includes\/js\/wp-embed.min.js\n\/* ]]> *\/\n<\/script>\n","description":"Programel\u0151zetes December 20-\u00e1n, cs\u00fct\u00f6rt\u00f6k\u00f6n, \u00a0\u00a0\u00a0\u00a0\u00a0\u00a0\u00a0\u00a0\u00a0\u00a0\u00a0 Ulmi d\u00e9lut\u00e1n, 17.30 \u00f3r\u00e1t\u00f3l r\u00f3zsaf\u00fcz\u00e9r-\u00e1jtatoss\u00e1g, ut\u00e1na szentmise. * December \u00a021-\u00e9n, p\u00e9nteken, \u00a0 \u00a0 \u00a0 \u00a0 \u00a0 \u00a0 Stuttgartban 8.00 \u00f3rakor r\u00f3r\u00e1t\u00e9-szentmise. Ut\u00e1na k\u00f6z\u00f6s reggeli a pl\u00e9b\u00e1ni\u00e1n. \u00a0\u00a0\u00a0\u00a0\u00a0\u00a0\u00a0\u00a0\u00a0\u00a0\u00a0 Weingarteni d\u00e9lut\u00e1n a Marien Kirche-ben. 17.30-kor r\u00f3zsaf\u00fcz\u00e9r-\u00e1jtatoss\u00e1g. Ut\u00e1na pedig szentmise. * December \u00a022-\u00e9n, szombaton, \u00a0 \u00a0 \u00a0 \u00a0 \u00a0 \u00a0Weingartenben 7.00 \u00f3rakor a 14 Nothelfer Kapelle-ben r\u00f3r\u00e1t\u00e9-szentmise, ut\u00e1na lehet\u0151s\u00e9g k\u00f6z\u00f6s reggelire. \u00a0 \u00a0 \u00a0 \u00a0 \u00a0 \u00a0Heidenheimban 15.30 \u00f3rakor szentmise. Ut\u00e1na \u00e1g\u00e1p\u00e9. \u00a0\u00a0\u00a0\u00a0\u00a0\u00a0\u00a0\u00a0\u00a0\u00a0\u00a0 Reutlingenben 16.30 \u00f3rakor szentmise. Ut\u00e1na \u00e1g\u00e1p\u00e9. * December 23-\u00e1n, Advent 4. vas\u00e1rnapj\u00e1n, \u00a0\u00a0\u00a0\u00a0\u00a0\u00a0\u00a0\u00a0\u00a0\u00a0\u00a0 Pforzheimban 11.00 \u00f3rakor szentmise. Ut\u00e1na \u00e1g\u00e1p\u00e9. \u00a0 * Minden helyen mindenkit szeretettel v\u00e1r a k\u00f6z\u00f6ss\u00e9g, Imre atya \u00e9s Tibor atya! \u201eAdvent \u00e9s Kar\u00e1csony olyan, mint egy kulcslyuk, amelyen kereszt\u00fcl a nem egyszer s\u00f6t\u00e9tnek t\u0171n\u0151 f\u00f6ldi \u00e9letutunkra egy a mennyei otthonunkb\u00f3l j\u00f6v\u0151 f\u00e9nysug\u00e1r r\u00e1ragyog.\u201d (Friedrich von Bodelschwing &#8211; 1831-1910 &#8211; n\u00e9met teol\u00f3gus) \u00a0 Bens\u0151s\u00e9ges adventi napokat, j\u00f3 munk\u00e1t, tartalmas besz\u00e9lget\u00e9seket \u00e9s \u00f6r\u00f6mteli tal\u00e1lkoz\u00e1sokat k\u00edv\u00e1nunk minden Kedves H\u00edv\u00fcnknek! \u00a0 &nbsp; \u00a0"}

Programelőzetes december 17 és 23 között - Stuttgarti Katolikusok

<blockquote class="wp-embedded-content" data-secret="h1UuuvlDkE"><a href="https://stuttgarti-katolikusok.de/index.php/programelozetes-december-17-es-23-kozott/">Programelőzetes december 17 és 23 között</a></blockquote><iframe sandbox="allow-scripts" security="restricted" src="https://stuttgarti-katolikusok.de/index.php/programelozetes-december-17-es-23-kozott/embed/#?secret=h1UuuvlDkE" width="600" height="338" title="&#8220;Programelőzetes december 17 és 23 között&#8221; &#8212; Stuttgarti Katolikusok" data-secret="h1UuuvlDkE" frameborder="0" marginwidth="0" marginheight="0" scrolling="no" class="wp-embedded-content"></iframe><script type="text/javascript">
/* <![CDATA[ */
/*! This file is auto-generated */
!function(d,l){"use strict";l.querySelector&&d.addEventListener&&"undefined"!=typeof URL&&(d.wp=d.wp||{},d.wp.receiveEmbedMessage||(d.wp.receiveEmbedMessage=function(e){var t=e.data;if((t||t.secret||t.message||t.value)&&!/[^a-zA-Z0-9]/.test(t.secret)){for(var s,r,n,a=l.querySelectorAll('iframe[data-secret="'+t.secret+'"]'),o=l.querySelectorAll('blockquote[data-secret="'+t.secret+'"]'),c=new RegExp("^https?:$","i"),i=0;i<o.length;i++)o[i].style.display="none";for(i=0;i<a.length;i++)s=a[i],e.source===s.contentWindow&&(s.removeAttribute("style"),"height"===t.message?(1e3<(r=parseInt(t.value,10))?r=1e3:~~r<200&&(r=200),s.height=r):"link"===t.message&&(r=new URL(s.getAttribute("src")),n=new URL(t.value),c.test(n.protocol))&&n.host===r.host&&l.activeElement===s&&(d.top.location.href=t.value))}},d.addEventListener("message",d.wp.receiveEmbedMessage,!1),l.addEventListener("DOMContentLoaded",function(){for(var e,t,s=l.querySelectorAll("iframe.wp-embedded-content"),r=0;r<s.length;r++)(t=(e=s[r]).getAttribute("data-secret"))||(t=Math.random().toString(36).substring(2,12),e.src+="#?secret="+t,e.setAttribute("data-secret",t)),e.contentWindow.postMessage({message:"ready",secret:t},"*")},!1)))}(window,document);
//# sourceURL=https://stuttgarti-katolikusok.de/wp-includes/js/wp-embed.min.js
/* ]]> */
</script>

Programelőzetes December 20-án, csütörtökön,             Ulmi délután, 17.30 órától rózsafüzér-ájtatosság, utána szentmise. * December  21-én, pénteken,             Stuttgartban 8.00 órakor róráté-szentmise. Utána közös reggeli a plébánián.             Weingarteni délután a Marien Kirche-ben. 17.30-kor rózsafüzér-ájtatosság. Utána pedig szentmise. * December  22-én, szombaton,            Weingartenben 7.00 órakor a 14 Nothelfer Kapelle-ben róráté-szentmise, utána lehetőség közös reggelire.            Heidenheimban 15.30 órakor szentmise. Utána ágápé.             Reutlingenben 16.30 órakor szentmise. Utána ágápé. * December 23-án, Advent 4. vasárnapján,             Pforzheimban 11.00 órakor szentmise. Utána ágápé.   * Minden helyen mindenkit szeretettel vár a közösség, Imre atya és Tibor atya! „Advent és Karácsony olyan, mint egy kulcslyuk, amelyen keresztül a nem egyszer sötétnek tűnő földi életutunkra egy a mennyei otthonunkból jövő fénysugár ráragyog.” (Friedrich von Bodelschwing &#8211; 1831-1910 &#8211; német teológus)   Bensőséges adventi napokat, jó munkát, tartalmas beszélgetéseket és örömteli találkozásokat kívánunk minden Kedves Hívünknek!   &nbsp;
