{"version":"1.0","provider_name":"Stuttgarti Katolikusok","provider_url":"https:\/\/stuttgarti-katolikusok.de","title":"Programel\u0151zetes \u00e1prilis 9 \u00e9s 15 k\u00f6z\u00f6tt - Stuttgarti Katolikusok","type":"rich","width":600,"height":338,"html":"<blockquote class=\"wp-embedded-content\" data-secret=\"IBteoaNbHQ\"><a href=\"https:\/\/stuttgarti-katolikusok.de\/index.php\/programelozetes-aprilis-9-es-15-kozott\/\">Programel\u0151zetes \u00e1prilis 9 \u00e9s 15 k\u00f6z\u00f6tt<\/a><\/blockquote><iframe sandbox=\"allow-scripts\" security=\"restricted\" src=\"https:\/\/stuttgarti-katolikusok.de\/index.php\/programelozetes-aprilis-9-es-15-kozott\/embed\/#?secret=IBteoaNbHQ\" width=\"600\" height=\"338\" title=\"&#8220;Programel\u0151zetes \u00e1prilis 9 \u00e9s 15 k\u00f6z\u00f6tt&#8221; &#8212; Stuttgarti Katolikusok\" data-secret=\"IBteoaNbHQ\" frameborder=\"0\" marginwidth=\"0\" marginheight=\"0\" scrolling=\"no\" class=\"wp-embedded-content\"><\/iframe><script type=\"text\/javascript\">\n\/* <![CDATA[ *\/\n\/*! This file is auto-generated *\/\n!function(d,l){\"use strict\";l.querySelector&&d.addEventListener&&\"undefined\"!=typeof URL&&(d.wp=d.wp||{},d.wp.receiveEmbedMessage||(d.wp.receiveEmbedMessage=function(e){var t=e.data;if((t||t.secret||t.message||t.value)&&!\/[^a-zA-Z0-9]\/.test(t.secret)){for(var s,r,n,a=l.querySelectorAll('iframe[data-secret=\"'+t.secret+'\"]'),o=l.querySelectorAll('blockquote[data-secret=\"'+t.secret+'\"]'),c=new RegExp(\"^https?:$\",\"i\"),i=0;i<o.length;i++)o[i].style.display=\"none\";for(i=0;i<a.length;i++)s=a[i],e.source===s.contentWindow&&(s.removeAttribute(\"style\"),\"height\"===t.message?(1e3<(r=parseInt(t.value,10))?r=1e3:~~r<200&&(r=200),s.height=r):\"link\"===t.message&&(r=new URL(s.getAttribute(\"src\")),n=new URL(t.value),c.test(n.protocol))&&n.host===r.host&&l.activeElement===s&&(d.top.location.href=t.value))}},d.addEventListener(\"message\",d.wp.receiveEmbedMessage,!1),l.addEventListener(\"DOMContentLoaded\",function(){for(var e,t,s=l.querySelectorAll(\"iframe.wp-embedded-content\"),r=0;r<s.length;r++)(t=(e=s[r]).getAttribute(\"data-secret\"))||(t=Math.random().toString(36).substring(2,12),e.src+=\"#?secret=\"+t,e.setAttribute(\"data-secret\",t)),e.contentWindow.postMessage({message:\"ready\",secret:t},\"*\")},!1)))}(window,document);\n\/\/# sourceURL=https:\/\/stuttgarti-katolikusok.de\/wp-includes\/js\/wp-embed.min.js\n\/* ]]> *\/\n<\/script>\n","thumbnail_url":"https:\/\/stuttgarti-katolikusok.de\/wp-content\/uploads\/2018\/04\/feltamadunk.jpg","thumbnail_width":580,"thumbnail_height":595,"description":"Programel\u0151zetes \u00c1prilis 11-\u00e9n, szerd\u00e1n, Stuttgartban 10.15 \u00f3rakor n\u00e9met nyelv\u0171 szentmise. * \u00c1prilis 12-\u00e9n, cs\u00fct\u00f6rt\u00f6k\u00f6n, Ulmi d\u00e9lut\u00e1n, 17.30 \u00f3rakor szentmise. El\u0151tte gy\u00f3ntat\u00e1s, ut\u00e1na Besz\u00e9lget\u00e9sek a Bibli\u00e1r\u00f3l. * \u00c1prilis 13-\u00e1n, p\u00e9nteken, Stuttgartban 16.00 \u00f3rakor Bar\u00e1ts\u00e1gklub. 17.50 \u00f3rakor r\u00f3zsaf\u00fcz\u00e9r, majd szentmise. 19.00 \u00f3r\u00e1t\u00f3l Hegyi G\u00e1bor fest\u0151 vall\u00e1sos t\u00e9m\u00e1j\u00fa k\u00e9pei ki\u00e1ll\u00edt\u00e1s\u00e1nak megnyit\u00f3ja. Weingarteni d\u00e9lut\u00e1n a Marien Kirche-ben. 18.30 \u00f3rakor r\u00f3zsaf\u00fcz\u00e9r, 19.00 \u00f3rakor szentmise, azt k\u00f6vet\u0151en pedig Besz\u00e9lget\u00e9sek a Bibli\u00e1r\u00f3l. * \u00c1prilis 14, szombaton, Friedrichshafenben 17.00 \u00f3rakor szentmise, ut\u00e1na \u00e1g\u00e1p\u00e9. * \u00c1prilis 15-\u00e9n, h\u00fasv\u00e9t 3. vas\u00e1rnapja, Ludwigsburgban 9.30 \u00f3rakor szentmise. Ut\u00e1na \u00e1g\u00e1p\u00e9. Stuttgartban 12.00 \u00f3rakor szentmise. * Minden helyen mindenkit szeretettel v\u00e1r a k\u00f6z\u00f6ss\u00e9g, Imre atya \u00e9s Tibor atya! \u201eA felt\u00e1mad\u00e1s nem csak a h\u00edv\u0151k \u00fcnnepe, hanem minden ember\u00e9. A ti\u00e9d is. R\u00e1d\u00f6bbenhetsz, hogy er\u0151sebb vagy, mint a hal\u00e1l, \u00e9s arra is, amit az eredeti g\u00f6r\u00f6g sz\u00f3, az an\u00e1stasis jelent: &#8222;\u00fajra l\u00e1bra \u00e1llni&#8221;. Benned van az er\u0151, az \u00c9let ereje, hogy \u00fajra l\u00e1bra \u00e1llj. \u00c9l\u0151 l\u00e9lek van benned, nem lehet t\u00e9ged legy\u0151zni.\u201c (M\u00fcller P\u00e9ter \u2013 *1936 \u2013 \u00edr\u00f3, dramaturg) Kegyelemteljes h\u00fasv\u00e9ti napokat, j\u00f3 munk\u00e1t, tartalmas besz\u00e9lget\u00e9seket \u00e9s \u00f6r\u00f6mteli tal\u00e1lkoz\u00e1sokat k\u00edv\u00e1nunk minden Kedves H\u00edv\u00fcnknek!"}

Programelőzetes április 9 és 15 között - Stuttgarti Katolikusok

<blockquote class="wp-embedded-content" data-secret="IBteoaNbHQ"><a href="https://stuttgarti-katolikusok.de/index.php/programelozetes-aprilis-9-es-15-kozott/">Programelőzetes április 9 és 15 között</a></blockquote><iframe sandbox="allow-scripts" security="restricted" src="https://stuttgarti-katolikusok.de/index.php/programelozetes-aprilis-9-es-15-kozott/embed/#?secret=IBteoaNbHQ" width="600" height="338" title="&#8220;Programelőzetes április 9 és 15 között&#8221; &#8212; Stuttgarti Katolikusok" data-secret="IBteoaNbHQ" frameborder="0" marginwidth="0" marginheight="0" scrolling="no" class="wp-embedded-content"></iframe><script type="text/javascript">
/* <![CDATA[ */
/*! This file is auto-generated */
!function(d,l){"use strict";l.querySelector&&d.addEventListener&&"undefined"!=typeof URL&&(d.wp=d.wp||{},d.wp.receiveEmbedMessage||(d.wp.receiveEmbedMessage=function(e){var t=e.data;if((t||t.secret||t.message||t.value)&&!/[^a-zA-Z0-9]/.test(t.secret)){for(var s,r,n,a=l.querySelectorAll('iframe[data-secret="'+t.secret+'"]'),o=l.querySelectorAll('blockquote[data-secret="'+t.secret+'"]'),c=new RegExp("^https?:$","i"),i=0;i<o.length;i++)o[i].style.display="none";for(i=0;i<a.length;i++)s=a[i],e.source===s.contentWindow&&(s.removeAttribute("style"),"height"===t.message?(1e3<(r=parseInt(t.value,10))?r=1e3:~~r<200&&(r=200),s.height=r):"link"===t.message&&(r=new URL(s.getAttribute("src")),n=new URL(t.value),c.test(n.protocol))&&n.host===r.host&&l.activeElement===s&&(d.top.location.href=t.value))}},d.addEventListener("message",d.wp.receiveEmbedMessage,!1),l.addEventListener("DOMContentLoaded",function(){for(var e,t,s=l.querySelectorAll("iframe.wp-embedded-content"),r=0;r<s.length;r++)(t=(e=s[r]).getAttribute("data-secret"))||(t=Math.random().toString(36).substring(2,12),e.src+="#?secret="+t,e.setAttribute("data-secret",t)),e.contentWindow.postMessage({message:"ready",secret:t},"*")},!1)))}(window,document);
//# sourceURL=https://stuttgarti-katolikusok.de/wp-includes/js/wp-embed.min.js
/* ]]> */
</script>

Programelőzetes Április 11-én, szerdán, Stuttgartban 10.15 órakor német nyelvű szentmise. * Április 12-én, csütörtökön, Ulmi délután, 17.30 órakor szentmise. Előtte gyóntatás, utána Beszélgetések a Bibliáról. * Április 13-án, pénteken, Stuttgartban 16.00 órakor Barátságklub. 17.50 órakor rózsafüzér, majd szentmise. 19.00 órától Hegyi Gábor festő vallásos témájú képei kiállításának megnyitója. Weingarteni délután a Marien Kirche-ben. 18.30 órakor rózsafüzér, 19.00 órakor szentmise, azt követően pedig Beszélgetések a Bibliáról. * Április 14, szombaton, Friedrichshafenben 17.00 órakor szentmise, utána ágápé. * Április 15-én, húsvét 3. vasárnapja, Ludwigsburgban 9.30 órakor szentmise. Utána ágápé. Stuttgartban 12.00 órakor szentmise. * Minden helyen mindenkit szeretettel vár a közösség, Imre atya és Tibor atya! „A feltámadás nem csak a hívők ünnepe, hanem minden emberé. A tiéd is. Rádöbbenhetsz, hogy erősebb vagy, mint a halál, és arra is, amit az eredeti görög szó, az anástasis jelent: &#8222;újra lábra állni&#8221;. Benned van az erő, az Élet ereje, hogy újra lábra állj. Élő lélek van benned, nem lehet téged legyőzni.“ (Müller Péter – *1936 – író, dramaturg) Kegyelemteljes húsvéti napokat, jó munkát, tartalmas beszélgetéseket és örömteli találkozásokat kívánunk minden Kedves Hívünknek!
