{"version":"1.0","provider_name":"Stuttgarti Katolikusok","provider_url":"https:\/\/stuttgarti-katolikusok.de","title":"Programel\u0151zetes \u00e1prilis 4 \u00e9s 10 k\u00f6z\u00f6tt - Stuttgarti Katolikusok","type":"rich","width":600,"height":338,"html":"<blockquote class=\"wp-embedded-content\" data-secret=\"3s0oUOOd18\"><a href=\"https:\/\/stuttgarti-katolikusok.de\/index.php\/programelozetes-aprilis-4-es-10-kozott\/\">Programel\u0151zetes \u00e1prilis 4 \u00e9s 10 k\u00f6z\u00f6tt<\/a><\/blockquote><iframe sandbox=\"allow-scripts\" security=\"restricted\" src=\"https:\/\/stuttgarti-katolikusok.de\/index.php\/programelozetes-aprilis-4-es-10-kozott\/embed\/#?secret=3s0oUOOd18\" width=\"600\" height=\"338\" title=\"&#8220;Programel\u0151zetes \u00e1prilis 4 \u00e9s 10 k\u00f6z\u00f6tt&#8221; &#8212; Stuttgarti Katolikusok\" data-secret=\"3s0oUOOd18\" frameborder=\"0\" marginwidth=\"0\" marginheight=\"0\" scrolling=\"no\" class=\"wp-embedded-content\"><\/iframe><script type=\"text\/javascript\">\n\/* <![CDATA[ *\/\n\/*! This file is auto-generated *\/\n!function(d,l){\"use strict\";l.querySelector&&d.addEventListener&&\"undefined\"!=typeof URL&&(d.wp=d.wp||{},d.wp.receiveEmbedMessage||(d.wp.receiveEmbedMessage=function(e){var t=e.data;if((t||t.secret||t.message||t.value)&&!\/[^a-zA-Z0-9]\/.test(t.secret)){for(var s,r,n,a=l.querySelectorAll('iframe[data-secret=\"'+t.secret+'\"]'),o=l.querySelectorAll('blockquote[data-secret=\"'+t.secret+'\"]'),c=new RegExp(\"^https?:$\",\"i\"),i=0;i<o.length;i++)o[i].style.display=\"none\";for(i=0;i<a.length;i++)s=a[i],e.source===s.contentWindow&&(s.removeAttribute(\"style\"),\"height\"===t.message?(1e3<(r=parseInt(t.value,10))?r=1e3:~~r<200&&(r=200),s.height=r):\"link\"===t.message&&(r=new URL(s.getAttribute(\"src\")),n=new URL(t.value),c.test(n.protocol))&&n.host===r.host&&l.activeElement===s&&(d.top.location.href=t.value))}},d.addEventListener(\"message\",d.wp.receiveEmbedMessage,!1),l.addEventListener(\"DOMContentLoaded\",function(){for(var e,t,s=l.querySelectorAll(\"iframe.wp-embedded-content\"),r=0;r<s.length;r++)(t=(e=s[r]).getAttribute(\"data-secret\"))||(t=Math.random().toString(36).substring(2,12),e.src+=\"#?secret=\"+t,e.setAttribute(\"data-secret\",t)),e.contentWindow.postMessage({message:\"ready\",secret:t},\"*\")},!1)))}(window,document);\n\/\/# sourceURL=https:\/\/stuttgarti-katolikusok.de\/wp-includes\/js\/wp-embed.min.js\n\/* ]]> *\/\n<\/script>\n","description":"Programel\u0151zetes \u00a0\u00c1prilis 7-\u00e9n, cs\u00fct\u00f6rt\u00f6k\u00f6n Ulmban szentmise 17.30 \u00f3rakor, el\u0151tte gy\u00f3ntat\u00e1s. Majd pedig Besz\u00e9lget\u00e9sek a Bibli\u00e1r\u00f3l (Kivonul\u00e1s K\u00f6nyve). Mindenkit szeretettel v\u00e1r a k\u00f6z\u00f6ss\u00e9g \u00e9s Tibor atya! * \u00c1prilis 8-\u00e1n, p\u00e9nteken, Stuttgartban 15.30 \u00f3rakor Bar\u00e1ts\u00e1gklub. Minden kellemes t\u00e1rsas\u00e1gra v\u00e1gy\u00f3 \u00e9rdekl\u0151d\u0151t szeretettel v\u00e1runk! A r\u00f3zsaf\u0171z\u00e9r-\u00e1jtatoss\u00e1g valamint a szentmise ez\u00fattal ELMARADNAK. 19.00 \u00f3r\u00e1t\u00f3l viszont a Sportklub tagjai tal\u00e1lkoznak. Egy r\u00e9sz\u00fck asztaliteniszezik, m\u00e1sik r\u00e9sz\u00fck pedig zumb\u00e1zik. Minden sportbar\u00e1tot vagy \u00e9rdekl\u0151d\u0151t szeretettel v\u00e1runk! Weingartenben, a St. Marien-templomban 18.30 \u00f3r\u00e1t\u00f3l szentmise, el\u0151tte gy\u00f3ntat\u00e1s, ut\u00e1na pedig Besz\u00e9lget\u00e9sek a Bibli\u00e1r\u00f3l (Kivonul\u00e1s K\u00f6nyve). Mindenkit szeretettel v\u00e1r a k\u00f6z\u00f6ss\u00e9g \u00e9s Tibor atya! * \u00c1prilis 9-\u00e9n, szombaton 17.00 \u00f3rakor Friedrichshafenben szentmise. Ut\u00e1na \u00e1g\u00e1p\u00e9. Mindenkit szeretettel v\u00e1r a k\u00f6z\u00f6ss\u00e9g \u00e9s Tibor atya! * \u00c1prilis 10-\u00e9n, vas\u00e1rnap, Weingartenben 10,00 \u00f3r\u00e1t\u00f3l szentmise, majd \u00e1g\u00e1p\u00e9. Minden weingarteni \u00e9s Weingarten k\u00f6rny\u00e9ki H\u00edv\u00fcnket szeretettel v\u00e1r a k\u00f6z\u00f6ss\u00e9g \u00e9s Tibor atya! 15.00 \u00f3rakor Ulmban szentmise, azut\u00e1n \u00e1g\u00e1p\u00e9. Mindenkit szeretettel v\u00e1r a k\u00f6z\u00f6ss\u00e9g \u00e9s Tibor atya! * \u201eCsakis az az \u00fcgy van elveszve, amit feladunk!\u201d \u00a0(Gotthold Ephraim Lessing \u2013 1729-1781 &#8211; n\u00e9met k\u00f6lt\u0151 \u00e9s \u00edr\u00f3) \u00a0Sz\u00e9p napokat, j\u00f3 munk\u00e1t, tartalmas besz\u00e9lget\u00e9seket \u00e9s kellemes tal\u00e1lkoz\u00e1sokat!"}

Programelőzetes április 4 és 10 között - Stuttgarti Katolikusok

<blockquote class="wp-embedded-content" data-secret="3s0oUOOd18"><a href="https://stuttgarti-katolikusok.de/index.php/programelozetes-aprilis-4-es-10-kozott/">Programelőzetes április 4 és 10 között</a></blockquote><iframe sandbox="allow-scripts" security="restricted" src="https://stuttgarti-katolikusok.de/index.php/programelozetes-aprilis-4-es-10-kozott/embed/#?secret=3s0oUOOd18" width="600" height="338" title="&#8220;Programelőzetes április 4 és 10 között&#8221; &#8212; Stuttgarti Katolikusok" data-secret="3s0oUOOd18" frameborder="0" marginwidth="0" marginheight="0" scrolling="no" class="wp-embedded-content"></iframe><script type="text/javascript">
/* <![CDATA[ */
/*! This file is auto-generated */
!function(d,l){"use strict";l.querySelector&&d.addEventListener&&"undefined"!=typeof URL&&(d.wp=d.wp||{},d.wp.receiveEmbedMessage||(d.wp.receiveEmbedMessage=function(e){var t=e.data;if((t||t.secret||t.message||t.value)&&!/[^a-zA-Z0-9]/.test(t.secret)){for(var s,r,n,a=l.querySelectorAll('iframe[data-secret="'+t.secret+'"]'),o=l.querySelectorAll('blockquote[data-secret="'+t.secret+'"]'),c=new RegExp("^https?:$","i"),i=0;i<o.length;i++)o[i].style.display="none";for(i=0;i<a.length;i++)s=a[i],e.source===s.contentWindow&&(s.removeAttribute("style"),"height"===t.message?(1e3<(r=parseInt(t.value,10))?r=1e3:~~r<200&&(r=200),s.height=r):"link"===t.message&&(r=new URL(s.getAttribute("src")),n=new URL(t.value),c.test(n.protocol))&&n.host===r.host&&l.activeElement===s&&(d.top.location.href=t.value))}},d.addEventListener("message",d.wp.receiveEmbedMessage,!1),l.addEventListener("DOMContentLoaded",function(){for(var e,t,s=l.querySelectorAll("iframe.wp-embedded-content"),r=0;r<s.length;r++)(t=(e=s[r]).getAttribute("data-secret"))||(t=Math.random().toString(36).substring(2,12),e.src+="#?secret="+t,e.setAttribute("data-secret",t)),e.contentWindow.postMessage({message:"ready",secret:t},"*")},!1)))}(window,document);
//# sourceURL=https://stuttgarti-katolikusok.de/wp-includes/js/wp-embed.min.js
/* ]]> */
</script>

Programelőzetes  Április 7-én, csütörtökön Ulmban szentmise 17.30 órakor, előtte gyóntatás. Majd pedig Beszélgetések a Bibliáról (Kivonulás Könyve). Mindenkit szeretettel vár a közösség és Tibor atya! * Április 8-án, pénteken, Stuttgartban 15.30 órakor Barátságklub. Minden kellemes társaságra vágyó érdeklődőt szeretettel várunk! A rózsafűzér-ájtatosság valamint a szentmise ezúttal ELMARADNAK. 19.00 órától viszont a Sportklub tagjai találkoznak. Egy részük asztaliteniszezik, másik részük pedig zumbázik. Minden sportbarátot vagy érdeklődőt szeretettel várunk! Weingartenben, a St. Marien-templomban 18.30 órától szentmise, előtte gyóntatás, utána pedig Beszélgetések a Bibliáról (Kivonulás Könyve). Mindenkit szeretettel vár a közösség és Tibor atya! * Április 9-én, szombaton 17.00 órakor Friedrichshafenben szentmise. Utána ágápé. Mindenkit szeretettel vár a közösség és Tibor atya! * Április 10-én, vasárnap, Weingartenben 10,00 órától szentmise, majd ágápé. Minden weingarteni és Weingarten környéki Hívünket szeretettel vár a közösség és Tibor atya! 15.00 órakor Ulmban szentmise, azután ágápé. Mindenkit szeretettel vár a közösség és Tibor atya! * „Csakis az az ügy van elveszve, amit feladunk!”  (Gotthold Ephraim Lessing – 1729-1781 &#8211; német költő és író)  Szép napokat, jó munkát, tartalmas beszélgetéseket és kellemes találkozásokat!
