{"version":"1.0","provider_name":"Stuttgarti Katolikusok","provider_url":"https:\/\/stuttgarti-katolikusok.de","title":"Programel\u0151zetes \u00e1prilis 3 \u00e9s 9 k\u00f6z\u00f6tt - Stuttgarti Katolikusok","type":"rich","width":600,"height":338,"html":"<blockquote class=\"wp-embedded-content\" data-secret=\"oRPWP6ODie\"><a href=\"https:\/\/stuttgarti-katolikusok.de\/index.php\/programelozetes-aprilis-3-es-9-kozott\/\">Programel\u0151zetes \u00e1prilis 3 \u00e9s 9 k\u00f6z\u00f6tt<\/a><\/blockquote><iframe sandbox=\"allow-scripts\" security=\"restricted\" src=\"https:\/\/stuttgarti-katolikusok.de\/index.php\/programelozetes-aprilis-3-es-9-kozott\/embed\/#?secret=oRPWP6ODie\" width=\"600\" height=\"338\" title=\"&#8220;Programel\u0151zetes \u00e1prilis 3 \u00e9s 9 k\u00f6z\u00f6tt&#8221; &#8212; Stuttgarti Katolikusok\" data-secret=\"oRPWP6ODie\" frameborder=\"0\" marginwidth=\"0\" marginheight=\"0\" scrolling=\"no\" class=\"wp-embedded-content\"><\/iframe><script type=\"text\/javascript\">\n\/* <![CDATA[ *\/\n\/*! This file is auto-generated *\/\n!function(d,l){\"use strict\";l.querySelector&&d.addEventListener&&\"undefined\"!=typeof URL&&(d.wp=d.wp||{},d.wp.receiveEmbedMessage||(d.wp.receiveEmbedMessage=function(e){var t=e.data;if((t||t.secret||t.message||t.value)&&!\/[^a-zA-Z0-9]\/.test(t.secret)){for(var s,r,n,a=l.querySelectorAll('iframe[data-secret=\"'+t.secret+'\"]'),o=l.querySelectorAll('blockquote[data-secret=\"'+t.secret+'\"]'),c=new RegExp(\"^https?:$\",\"i\"),i=0;i<o.length;i++)o[i].style.display=\"none\";for(i=0;i<a.length;i++)s=a[i],e.source===s.contentWindow&&(s.removeAttribute(\"style\"),\"height\"===t.message?(1e3<(r=parseInt(t.value,10))?r=1e3:~~r<200&&(r=200),s.height=r):\"link\"===t.message&&(r=new URL(s.getAttribute(\"src\")),n=new URL(t.value),c.test(n.protocol))&&n.host===r.host&&l.activeElement===s&&(d.top.location.href=t.value))}},d.addEventListener(\"message\",d.wp.receiveEmbedMessage,!1),l.addEventListener(\"DOMContentLoaded\",function(){for(var e,t,s=l.querySelectorAll(\"iframe.wp-embedded-content\"),r=0;r<s.length;r++)(t=(e=s[r]).getAttribute(\"data-secret\"))||(t=Math.random().toString(36).substring(2,12),e.src+=\"#?secret=\"+t,e.setAttribute(\"data-secret\",t)),e.contentWindow.postMessage({message:\"ready\",secret:t},\"*\")},!1)))}(window,document);\n\/\/# sourceURL=https:\/\/stuttgarti-katolikusok.de\/wp-includes\/js\/wp-embed.min.js\n\/* ]]> *\/\n<\/script>\n","description":"Programel\u0151zetes \u00c1prilis 6-\u00e9n, cs\u00fct\u00f6rt\u00f6k\u00f6n, Ulmban \u00a017.30 kereszt\u00fati \u00e1jtatoss\u00e1g, el\u0151tte gy\u00f3ntat\u00e1s, kereszt\u00fat ut\u00e1n\u00a0 szentmise. Ut\u00e1na Triduum Pasquale el\u0151ad\u00e1s. * \u00c1prilis 7-\u00e9n, p\u00e9nteken, Stuttgartban 16.00 \u00f3rakor Bar\u00e1ts\u00e1gklub. 18.00 \u00f3r\u00e1t\u00f3l kereszt\u00fati \u00e1jtatoss\u00e1g, ut\u00e1na szentmise, majd a v\u00e9g\u00e9n Imak\u00f6r &#8211; szents\u00e9gim\u00e1d\u00e1s. * A Weingarteni d\u00e9lut\u00e1n elmarad!!! \u2013 Tibor atya B\u00e9csben van Alfred Weiss atya temet\u00e9s\u00e9n vesz r\u00e9szt. * \u00c1prilis 8-\u00e1n, szombaton, Weingarten , 9.00 \u00f3r\u00e1t\u00f3l gy\u00fclekez\u0151 a Heilige Geist templomban. Lelki nap eg\u00e9szen d\u00e9lut\u00e1n 16.00 \u00f3r\u00e1ig. Jelentkezni n\u00e1la kell, az eb\u00e9d v\u00e9gett, illetve, hogy tudja mennyien lesznek. Friedrichshafenben 17.00 \u00f3rakor szentmise, \u00e1g\u00e1p\u00e9 \u2013 a lelkinap befejez\u00e9se, barkaszentel\u00e9s, betegek szents\u00e9g\u00e9nek kiszolg\u00e1ltat\u00e1sa, \u00e1g\u00e1p\u00e9. * \u00c1prilis 9-\u00e9n, vas\u00e1rnap, Weingartenben 10.00 \u00f3rakor szentmise. Benne barkaszentel\u00e9s, betegek szents\u00e9g\u00e9nek kiszolg\u00e1ltat\u00e1sa, \u00e1g\u00e1p\u00e9. Ulmban 15.00 \u00f3rakor szentmise, barkaszentel\u00e9s, betegek szents\u00e9g\u00e9nek kiszolg\u00e1ltat\u00e1sa, ut\u00e1na \u00e1g\u00e1p\u00e9. * Minden helyen mindenkit szeretettel v\u00e1r a k\u00f6z\u00f6ss\u00e9g, Imre atya \u00e9s Tibor atya! \u201eBoldog az, aki elfelejti mindazt, amin nem lehet v\u00e1ltoztatni.\u201d (Karl Haffner \u2013 1804-1876 \u2013 osztr\u00e1k dr\u00e1ma\u00edr\u00f3) Kegyelemteljes nagyb\u00f6jti napokat, j\u00f3 munk\u00e1t, tartalmas besz\u00e9lget\u00e9seket \u00e9s \u00f6r\u00f6mteli tal\u00e1lkoz\u00e1sokat k\u00edv\u00e1nunk minden Kedves H\u00edv\u00fcnknek!"}

Programelőzetes április 3 és 9 között - Stuttgarti Katolikusok

<blockquote class="wp-embedded-content" data-secret="oRPWP6ODie"><a href="https://stuttgarti-katolikusok.de/index.php/programelozetes-aprilis-3-es-9-kozott/">Programelőzetes április 3 és 9 között</a></blockquote><iframe sandbox="allow-scripts" security="restricted" src="https://stuttgarti-katolikusok.de/index.php/programelozetes-aprilis-3-es-9-kozott/embed/#?secret=oRPWP6ODie" width="600" height="338" title="&#8220;Programelőzetes április 3 és 9 között&#8221; &#8212; Stuttgarti Katolikusok" data-secret="oRPWP6ODie" frameborder="0" marginwidth="0" marginheight="0" scrolling="no" class="wp-embedded-content"></iframe><script type="text/javascript">
/* <![CDATA[ */
/*! This file is auto-generated */
!function(d,l){"use strict";l.querySelector&&d.addEventListener&&"undefined"!=typeof URL&&(d.wp=d.wp||{},d.wp.receiveEmbedMessage||(d.wp.receiveEmbedMessage=function(e){var t=e.data;if((t||t.secret||t.message||t.value)&&!/[^a-zA-Z0-9]/.test(t.secret)){for(var s,r,n,a=l.querySelectorAll('iframe[data-secret="'+t.secret+'"]'),o=l.querySelectorAll('blockquote[data-secret="'+t.secret+'"]'),c=new RegExp("^https?:$","i"),i=0;i<o.length;i++)o[i].style.display="none";for(i=0;i<a.length;i++)s=a[i],e.source===s.contentWindow&&(s.removeAttribute("style"),"height"===t.message?(1e3<(r=parseInt(t.value,10))?r=1e3:~~r<200&&(r=200),s.height=r):"link"===t.message&&(r=new URL(s.getAttribute("src")),n=new URL(t.value),c.test(n.protocol))&&n.host===r.host&&l.activeElement===s&&(d.top.location.href=t.value))}},d.addEventListener("message",d.wp.receiveEmbedMessage,!1),l.addEventListener("DOMContentLoaded",function(){for(var e,t,s=l.querySelectorAll("iframe.wp-embedded-content"),r=0;r<s.length;r++)(t=(e=s[r]).getAttribute("data-secret"))||(t=Math.random().toString(36).substring(2,12),e.src+="#?secret="+t,e.setAttribute("data-secret",t)),e.contentWindow.postMessage({message:"ready",secret:t},"*")},!1)))}(window,document);
//# sourceURL=https://stuttgarti-katolikusok.de/wp-includes/js/wp-embed.min.js
/* ]]> */
</script>

Programelőzetes Április 6-én, csütörtökön, Ulmban  17.30 keresztúti ájtatosság, előtte gyóntatás, keresztút után  szentmise. Utána Triduum Pasquale előadás. * Április 7-én, pénteken, Stuttgartban 16.00 órakor Barátságklub. 18.00 órától keresztúti ájtatosság, utána szentmise, majd a végén Imakör &#8211; szentségimádás. * A Weingarteni délután elmarad!!! – Tibor atya Bécsben van Alfred Weiss atya temetésén vesz részt. * Április 8-án, szombaton, Weingarten , 9.00 órától gyülekező a Heilige Geist templomban. Lelki nap egészen délután 16.00 óráig. Jelentkezni nála kell, az ebéd végett, illetve, hogy tudja mennyien lesznek. Friedrichshafenben 17.00 órakor szentmise, ágápé – a lelkinap befejezése, barkaszentelés, betegek szentségének kiszolgáltatása, ágápé. * Április 9-én, vasárnap, Weingartenben 10.00 órakor szentmise. Benne barkaszentelés, betegek szentségének kiszolgáltatása, ágápé. Ulmban 15.00 órakor szentmise, barkaszentelés, betegek szentségének kiszolgáltatása, utána ágápé. * Minden helyen mindenkit szeretettel vár a közösség, Imre atya és Tibor atya! „Boldog az, aki elfelejti mindazt, amin nem lehet változtatni.” (Karl Haffner – 1804-1876 – osztrák drámaíró) Kegyelemteljes nagyböjti napokat, jó munkát, tartalmas beszélgetéseket és örömteli találkozásokat kívánunk minden Kedves Hívünknek!
