{"version":"1.0","provider_name":"Stuttgarti Katolikusok","provider_url":"https:\/\/stuttgarti-katolikusok.de","title":"Pilinszky: Medit\u00e1ci\u00f3 - Stuttgarti Katolikusok","type":"rich","width":600,"height":338,"html":"<blockquote class=\"wp-embedded-content\" data-secret=\"LgAe2UQGst\"><a href=\"https:\/\/stuttgarti-katolikusok.de\/index.php\/pilinszky-meditacio\/\">Pilinszky: Medit\u00e1ci\u00f3<\/a><\/blockquote><iframe sandbox=\"allow-scripts\" security=\"restricted\" src=\"https:\/\/stuttgarti-katolikusok.de\/index.php\/pilinszky-meditacio\/embed\/#?secret=LgAe2UQGst\" width=\"600\" height=\"338\" title=\"&#8220;Pilinszky: Medit\u00e1ci\u00f3&#8221; &#8212; Stuttgarti Katolikusok\" data-secret=\"LgAe2UQGst\" frameborder=\"0\" marginwidth=\"0\" marginheight=\"0\" scrolling=\"no\" class=\"wp-embedded-content\"><\/iframe><script type=\"text\/javascript\">\n\/* <![CDATA[ *\/\n\/*! This file is auto-generated *\/\n!function(d,l){\"use strict\";l.querySelector&&d.addEventListener&&\"undefined\"!=typeof URL&&(d.wp=d.wp||{},d.wp.receiveEmbedMessage||(d.wp.receiveEmbedMessage=function(e){var t=e.data;if((t||t.secret||t.message||t.value)&&!\/[^a-zA-Z0-9]\/.test(t.secret)){for(var s,r,n,a=l.querySelectorAll('iframe[data-secret=\"'+t.secret+'\"]'),o=l.querySelectorAll('blockquote[data-secret=\"'+t.secret+'\"]'),c=new RegExp(\"^https?:$\",\"i\"),i=0;i<o.length;i++)o[i].style.display=\"none\";for(i=0;i<a.length;i++)s=a[i],e.source===s.contentWindow&&(s.removeAttribute(\"style\"),\"height\"===t.message?(1e3<(r=parseInt(t.value,10))?r=1e3:~~r<200&&(r=200),s.height=r):\"link\"===t.message&&(r=new URL(s.getAttribute(\"src\")),n=new URL(t.value),c.test(n.protocol))&&n.host===r.host&&l.activeElement===s&&(d.top.location.href=t.value))}},d.addEventListener(\"message\",d.wp.receiveEmbedMessage,!1),l.addEventListener(\"DOMContentLoaded\",function(){for(var e,t,s=l.querySelectorAll(\"iframe.wp-embedded-content\"),r=0;r<s.length;r++)(t=(e=s[r]).getAttribute(\"data-secret\"))||(t=Math.random().toString(36).substring(2,12),e.src+=\"#?secret=\"+t,e.setAttribute(\"data-secret\",t)),e.contentWindow.postMessage({message:\"ready\",secret:t},\"*\")},!1)))}(window,document);\n\/\/# sourceURL=https:\/\/stuttgarti-katolikusok.de\/wp-includes\/js\/wp-embed.min.js\n\/* ]]> *\/\n<\/script>\n","thumbnail_url":"https:\/\/stuttgarti-katolikusok.de\/wp-content\/uploads\/2021\/09\/dsc-3642-scaled.jpg","thumbnail_width":2560,"thumbnail_height":1714,"description":"2021. szeptember 25-\u00e9n a J\u00e9zus Sz\u00edve templom adott otthont az Ars Sacra Alap\u00edtv\u00e1ny szervez\u00e9s\u00e9ben Pilinszky 100 \u00fcnnepi el\u0151ad\u00e1snak. Versek \u00e9s napl\u00f3r\u00e9szletek hangzottak el D\u00f3czy P\u00e9ter sz\u00ednm\u0171v\u00e9sz tolm\u00e1csol\u00e1s\u00e1ban. K\u00f6zrem\u0171k\u00f6d\u00f6tt Csonka Bogl\u00e1rka klarin\u00e9tm\u0171v\u00e9sz, \u00e9nekes. Az el\u0151ad\u00e1sr\u00f3l k\u00e9sz\u00edtett felv\u00e9tel al\u00e1bbi linken tekinthet\u0151 meg. Vide\u00f3 megtekint\u00e9se"}

Pilinszky: Meditáció - Stuttgarti Katolikusok

<blockquote class="wp-embedded-content" data-secret="LgAe2UQGst"><a href="https://stuttgarti-katolikusok.de/index.php/pilinszky-meditacio/">Pilinszky: Meditáció</a></blockquote><iframe sandbox="allow-scripts" security="restricted" src="https://stuttgarti-katolikusok.de/index.php/pilinszky-meditacio/embed/#?secret=LgAe2UQGst" width="600" height="338" title="&#8220;Pilinszky: Meditáció&#8221; &#8212; Stuttgarti Katolikusok" data-secret="LgAe2UQGst" frameborder="0" marginwidth="0" marginheight="0" scrolling="no" class="wp-embedded-content"></iframe><script type="text/javascript">
/* <![CDATA[ */
/*! This file is auto-generated */
!function(d,l){"use strict";l.querySelector&&d.addEventListener&&"undefined"!=typeof URL&&(d.wp=d.wp||{},d.wp.receiveEmbedMessage||(d.wp.receiveEmbedMessage=function(e){var t=e.data;if((t||t.secret||t.message||t.value)&&!/[^a-zA-Z0-9]/.test(t.secret)){for(var s,r,n,a=l.querySelectorAll('iframe[data-secret="'+t.secret+'"]'),o=l.querySelectorAll('blockquote[data-secret="'+t.secret+'"]'),c=new RegExp("^https?:$","i"),i=0;i<o.length;i++)o[i].style.display="none";for(i=0;i<a.length;i++)s=a[i],e.source===s.contentWindow&&(s.removeAttribute("style"),"height"===t.message?(1e3<(r=parseInt(t.value,10))?r=1e3:~~r<200&&(r=200),s.height=r):"link"===t.message&&(r=new URL(s.getAttribute("src")),n=new URL(t.value),c.test(n.protocol))&&n.host===r.host&&l.activeElement===s&&(d.top.location.href=t.value))}},d.addEventListener("message",d.wp.receiveEmbedMessage,!1),l.addEventListener("DOMContentLoaded",function(){for(var e,t,s=l.querySelectorAll("iframe.wp-embedded-content"),r=0;r<s.length;r++)(t=(e=s[r]).getAttribute("data-secret"))||(t=Math.random().toString(36).substring(2,12),e.src+="#?secret="+t,e.setAttribute("data-secret",t)),e.contentWindow.postMessage({message:"ready",secret:t},"*")},!1)))}(window,document);
//# sourceURL=https://stuttgarti-katolikusok.de/wp-includes/js/wp-embed.min.js
/* ]]> */
</script>

2021. szeptember 25-én a Jézus Szíve templom adott otthont az Ars Sacra Alapítvány szervezésében Pilinszky 100 ünnepi előadásnak. Versek és naplórészletek hangzottak el Dóczy Péter színművész tolmácsolásában. Közreműködött Csonka Boglárka klarinétművész, énekes. Az előadásról készített felvétel alábbi linken tekinthető meg. Videó megtekintése
