{"version":"1.0","provider_name":"Stuttgarti Katolikusok","provider_url":"https:\/\/stuttgarti-katolikusok.de","title":"P\u00c1PAI VAGY APOSTOLI GY\u00d3NTAT\u00d3K - Stuttgarti Katolikusok","type":"rich","width":600,"height":338,"html":"<blockquote class=\"wp-embedded-content\" data-secret=\"sErulUEx9k\"><a href=\"https:\/\/stuttgarti-katolikusok.de\/index.php\/papai-vagy-apostoli-gyontatok\/\">P\u00c1PAI VAGY APOSTOLI GY\u00d3NTAT\u00d3K<\/a><\/blockquote><iframe sandbox=\"allow-scripts\" security=\"restricted\" src=\"https:\/\/stuttgarti-katolikusok.de\/index.php\/papai-vagy-apostoli-gyontatok\/embed\/#?secret=sErulUEx9k\" width=\"600\" height=\"338\" title=\"&#8220;P\u00c1PAI VAGY APOSTOLI GY\u00d3NTAT\u00d3K&#8221; &#8212; Stuttgarti Katolikusok\" data-secret=\"sErulUEx9k\" frameborder=\"0\" marginwidth=\"0\" marginheight=\"0\" scrolling=\"no\" class=\"wp-embedded-content\"><\/iframe><script type=\"text\/javascript\">\n\/* <![CDATA[ *\/\n\/*! This file is auto-generated *\/\n!function(d,l){\"use strict\";l.querySelector&&d.addEventListener&&\"undefined\"!=typeof URL&&(d.wp=d.wp||{},d.wp.receiveEmbedMessage||(d.wp.receiveEmbedMessage=function(e){var t=e.data;if((t||t.secret||t.message||t.value)&&!\/[^a-zA-Z0-9]\/.test(t.secret)){for(var s,r,n,a=l.querySelectorAll('iframe[data-secret=\"'+t.secret+'\"]'),o=l.querySelectorAll('blockquote[data-secret=\"'+t.secret+'\"]'),c=new RegExp(\"^https?:$\",\"i\"),i=0;i<o.length;i++)o[i].style.display=\"none\";for(i=0;i<a.length;i++)s=a[i],e.source===s.contentWindow&&(s.removeAttribute(\"style\"),\"height\"===t.message?(1e3<(r=parseInt(t.value,10))?r=1e3:~~r<200&&(r=200),s.height=r):\"link\"===t.message&&(r=new URL(s.getAttribute(\"src\")),n=new URL(t.value),c.test(n.protocol))&&n.host===r.host&&l.activeElement===s&&(d.top.location.href=t.value))}},d.addEventListener(\"message\",d.wp.receiveEmbedMessage,!1),l.addEventListener(\"DOMContentLoaded\",function(){for(var e,t,s=l.querySelectorAll(\"iframe.wp-embedded-content\"),r=0;r<s.length;r++)(t=(e=s[r]).getAttribute(\"data-secret\"))||(t=Math.random().toString(36).substring(2,12),e.src+=\"#?secret=\"+t,e.setAttribute(\"data-secret\",t)),e.contentWindow.postMessage({message:\"ready\",secret:t},\"*\")},!1)))}(window,document);\n\/\/# sourceURL=https:\/\/stuttgarti-katolikusok.de\/wp-includes\/js\/wp-embed.min.js\n\/* ]]> *\/\n<\/script>\n","description":"Kik \u0151k? Az Apostoli Szentsz\u00e9kt\u0151l kinevezett papok, akik R\u00f3ma n\u00e9gy patriark\u00e1lis bazili-k\u00e1j\u00e1ban \u00e9s nagy it\u00e1liai kegyhelyeken k\u00fcl\u00f6nleges feloldoz\u00e1si hatalommal gy\u00f3ntatnak. A kereszt\u00e9nys\u00e9g els\u0151 sz\u00e1zadaiban megindult a zar\u00e1ndoklat a szent helyekre. Els\u0151sorban a Szentf\u00f6ldre, az \u00fcdv\u00f6ss\u00e9g esem\u00e9nyeinek szent helyeire, majd R\u00f3m\u00e1ba, Szent P\u00e9ter \u00e9s P\u00e1l apostol s\u00edrj\u00e1hoz. H\u00edres zar\u00e1ndokhely volt a k\u00f6z\u00e9pkorban Szent Jakab s\u00edrja is a spanyolorsz\u00e1gi Santiago de Compostell\u00e1ban. A zar\u00e1ndokok im\u00e1dkozni akartak a szent helyeken, de az is vezette \u0151ket, hogy ott megtisztuljanak b\u0171neikt\u0151l, vezekeljenek botl\u00e1saik\u00e9rt. A p\u00e1p\u00e1k R\u00f3m\u00e1ban m\u00e1r az 5. sz\u00e1zadban ( Szt. Simplicius p\u00e1pa) gondoskodtak arr\u00f3l, hogy papok \u00e1lljanak a h\u00edvek rendelkez\u00e9s\u00e9re Szent P\u00e9ter, Szent P\u00e1l \u00e9s Szent L\u0151rinc templom\u00e1ban. Term\u00e9szetesen gondolniuk kellett arra is, hogy a k\u00fcl\u00f6nb\u00f6z\u0151 nyelv\u0171 h\u00edvek tal\u00e1ljanak olyan gy\u00f3ntat\u00f3kat, akik meg\u00e9rtik besz\u00e9d\u00fcket. A 13. sz\u00e1zad folyam\u00e1n a p\u00e1pai udvarban m\u00e1r \u00e1lland\u00f3an tal\u00e1lkozunk a penitenci\u00e1riusok (gy\u00f3ntat\u00f3k) szolg\u00e1lat\u00e1val. A k\u00fcl\u00f6nb\u00f6z\u0151 nemzetek fiaib\u00f3l v\u00e1lasztj\u00e1k ki \u0151ket a p\u00e1p\u00e1k, hogy minden nyelvnek, fajnak legyenek a p\u00e1pai udvarban k\u00e9pvisel\u0151i. Az olaszokon k\u00edv\u00fcl vannak francia, spanyol, portug\u00e1l, angol, lengyel, n\u00e9met, s\u0151t magyar sz\u00e1rmaz\u00e1s\u00faak is. R\u00e9szben a vil\u00e1gi paps\u00e1g soraib\u00f3l nevezik ki \u0151ket a p\u00e1p\u00e1k, m\u00e1sr\u00e9szt azonban a szerzetesrendek tagjai k\u00f6z\u00fcl, els\u0151sorban az akkor alakult k\u00e9t nagy koldul\u00f3rend, a domonkosok \u00e9s ferencesek tagjai k\u00f6z\u00fcl. K\u00fcl\u00f6n\u00f6sen megn\u0151tt fontoss\u00e1guk az \u00fan. szent\u00e9vek meghirdet\u00e9se ut\u00e1n. Az els\u0151 szent\u00e9vet VIII. Bonif\u00e1c p\u00e1pa hirdette meg Krisztus sz\u00fclet\u00e9s\u00e9nek 1300. \u00e9vfordul\u00f3j\u00e1n. A b\u00facs\u00fa elnyer\u00e9s\u00e9nek felt\u00e9tel\u00e9t a Szent P\u00e9ter- \u00e9s a falakon k\u00edv\u00fcli Szent P\u00e1l-bazilika l\u00e1togat\u00e1s\u00e1ban szabta meg, m\u00e9gpedig a r\u00f3maiaknak harminc, az egy\u00e9b ter\u00fcletekr\u0151l \u00e9rkez\u0151 zar\u00e1ndokoknak tizen\u00f6t napon kereszt\u00fcl kellett naponta felkeresni\u00fck a kijel\u00f6lt templomokat. A p\u00e1pa \u00e9s az Egyh\u00e1z sz\u00e1nd\u00e9ka szerint a szent\u00e9vnek az a rendeltet\u00e9se, hogy Urunk sz\u00fclet\u00e9s\u00e9re vagy hal\u00e1l\u00e1ra val\u00f3 eml\u00e9kez\u00e9s erej\u00e9b\u0151l b\u0171nb\u00e1natot mer\u00edtsenek a zar\u00e1ndokok. Ez\u00e9rt akik igaz b\u00e1nattal meggy\u00f3nt\u00e1k b\u0171neiket, azok a szent\u00e9vben jubileumi b\u00facs\u00faban r\u00e9szes\u00fclnek, ami a b\u0171n\u00e9rt j\u00e1r\u00f3 ideigtart\u00f3 b\u00fcntet\u00e9s elenged\u00e9se. A szent\u00e9vben a b\u0171n\u00f6k feloldoz\u00e1s\u00e1nak joghat\u00f3s\u00e1gi k\u00f6re... R\u00e9szletek"}

PÁPAI VAGY APOSTOLI GYÓNTATÓK - Stuttgarti Katolikusok

<blockquote class="wp-embedded-content" data-secret="sErulUEx9k"><a href="https://stuttgarti-katolikusok.de/index.php/papai-vagy-apostoli-gyontatok/">PÁPAI VAGY APOSTOLI GYÓNTATÓK</a></blockquote><iframe sandbox="allow-scripts" security="restricted" src="https://stuttgarti-katolikusok.de/index.php/papai-vagy-apostoli-gyontatok/embed/#?secret=sErulUEx9k" width="600" height="338" title="&#8220;PÁPAI VAGY APOSTOLI GYÓNTATÓK&#8221; &#8212; Stuttgarti Katolikusok" data-secret="sErulUEx9k" frameborder="0" marginwidth="0" marginheight="0" scrolling="no" class="wp-embedded-content"></iframe><script type="text/javascript">
/* <![CDATA[ */
/*! This file is auto-generated */
!function(d,l){"use strict";l.querySelector&&d.addEventListener&&"undefined"!=typeof URL&&(d.wp=d.wp||{},d.wp.receiveEmbedMessage||(d.wp.receiveEmbedMessage=function(e){var t=e.data;if((t||t.secret||t.message||t.value)&&!/[^a-zA-Z0-9]/.test(t.secret)){for(var s,r,n,a=l.querySelectorAll('iframe[data-secret="'+t.secret+'"]'),o=l.querySelectorAll('blockquote[data-secret="'+t.secret+'"]'),c=new RegExp("^https?:$","i"),i=0;i<o.length;i++)o[i].style.display="none";for(i=0;i<a.length;i++)s=a[i],e.source===s.contentWindow&&(s.removeAttribute("style"),"height"===t.message?(1e3<(r=parseInt(t.value,10))?r=1e3:~~r<200&&(r=200),s.height=r):"link"===t.message&&(r=new URL(s.getAttribute("src")),n=new URL(t.value),c.test(n.protocol))&&n.host===r.host&&l.activeElement===s&&(d.top.location.href=t.value))}},d.addEventListener("message",d.wp.receiveEmbedMessage,!1),l.addEventListener("DOMContentLoaded",function(){for(var e,t,s=l.querySelectorAll("iframe.wp-embedded-content"),r=0;r<s.length;r++)(t=(e=s[r]).getAttribute("data-secret"))||(t=Math.random().toString(36).substring(2,12),e.src+="#?secret="+t,e.setAttribute("data-secret",t)),e.contentWindow.postMessage({message:"ready",secret:t},"*")},!1)))}(window,document);
//# sourceURL=https://stuttgarti-katolikusok.de/wp-includes/js/wp-embed.min.js
/* ]]> */
</script>

Kik ők? Az Apostoli Szentszéktől kinevezett papok, akik Róma négy patriarkális bazili-kájában és nagy itáliai kegyhelyeken különleges feloldozási hatalommal gyóntatnak. A kereszténység első századaiban megindult a zarándoklat a szent helyekre. Elsősorban a Szentföldre, az üdvösség eseményeinek szent helyeire, majd Rómába, Szent Péter és Pál apostol sírjához. Híres zarándokhely volt a középkorban Szent Jakab sírja is a spanyolországi Santiago de Compostellában. A zarándokok imádkozni akartak a szent helyeken, de az is vezette őket, hogy ott megtisztuljanak bűneiktől, vezekeljenek botlásaikért. A pápák Rómában már az 5. században ( Szt. Simplicius pápa) gondoskodtak arról, hogy papok álljanak a hívek rendelkezésére Szent Péter, Szent Pál és Szent Lőrinc templomában. Természetesen gondolniuk kellett arra is, hogy a különböző nyelvű hívek találjanak olyan gyóntatókat, akik megértik beszédüket. A 13. század folyamán a pápai udvarban már állandóan találkozunk a penitenciáriusok (gyóntatók) szolgálatával. A különböző nemzetek fiaiból választják ki őket a pápák, hogy minden nyelvnek, fajnak legyenek a pápai udvarban képviselői. Az olaszokon kívül vannak francia, spanyol, portugál, angol, lengyel, német, sőt magyar származásúak is. Részben a világi papság soraiból nevezik ki őket a pápák, másrészt azonban a szerzetesrendek tagjai közül, elsősorban az akkor alakult két nagy koldulórend, a domonkosok és ferencesek tagjai közül. Különösen megnőtt fontosságuk az ún. szentévek meghirdetése után. Az első szentévet VIII. Bonifác pápa hirdette meg Krisztus születésének 1300. évfordulóján. A búcsú elnyerésének feltételét a Szent Péter- és a falakon kívüli Szent Pál-bazilika látogatásában szabta meg, mégpedig a rómaiaknak harminc, az egyéb területekről érkező zarándokoknak tizenöt napon keresztül kellett naponta felkeresniük a kijelölt templomokat. A pápa és az Egyház szándéka szerint a szentévnek az a rendeltetése, hogy Urunk születésére vagy halálára való emlékezés erejéből bűnbánatot merítsenek a zarándokok. Ezért akik igaz bánattal meggyónták bűneiket, azok a szentévben jubileumi búcsúban részesülnek, ami a bűnért járó ideigtartó büntetés elengedése. A szentévben a bűnök feloldozásának joghatósági köre... Részletek
