{"version":"1.0","provider_name":"Stuttgarti Katolikusok","provider_url":"https:\/\/stuttgarti-katolikusok.de","title":"\u00d6ssznemzeti k\u00fcl\u00f6nvonat a cs\u00edksomly\u00f3i b\u00facs\u00fara - Stuttgarti Katolikusok","type":"rich","width":600,"height":338,"html":"<blockquote class=\"wp-embedded-content\" data-secret=\"7aM0EPykyk\"><a href=\"https:\/\/stuttgarti-katolikusok.de\/index.php\/ossznemzeti-kulonvonat-a-csiksomlyoi-bucsura\/\">\u00d6ssznemzeti k\u00fcl\u00f6nvonat a cs\u00edksomly\u00f3i b\u00facs\u00fara<\/a><\/blockquote><iframe sandbox=\"allow-scripts\" security=\"restricted\" src=\"https:\/\/stuttgarti-katolikusok.de\/index.php\/ossznemzeti-kulonvonat-a-csiksomlyoi-bucsura\/embed\/#?secret=7aM0EPykyk\" width=\"600\" height=\"338\" title=\"&#8220;\u00d6ssznemzeti k\u00fcl\u00f6nvonat a cs\u00edksomly\u00f3i b\u00facs\u00fara&#8221; &#8212; Stuttgarti Katolikusok\" data-secret=\"7aM0EPykyk\" frameborder=\"0\" marginwidth=\"0\" marginheight=\"0\" scrolling=\"no\" class=\"wp-embedded-content\"><\/iframe><script type=\"text\/javascript\">\n\/* <![CDATA[ *\/\n\/*! This file is auto-generated *\/\n!function(d,l){\"use strict\";l.querySelector&&d.addEventListener&&\"undefined\"!=typeof URL&&(d.wp=d.wp||{},d.wp.receiveEmbedMessage||(d.wp.receiveEmbedMessage=function(e){var t=e.data;if((t||t.secret||t.message||t.value)&&!\/[^a-zA-Z0-9]\/.test(t.secret)){for(var s,r,n,a=l.querySelectorAll('iframe[data-secret=\"'+t.secret+'\"]'),o=l.querySelectorAll('blockquote[data-secret=\"'+t.secret+'\"]'),c=new RegExp(\"^https?:$\",\"i\"),i=0;i<o.length;i++)o[i].style.display=\"none\";for(i=0;i<a.length;i++)s=a[i],e.source===s.contentWindow&&(s.removeAttribute(\"style\"),\"height\"===t.message?(1e3<(r=parseInt(t.value,10))?r=1e3:~~r<200&&(r=200),s.height=r):\"link\"===t.message&&(r=new URL(s.getAttribute(\"src\")),n=new URL(t.value),c.test(n.protocol))&&n.host===r.host&&l.activeElement===s&&(d.top.location.href=t.value))}},d.addEventListener(\"message\",d.wp.receiveEmbedMessage,!1),l.addEventListener(\"DOMContentLoaded\",function(){for(var e,t,s=l.querySelectorAll(\"iframe.wp-embedded-content\"),r=0;r<s.length;r++)(t=(e=s[r]).getAttribute(\"data-secret\"))||(t=Math.random().toString(36).substring(2,12),e.src+=\"#?secret=\"+t,e.setAttribute(\"data-secret\",t)),e.contentWindow.postMessage({message:\"ready\",secret:t},\"*\")},!1)))}(window,document);\n\/\/# sourceURL=https:\/\/stuttgarti-katolikusok.de\/wp-includes\/js\/wp-embed.min.js\n\/* ]]> *\/\n<\/script>\n","description":"A 10 \u00e9ves \u00f6ssznemzeti zar\u00e1ndokvonattal a 450.cs\u00edksomly\u00f3i b\u00facs\u00fara!\u00a0 A 70 \u00e9ves stuttgarti Szent Gell\u00e9rt Magyar Katolikus egyh\u00e1zk\u00f6zs\u00e9ggel! Indul\u00e1s &#8211; \u00c9rkez\u00e9s: 2017.06.02 &#8211; 2017.06.05 Aki Magyar, vel\u00fcnk tart! 2017 Erd\u00e9ly \u00d6ssznemzeti k\u00fcl\u00f6nvonat a cs\u00edksomly\u00f3i b\u00facs\u00fara \u2013 Cs\u00edksomly\u00f3 Expressz \u00e9s Sz\u00e9kely Gyors \u2013 lelki vezet\u0151 r\u00e9szv\u00e9tel\u00e9vel. A n\u00e9gynapos program cs\u00facspontja term\u00e9szetesen a Cs\u00edksomly\u00f3i M\u00e1ria \u00dcnnep, a P\u00fcnk\u00f6sdi B\u00facs\u00fa. \u00c9s a zar\u00e1ndoklat, a T\u00f6rt\u00e9nelmi Magyarorsz\u00e1g Ezer\u00e9ves hat\u00e1r\u00e1ra a vadreg\u00e9nyes Gyimesekbe, Gyimesb\u00fckkre. Program: \u00a0Els\u0151 nap (201 7.06.02, P\u00e9ntek): Indul\u00e1s a kora reggeli \u00f3r\u00e1kban a Budapest-Keleti P\u00e1lyaudvarr\u00f3l. A d\u00e9li \u00f3r\u00e1kban \u00e9rkez\u00e9s a hat\u00e1rra, majd indul\u00e1s tov\u00e1bb a Nagyv\u00e1rad (Sebes-K\u00f6r\u00f6s v\u00f6lgye) \u2013 Kalotaszeg \u2013 Kolozsv\u00e1r \u2013 Szamos\u00fajv\u00e1r \u2013 D\u00e9s \u2013 D\u00e9da \u2013 Gyergy\u00f3szentmikl\u00f3s \u2013 Cs\u00edkr\u00e1kos \u00fatvonalon. Az esti \u00f3r\u00e1kban meg\u00e9rkez\u00e9s Sz\u00e9kelyf\u00f6ldre \u00e9s az elhelyez\u00e9s a faluturizmus keret\u00e9ben, sz\u00e9kely csal\u00e1dokn\u00e1l, f\u00fcrd\u0151szob\u00e1s h\u00e1zakban, f\u00e9lpanzi\u00f3s ell\u00e1t\u00e1ssal. M\u00e1sodik nap (2017.06.03, Szombat): Reggeli ut\u00e1n indul\u00e1s a cs\u00edksomly\u00f3i b\u00facs\u00fara. \u00c9rkez\u00e9s a cs\u00edkszeredai vas\u00fat\u00e1llom\u00e1sra majd gyalog Cs\u00edksomly\u00f3ig, ahol r\u00e9szt vesz\u00fcnk a 12:30 kor kezd\u0151d\u0151 szentmis\u00e9n. Harmadik nap (2017.06.04, Vas\u00e1rnap): Reggeli ut\u00e1n indul\u00e1s Cs\u00edkmad\u00e9falva \u00e9rint\u00e9s\u00e9vel a Gy\u00edmesekbe, az Ezer\u00e9ves hat\u00e1rhoz. \u00datvonal: Karak\u00f3- v\u00f6lgyh\u00edd \u2013 L\u00f3v\u00e9sz \u2013 Gyimesk\u00f6z\u00e9plok \u2013 Gyimesb\u00fckk, a t\u00f6rt\u00e9nelmi Magyarorsz\u00e1g vas\u00fati hat\u00e1r\u00e1llom\u00e1sa. Gyimesb\u00fckk\u00f6n megtekintj\u00fck a R\u00e1k\u00f3czi v\u00e1r romjait, \u00e9s a v\u00e1r t\u00f6v\u00e9ben, az ezer\u00e9ves hat\u00e1ron \u00e1ll\u00f3, fel\u00faj\u00edtott, 30. sz\u00e1m\u00fa M\u00c1V \u0151rh\u00e1zat ezt k\u00f6vet\u0151en r\u00e9szt vesz\u00fcnk majd a szentmis\u00e9n. A d\u00e9lut\u00e1ni \u00f3r\u00e1kban visszaindulunk Mad\u00e9falv\u00e1ra, ahol a turulmadaras eml\u00e9km\u0171 k\u00f6r\u00fcl kialak\u00edtott eml\u00e9kparkban megeml\u00e9kez\u00fcnk a mad\u00e9falvi veszedelemr\u0151l \u00e9s a trianoni b\u00e9kedikt\u00e1tumr\u00f3l, a helybeli sz\u00e9kelyek t\u00e1rsas\u00e1g\u00e1ban. Negyedik nap (2017.06.05, H\u00e9tf\u0151): Kora reggeli \u00f3r\u00e1kban indul\u00e1s D\u00e9l-Erd\u00e9lyen \u00e1t a Budapest-Keleti P\u00e1lyaudvarra. Jelentkez\u00e9si hat\u00e1rid\u0151: 2017. M\u00e1rcius 31. Helyfoglal\u00e1s \u00e9s b\u0151vebb felvil\u00e1gosit\u00e1st: Szegi Oszk\u00e1r 07334-920536 Majd az utaz\u00e1si k\u00f6lts\u00e9g \u00e1tutal\u00e1sa a k\u00f6vetkez\u0151 banksz\u00e1ml\u00e1ra: Oskar Segi; IBAN: DE58610500000008030261 (Sz\u00e9kely Gyors) R\u00e9szv\u00e9teli d\u00edj: 245 \u20ac* *A r\u00e9szv\u00e9teli d\u00edj tartalmazza a k\u00fcl\u00f6nvonat \u00fatik\u00f6lts\u00e9g\u00e9t m\u00e1sodoszt\u00e1lyon, h\u00e1rom \u00e9jszakai sz\u00e1ll\u00e1st mag\u00e1nh\u00e1zakn\u00e1l, k\u00e9t-, h\u00e1rom\u00e1gyas, p\u00f3t\u00e1gyazhat\u00f3 szob\u00e1kban, f\u00e9lpanzi\u00f3s ell\u00e1t\u00e1ssal, transzfereket &#8211; sz\u00fcks\u00e9g eset\u00e9n &#8211; a vas\u00fat\u00e1llom\u00e1s \u00e9s a... R\u00e9szletek","thumbnail_url":"https:\/\/stuttgarti-katolikusok.de\/wp-content\/uploads\/2017\/02\/csiksomlyo-300x200.jpg"}

Össznemzeti különvonat a csíksomlyói búcsúra - Stuttgarti Katolikusok

<blockquote class="wp-embedded-content" data-secret="7aM0EPykyk"><a href="https://stuttgarti-katolikusok.de/index.php/ossznemzeti-kulonvonat-a-csiksomlyoi-bucsura/">Össznemzeti különvonat a csíksomlyói búcsúra</a></blockquote><iframe sandbox="allow-scripts" security="restricted" src="https://stuttgarti-katolikusok.de/index.php/ossznemzeti-kulonvonat-a-csiksomlyoi-bucsura/embed/#?secret=7aM0EPykyk" width="600" height="338" title="&#8220;Össznemzeti különvonat a csíksomlyói búcsúra&#8221; &#8212; Stuttgarti Katolikusok" data-secret="7aM0EPykyk" frameborder="0" marginwidth="0" marginheight="0" scrolling="no" class="wp-embedded-content"></iframe><script type="text/javascript">
/* <![CDATA[ */
/*! This file is auto-generated */
!function(d,l){"use strict";l.querySelector&&d.addEventListener&&"undefined"!=typeof URL&&(d.wp=d.wp||{},d.wp.receiveEmbedMessage||(d.wp.receiveEmbedMessage=function(e){var t=e.data;if((t||t.secret||t.message||t.value)&&!/[^a-zA-Z0-9]/.test(t.secret)){for(var s,r,n,a=l.querySelectorAll('iframe[data-secret="'+t.secret+'"]'),o=l.querySelectorAll('blockquote[data-secret="'+t.secret+'"]'),c=new RegExp("^https?:$","i"),i=0;i<o.length;i++)o[i].style.display="none";for(i=0;i<a.length;i++)s=a[i],e.source===s.contentWindow&&(s.removeAttribute("style"),"height"===t.message?(1e3<(r=parseInt(t.value,10))?r=1e3:~~r<200&&(r=200),s.height=r):"link"===t.message&&(r=new URL(s.getAttribute("src")),n=new URL(t.value),c.test(n.protocol))&&n.host===r.host&&l.activeElement===s&&(d.top.location.href=t.value))}},d.addEventListener("message",d.wp.receiveEmbedMessage,!1),l.addEventListener("DOMContentLoaded",function(){for(var e,t,s=l.querySelectorAll("iframe.wp-embedded-content"),r=0;r<s.length;r++)(t=(e=s[r]).getAttribute("data-secret"))||(t=Math.random().toString(36).substring(2,12),e.src+="#?secret="+t,e.setAttribute("data-secret",t)),e.contentWindow.postMessage({message:"ready",secret:t},"*")},!1)))}(window,document);
//# sourceURL=https://stuttgarti-katolikusok.de/wp-includes/js/wp-embed.min.js
/* ]]> */
</script>

A 10 éves össznemzeti zarándokvonattal a 450.csíksomlyói búcsúra!  A 70 éves stuttgarti Szent Gellért Magyar Katolikus egyházközséggel! Indulás &#8211; Érkezés: 2017.06.02 &#8211; 2017.06.05 Aki Magyar, velünk tart! 2017 Erdély Össznemzeti különvonat a csíksomlyói búcsúra – Csíksomlyó Expressz és Székely Gyors – lelki vezető részvételével. A négynapos program csúcspontja természetesen a Csíksomlyói Mária Ünnep, a Pünkösdi Búcsú. És a zarándoklat, a Történelmi Magyarország Ezeréves határára a vadregényes Gyimesekbe, Gyimesbükkre. Program:  Első nap (201 7.06.02, Péntek): Indulás a kora reggeli órákban a Budapest-Keleti Pályaudvarról. A déli órákban érkezés a határra, majd indulás tovább a Nagyvárad (Sebes-Körös völgye) – Kalotaszeg – Kolozsvár – Szamosújvár – Dés – Déda – Gyergyószentmiklós – Csíkrákos útvonalon. Az esti órákban megérkezés Székelyföldre és az elhelyezés a faluturizmus keretében, székely családoknál, fürdőszobás házakban, félpanziós ellátással. Második nap (2017.06.03, Szombat): Reggeli után indulás a csíksomlyói búcsúra. Érkezés a csíkszeredai vasútállomásra majd gyalog Csíksomlyóig, ahol részt veszünk a 12:30 kor kezdődő szentmisén. Harmadik nap (2017.06.04, Vasárnap): Reggeli után indulás Csíkmadéfalva érintésével a Gyímesekbe, az Ezeréves határhoz. Útvonal: Karakó- völgyhíd – Lóvész – Gyimesközéplok – Gyimesbükk, a történelmi Magyarország vasúti határállomása. Gyimesbükkön megtekintjük a Rákóczi vár romjait, és a vár tövében, az ezeréves határon álló, felújított, 30. számú MÁV őrházat ezt követően részt veszünk majd a szentmisén. A délutáni órákban visszaindulunk Madéfalvára, ahol a turulmadaras emlékmű körül kialakított emlékparkban megemlékezünk a madéfalvi veszedelemről és a trianoni békediktátumról, a helybeli székelyek társaságában. Negyedik nap (2017.06.05, Hétfő): Kora reggeli órákban indulás Dél-Erdélyen át a Budapest-Keleti Pályaudvarra. Jelentkezési határidő: 2017. Március 31. Helyfoglalás és bővebb felvilágositást: Szegi Oszkár 07334-920536 Majd az utazási költség átutalása a következő bankszámlára: Oskar Segi; IBAN: DE58610500000008030261 (Székely Gyors) Részvételi díj: 245 €* *A részvételi díj tartalmazza a különvonat útiköltségét másodosztályon, három éjszakai szállást magánházaknál, két-, háromágyas, pótágyazható szobákban, félpanziós ellátással, transzfereket &#8211; szükség esetén &#8211; a vasútállomás és a... Részletek
