{"version":"1.0","provider_name":"Stuttgarti Katolikusok","provider_url":"https:\/\/stuttgarti-katolikusok.de","title":"Okt\u00f3ber 7 \u00e9s 13 k\u00f6z\u00f6tt - Stuttgarti Katolikusok","type":"rich","width":600,"height":338,"html":"<blockquote class=\"wp-embedded-content\" data-secret=\"4CZtwgTS5c\"><a href=\"https:\/\/stuttgarti-katolikusok.de\/index.php\/oktober-7-es-13-kozott\/\">Okt\u00f3ber 7 \u00e9s 13 k\u00f6z\u00f6tt<\/a><\/blockquote><iframe sandbox=\"allow-scripts\" security=\"restricted\" src=\"https:\/\/stuttgarti-katolikusok.de\/index.php\/oktober-7-es-13-kozott\/embed\/#?secret=4CZtwgTS5c\" width=\"600\" height=\"338\" title=\"&#8220;Okt\u00f3ber 7 \u00e9s 13 k\u00f6z\u00f6tt&#8221; &#8212; Stuttgarti Katolikusok\" data-secret=\"4CZtwgTS5c\" frameborder=\"0\" marginwidth=\"0\" marginheight=\"0\" scrolling=\"no\" class=\"wp-embedded-content\"><\/iframe><script type=\"text\/javascript\">\n\/* <![CDATA[ *\/\n\/*! This file is auto-generated *\/\n!function(d,l){\"use strict\";l.querySelector&&d.addEventListener&&\"undefined\"!=typeof URL&&(d.wp=d.wp||{},d.wp.receiveEmbedMessage||(d.wp.receiveEmbedMessage=function(e){var t=e.data;if((t||t.secret||t.message||t.value)&&!\/[^a-zA-Z0-9]\/.test(t.secret)){for(var s,r,n,a=l.querySelectorAll('iframe[data-secret=\"'+t.secret+'\"]'),o=l.querySelectorAll('blockquote[data-secret=\"'+t.secret+'\"]'),c=new RegExp(\"^https?:$\",\"i\"),i=0;i<o.length;i++)o[i].style.display=\"none\";for(i=0;i<a.length;i++)s=a[i],e.source===s.contentWindow&&(s.removeAttribute(\"style\"),\"height\"===t.message?(1e3<(r=parseInt(t.value,10))?r=1e3:~~r<200&&(r=200),s.height=r):\"link\"===t.message&&(r=new URL(s.getAttribute(\"src\")),n=new URL(t.value),c.test(n.protocol))&&n.host===r.host&&l.activeElement===s&&(d.top.location.href=t.value))}},d.addEventListener(\"message\",d.wp.receiveEmbedMessage,!1),l.addEventListener(\"DOMContentLoaded\",function(){for(var e,t,s=l.querySelectorAll(\"iframe.wp-embedded-content\"),r=0;r<s.length;r++)(t=(e=s[r]).getAttribute(\"data-secret\"))||(t=Math.random().toString(36).substring(2,12),e.src+=\"#?secret=\"+t,e.setAttribute(\"data-secret\",t)),e.contentWindow.postMessage({message:\"ready\",secret:t},\"*\")},!1)))}(window,document);\n\/\/# sourceURL=https:\/\/stuttgarti-katolikusok.de\/wp-includes\/js\/wp-embed.min.js\n\/* ]]> *\/\n<\/script>\n","description":"Programel\u0151zetes \u00a0 Okt\u00f3ber 10-\u00e9n, cs\u00fct\u00f6rt\u00f6k\u00f6n, Ulmi d\u00e9lut\u00e1n, 18.30 \u00f3rakor r\u00f3zsaf\u00fcz\u00e9r im\u00e1ds\u00e1g, ut\u00e1na szentmise. Keret\u00e9ben besz\u00e9lget\u00e9sek a Katekizmusr\u00f3l. * Okt\u00f3ber 11-\u00e9n, p\u00e9nteken, Stuttgartban 16.00 \u00f3rakor Bar\u00e1ts\u00e1gklub.\u00a017.55 \u00f3rakor r\u00f3zsaf\u00fcz\u00e9r \u00e1jtatoss\u00e1g. Majd szentmise. Ut\u00e1na a Szatm\u00e1ri Gyermekkar ad koncertet Schmidt M\u00e1ria vez\u00e9nylet\u00e9vel. Weingartenben, a Marien-Kirche-ben Weingarteni d\u00e9lut\u00e1n: 18.00 \u00f3rakor r\u00f3zsaf\u00fcz\u00e9r im\u00e1ds\u00e1g, ut\u00e1na szentmise. Keret\u00e9ben besz\u00e9lget\u00e9sek a Katekizmusr\u00f3l. * Okt\u00f3ber 12-\u00e9n, szombaton, Friedrichshafenben 17.00 \u00f3rakor szentmise. Ut\u00e1na \u00e1g\u00e1p\u00e9. Ulmban 18.30 \u00f3rakor \u201eNemzetis\u00e9gek szentmis\u00e9je\u201d. Szentmise v\u00e9gezt\u00e9vel \u00e1g\u00e1p\u00e9, melyen mi is h\u00e1zigazd\u00e1k vagyunk. Sz\u00ednes programmal v\u00e1rjuk kedves testv\u00e9reinket. * Okt\u00f3ber 13-\u00e1n, \u00e9vk\u00f6zi 28. vas\u00e1rnapon, Weingartenben 10.00 \u00f3rakor szentmise, ut\u00e1na \u00e1g\u00e1p\u00e9. Ulmban 15.00 \u00f3rakor Magyarok Nagyasszonya egyh\u00e1zk\u00f6zs\u00e9gi templomb\u00facs\u00fa, ut\u00e1na \u00e1g\u00e1p\u00e9. * Minden helyen mindenkit szeretettel v\u00e1r a k\u00f6z\u00f6ss\u00e9g, Imre atya \u00e9s Tibor atya! \u00a0 \u201eEgy boldog pillanat sz\u00e1z gondot el\u0171z.\u201d (K\u00ednai k\u00f6zmond\u00e1s) \u00a0 Kellemes napokat, j\u00f3 munk\u00e1t \u00e9s \u00f6r\u00f6mteli tal\u00e1lkoz\u00e1sokat k\u00edv\u00e1nunk minden Kedves H\u00edv\u00fcnknek! \u00a0"}

Október 7 és 13 között - Stuttgarti Katolikusok

<blockquote class="wp-embedded-content" data-secret="4CZtwgTS5c"><a href="https://stuttgarti-katolikusok.de/index.php/oktober-7-es-13-kozott/">Október 7 és 13 között</a></blockquote><iframe sandbox="allow-scripts" security="restricted" src="https://stuttgarti-katolikusok.de/index.php/oktober-7-es-13-kozott/embed/#?secret=4CZtwgTS5c" width="600" height="338" title="&#8220;Október 7 és 13 között&#8221; &#8212; Stuttgarti Katolikusok" data-secret="4CZtwgTS5c" frameborder="0" marginwidth="0" marginheight="0" scrolling="no" class="wp-embedded-content"></iframe><script type="text/javascript">
/* <![CDATA[ */
/*! This file is auto-generated */
!function(d,l){"use strict";l.querySelector&&d.addEventListener&&"undefined"!=typeof URL&&(d.wp=d.wp||{},d.wp.receiveEmbedMessage||(d.wp.receiveEmbedMessage=function(e){var t=e.data;if((t||t.secret||t.message||t.value)&&!/[^a-zA-Z0-9]/.test(t.secret)){for(var s,r,n,a=l.querySelectorAll('iframe[data-secret="'+t.secret+'"]'),o=l.querySelectorAll('blockquote[data-secret="'+t.secret+'"]'),c=new RegExp("^https?:$","i"),i=0;i<o.length;i++)o[i].style.display="none";for(i=0;i<a.length;i++)s=a[i],e.source===s.contentWindow&&(s.removeAttribute("style"),"height"===t.message?(1e3<(r=parseInt(t.value,10))?r=1e3:~~r<200&&(r=200),s.height=r):"link"===t.message&&(r=new URL(s.getAttribute("src")),n=new URL(t.value),c.test(n.protocol))&&n.host===r.host&&l.activeElement===s&&(d.top.location.href=t.value))}},d.addEventListener("message",d.wp.receiveEmbedMessage,!1),l.addEventListener("DOMContentLoaded",function(){for(var e,t,s=l.querySelectorAll("iframe.wp-embedded-content"),r=0;r<s.length;r++)(t=(e=s[r]).getAttribute("data-secret"))||(t=Math.random().toString(36).substring(2,12),e.src+="#?secret="+t,e.setAttribute("data-secret",t)),e.contentWindow.postMessage({message:"ready",secret:t},"*")},!1)))}(window,document);
//# sourceURL=https://stuttgarti-katolikusok.de/wp-includes/js/wp-embed.min.js
/* ]]> */
</script>

Programelőzetes   Október 10-én, csütörtökön, Ulmi délután, 18.30 órakor rózsafüzér imádság, utána szentmise. Keretében beszélgetések a Katekizmusról. * Október 11-én, pénteken, Stuttgartban 16.00 órakor Barátságklub. 17.55 órakor rózsafüzér ájtatosság. Majd szentmise. Utána a Szatmári Gyermekkar ad koncertet Schmidt Mária vezényletével. Weingartenben, a Marien-Kirche-ben Weingarteni délután: 18.00 órakor rózsafüzér imádság, utána szentmise. Keretében beszélgetések a Katekizmusról. * Október 12-én, szombaton, Friedrichshafenben 17.00 órakor szentmise. Utána ágápé. Ulmban 18.30 órakor „Nemzetiségek szentmiséje”. Szentmise végeztével ágápé, melyen mi is házigazdák vagyunk. Színes programmal várjuk kedves testvéreinket. * Október 13-án, évközi 28. vasárnapon, Weingartenben 10.00 órakor szentmise, utána ágápé. Ulmban 15.00 órakor Magyarok Nagyasszonya egyházközségi templombúcsú, utána ágápé. * Minden helyen mindenkit szeretettel vár a közösség, Imre atya és Tibor atya!   „Egy boldog pillanat száz gondot elűz.” (Kínai közmondás)   Kellemes napokat, jó munkát és örömteli találkozásokat kívánunk minden Kedves Hívünknek!
