{"version":"1.0","provider_name":"Stuttgarti Katolikusok","provider_url":"https:\/\/stuttgarti-katolikusok.de","title":"Okt\u00f3ber 5 \u00e9s 11 k\u00f6z\u00f6tt - Stuttgarti Katolikusok","type":"rich","width":600,"height":338,"html":"<blockquote class=\"wp-embedded-content\" data-secret=\"wZbKxxDYYj\"><a href=\"https:\/\/stuttgarti-katolikusok.de\/index.php\/oktober-5-es-11-kozott\/\">Okt\u00f3ber 5 \u00e9s 11 k\u00f6z\u00f6tt<\/a><\/blockquote><iframe sandbox=\"allow-scripts\" security=\"restricted\" src=\"https:\/\/stuttgarti-katolikusok.de\/index.php\/oktober-5-es-11-kozott\/embed\/#?secret=wZbKxxDYYj\" width=\"600\" height=\"338\" title=\"&#8220;Okt\u00f3ber 5 \u00e9s 11 k\u00f6z\u00f6tt&#8221; &#8212; Stuttgarti Katolikusok\" data-secret=\"wZbKxxDYYj\" frameborder=\"0\" marginwidth=\"0\" marginheight=\"0\" scrolling=\"no\" class=\"wp-embedded-content\"><\/iframe><script type=\"text\/javascript\">\n\/* <![CDATA[ *\/\n\/*! This file is auto-generated *\/\n!function(d,l){\"use strict\";l.querySelector&&d.addEventListener&&\"undefined\"!=typeof URL&&(d.wp=d.wp||{},d.wp.receiveEmbedMessage||(d.wp.receiveEmbedMessage=function(e){var t=e.data;if((t||t.secret||t.message||t.value)&&!\/[^a-zA-Z0-9]\/.test(t.secret)){for(var s,r,n,a=l.querySelectorAll('iframe[data-secret=\"'+t.secret+'\"]'),o=l.querySelectorAll('blockquote[data-secret=\"'+t.secret+'\"]'),c=new RegExp(\"^https?:$\",\"i\"),i=0;i<o.length;i++)o[i].style.display=\"none\";for(i=0;i<a.length;i++)s=a[i],e.source===s.contentWindow&&(s.removeAttribute(\"style\"),\"height\"===t.message?(1e3<(r=parseInt(t.value,10))?r=1e3:~~r<200&&(r=200),s.height=r):\"link\"===t.message&&(r=new URL(s.getAttribute(\"src\")),n=new URL(t.value),c.test(n.protocol))&&n.host===r.host&&l.activeElement===s&&(d.top.location.href=t.value))}},d.addEventListener(\"message\",d.wp.receiveEmbedMessage,!1),l.addEventListener(\"DOMContentLoaded\",function(){for(var e,t,s=l.querySelectorAll(\"iframe.wp-embedded-content\"),r=0;r<s.length;r++)(t=(e=s[r]).getAttribute(\"data-secret\"))||(t=Math.random().toString(36).substring(2,12),e.src+=\"#?secret=\"+t,e.setAttribute(\"data-secret\",t)),e.contentWindow.postMessage({message:\"ready\",secret:t},\"*\")},!1)))}(window,document);\n\/\/# sourceURL=https:\/\/stuttgarti-katolikusok.de\/wp-includes\/js\/wp-embed.min.js\n\/* ]]> *\/\n<\/script>\n","thumbnail_url":"https:\/\/stuttgarti-katolikusok.de\/wp-content\/uploads\/2020\/10\/szoloskert.jpg","thumbnail_width":640,"thumbnail_height":426,"description":"Programel\u0151zetes A jelenlegi egyh\u00e1zi rendelkez\u00e9sek \u00e9rtelm\u00e9ben a szentmise ut\u00e1ni \u00e1g\u00e1p\u00e9 elmarad! * Okt\u00f3ber 7-\u00e9n, szerd\u00e1n, Weingarteni d\u00e9lut\u00e1n, R\u00f3zsaf\u00fcz\u00e9r Kir\u00e1lyn\u0151je \u00fcnnepe. A 14 Nothelfer Kapelle-ben18 \u00f3rakor szentmise, el\u0151tte r\u00f3zsaf\u00fcz\u00e9rt im\u00e1dkozunk. \u00a0* \u00a0Okt\u00f3ber 8-\u00e1n, cs\u00fct\u00f6rt\u00f6k\u00f6n, Ulmi d\u00e9lut\u00e1n, 18.00 \u00f3rakor r\u00f3zsaf\u00fcz\u00e9rt im\u00e1dkozunk. A szentmise ezen a napon elmarad! * Okt\u00f3ber 9-\u00e9n,\u00a0p\u00e9nteken, Stuttgartban 16.00 \u00f3rakor Bar\u00e1ts\u00e1gklub. Sajnos a k\u00f6z\u00f6ss\u00e9gi terem konyh\u00e1j\u00e1t egyel\u0151re m\u00e9g nem tudjuk haszn\u00e1lni, 18.00 \u00f3rakor\u00a0okt\u00f3beri \u00e1jtatoss\u00e1g,\u00a0majd\u00a0szentmise, ut\u00e1na Sportklub. \u00a0* \u00a0Okt\u00f3ber 10-\u00e9n, szombaton, Biberachban 16.00 \u00f3rakor szentmise. A szentmise tov\u00e1bbra is megv\u00e1ltozott helysz\u00ednen lesz: Dreifaltigkeitskirche 88400 Biberach an der Riss, Mittelbergstra\u00dfe 29. * \u00a0Okt\u00f3ber 11-\u00e9n, \u00e9vk\u00f6zi 28. vas\u00e1rnap, Weingartenben a Heilig Geist Kirche-ben 11.00 \u00f3rakor szentmise, Ulmban 15.00 \u00f3rakor b\u00facs\u00fas szentmise, Magyarok Nagyasszonya \u00fcnnepe. * Minden helyen mindenkit szeretettel v\u00e1r a k\u00f6z\u00f6ss\u00e9g \u00e9s Tibor atya! Bens\u0151s\u00e9ges \u0151szi napokat, j\u00f3 munk\u00e1t, tartalmas besz\u00e9lget\u00e9seket \u00e9s \u00f6r\u00f6mteli tal\u00e1lkoz\u00e1sokat k\u00edv\u00e1nunk minden Kedves H\u00edv\u00fcnknek! * \u201eAz ember f\u00f6ldi \u00e9let\u00e9t szabadon rendezheti be, de boldogul\u00e1sa teremtm\u00e9ny mivolt\u00e1b\u00f3l k\u00f6vetkez\u0151leg a Teremt\u0151 akarat\u00e1nak teljes\u00edt\u00e9s\u00e9hez van k\u00f6tve.\u201d (M\u00e1rton \u00c1ron p\u00fcsp\u00f6k \u2013 1896 \u2013 1980) (Fot\u00f3 forr\u00e1sa: Pixabay)"}

Október 5 és 11 között - Stuttgarti Katolikusok

<blockquote class="wp-embedded-content" data-secret="wZbKxxDYYj"><a href="https://stuttgarti-katolikusok.de/index.php/oktober-5-es-11-kozott/">Október 5 és 11 között</a></blockquote><iframe sandbox="allow-scripts" security="restricted" src="https://stuttgarti-katolikusok.de/index.php/oktober-5-es-11-kozott/embed/#?secret=wZbKxxDYYj" width="600" height="338" title="&#8220;Október 5 és 11 között&#8221; &#8212; Stuttgarti Katolikusok" data-secret="wZbKxxDYYj" frameborder="0" marginwidth="0" marginheight="0" scrolling="no" class="wp-embedded-content"></iframe><script type="text/javascript">
/* <![CDATA[ */
/*! This file is auto-generated */
!function(d,l){"use strict";l.querySelector&&d.addEventListener&&"undefined"!=typeof URL&&(d.wp=d.wp||{},d.wp.receiveEmbedMessage||(d.wp.receiveEmbedMessage=function(e){var t=e.data;if((t||t.secret||t.message||t.value)&&!/[^a-zA-Z0-9]/.test(t.secret)){for(var s,r,n,a=l.querySelectorAll('iframe[data-secret="'+t.secret+'"]'),o=l.querySelectorAll('blockquote[data-secret="'+t.secret+'"]'),c=new RegExp("^https?:$","i"),i=0;i<o.length;i++)o[i].style.display="none";for(i=0;i<a.length;i++)s=a[i],e.source===s.contentWindow&&(s.removeAttribute("style"),"height"===t.message?(1e3<(r=parseInt(t.value,10))?r=1e3:~~r<200&&(r=200),s.height=r):"link"===t.message&&(r=new URL(s.getAttribute("src")),n=new URL(t.value),c.test(n.protocol))&&n.host===r.host&&l.activeElement===s&&(d.top.location.href=t.value))}},d.addEventListener("message",d.wp.receiveEmbedMessage,!1),l.addEventListener("DOMContentLoaded",function(){for(var e,t,s=l.querySelectorAll("iframe.wp-embedded-content"),r=0;r<s.length;r++)(t=(e=s[r]).getAttribute("data-secret"))||(t=Math.random().toString(36).substring(2,12),e.src+="#?secret="+t,e.setAttribute("data-secret",t)),e.contentWindow.postMessage({message:"ready",secret:t},"*")},!1)))}(window,document);
//# sourceURL=https://stuttgarti-katolikusok.de/wp-includes/js/wp-embed.min.js
/* ]]> */
</script>

Programelőzetes A jelenlegi egyházi rendelkezések értelmében a szentmise utáni ágápé elmarad! * Október 7-én, szerdán, Weingarteni délután, Rózsafüzér Királynője ünnepe. A 14 Nothelfer Kapelle-ben18 órakor szentmise, előtte rózsafüzért imádkozunk.  *  Október 8-án, csütörtökön, Ulmi délután, 18.00 órakor rózsafüzért imádkozunk. A szentmise ezen a napon elmarad! * Október 9-én, pénteken, Stuttgartban 16.00 órakor Barátságklub. Sajnos a közösségi terem konyháját egyelőre még nem tudjuk használni, 18.00 órakor októberi ájtatosság, majd szentmise, utána Sportklub.  *  Október 10-én, szombaton, Biberachban 16.00 órakor szentmise. A szentmise továbbra is megváltozott helyszínen lesz: Dreifaltigkeitskirche 88400 Biberach an der Riss, Mittelbergstraße 29. *  Október 11-én, évközi 28. vasárnap, Weingartenben a Heilig Geist Kirche-ben 11.00 órakor szentmise, Ulmban 15.00 órakor búcsús szentmise, Magyarok Nagyasszonya ünnepe. * Minden helyen mindenkit szeretettel vár a közösség és Tibor atya! Bensőséges őszi napokat, jó munkát, tartalmas beszélgetéseket és örömteli találkozásokat kívánunk minden Kedves Hívünknek! * „Az ember földi életét szabadon rendezheti be, de boldogulása teremtmény mivoltából következőleg a Teremtő akaratának teljesítéséhez van kötve.” (Márton Áron püspök – 1896 – 1980) (Fotó forrása: Pixabay)
