{"version":"1.0","provider_name":"Stuttgarti Katolikusok","provider_url":"https:\/\/stuttgarti-katolikusok.de","title":"Okt\u00f3ber 4 \u00e9s 10 k\u00f6z\u00f6tt - Stuttgarti Katolikusok","type":"rich","width":600,"height":338,"html":"<blockquote class=\"wp-embedded-content\" data-secret=\"OTHMUWw95U\"><a href=\"https:\/\/stuttgarti-katolikusok.de\/index.php\/oktober-4-es-10-kozott\/\">Okt\u00f3ber 4 \u00e9s 10 k\u00f6z\u00f6tt<\/a><\/blockquote><iframe sandbox=\"allow-scripts\" security=\"restricted\" src=\"https:\/\/stuttgarti-katolikusok.de\/index.php\/oktober-4-es-10-kozott\/embed\/#?secret=OTHMUWw95U\" width=\"600\" height=\"338\" title=\"&#8220;Okt\u00f3ber 4 \u00e9s 10 k\u00f6z\u00f6tt&#8221; &#8212; Stuttgarti Katolikusok\" data-secret=\"OTHMUWw95U\" frameborder=\"0\" marginwidth=\"0\" marginheight=\"0\" scrolling=\"no\" class=\"wp-embedded-content\"><\/iframe><script type=\"text\/javascript\">\n\/* <![CDATA[ *\/\n\/*! This file is auto-generated *\/\n!function(d,l){\"use strict\";l.querySelector&&d.addEventListener&&\"undefined\"!=typeof URL&&(d.wp=d.wp||{},d.wp.receiveEmbedMessage||(d.wp.receiveEmbedMessage=function(e){var t=e.data;if((t||t.secret||t.message||t.value)&&!\/[^a-zA-Z0-9]\/.test(t.secret)){for(var s,r,n,a=l.querySelectorAll('iframe[data-secret=\"'+t.secret+'\"]'),o=l.querySelectorAll('blockquote[data-secret=\"'+t.secret+'\"]'),c=new RegExp(\"^https?:$\",\"i\"),i=0;i<o.length;i++)o[i].style.display=\"none\";for(i=0;i<a.length;i++)s=a[i],e.source===s.contentWindow&&(s.removeAttribute(\"style\"),\"height\"===t.message?(1e3<(r=parseInt(t.value,10))?r=1e3:~~r<200&&(r=200),s.height=r):\"link\"===t.message&&(r=new URL(s.getAttribute(\"src\")),n=new URL(t.value),c.test(n.protocol))&&n.host===r.host&&l.activeElement===s&&(d.top.location.href=t.value))}},d.addEventListener(\"message\",d.wp.receiveEmbedMessage,!1),l.addEventListener(\"DOMContentLoaded\",function(){for(var e,t,s=l.querySelectorAll(\"iframe.wp-embedded-content\"),r=0;r<s.length;r++)(t=(e=s[r]).getAttribute(\"data-secret\"))||(t=Math.random().toString(36).substring(2,12),e.src+=\"#?secret=\"+t,e.setAttribute(\"data-secret\",t)),e.contentWindow.postMessage({message:\"ready\",secret:t},\"*\")},!1)))}(window,document);\n\/\/# sourceURL=https:\/\/stuttgarti-katolikusok.de\/wp-includes\/js\/wp-embed.min.js\n\/* ]]> *\/\n<\/script>\n","thumbnail_url":"https:\/\/stuttgarti-katolikusok.de\/wp-content\/uploads\/2020\/10\/szoloskert.jpg","thumbnail_width":640,"thumbnail_height":426,"description":"Programel\u0151zetes A jelenlegi egyh\u00e1zi rendelkez\u00e9sek \u00e9rtelm\u00e9ben nem csak a szentmise tarthat\u00f3 meg. K\u00f6z\u00f6ss\u00e9gi termeinket imm\u00e1r haszn\u00e1lhatjuk, a helyi szab\u00e1lyok k\u00edn\u00e1lta lehet\u0151s\u00e9gek f\u00fcggv\u00e9ny\u00e9ben! Szentmis\u00e9n k\u00f6telez\u0151 a maszk haszn\u00e1lata, jelenl\u00e9ti lista n\u00e9vvel \u00e9s el\u00e9rhet\u0151s\u00e9ggel, kezek fert\u0151tlen\u00edt\u00e9se! \u00a0\u00a0* Okt\u00f3ber 6-\u00e1n, szerd\u00e1n, Weingarteni d\u00e9lut\u00e1n, 17.30 \u00f3rakor okt\u00f3beri \u00e1jtatoss\u00e1g, majd szentmise \u00a0a 14 Nothelfer Kapelle-ben. \u00a0* Okt\u00f3ber 7-\u00e9n, cs\u00fct\u00f6rt\u00f6k\u00f6n, Ulmi d\u00e9lut\u00e1n, 17.30 \u00f3rakor okt\u00f3beri \u00e1jtatoss\u00e1g, majd szentmise. * Okt\u00f3ber 8-\u00e1n,\u00a0p\u00e9nteken, Stuttgarti d\u00e9lut\u00e1n,\u00a0 16.30 \u00f3rakor Bar\u00e1ts\u00e1gklub, 18.00 \u00f3rakor okt\u00f3beri \u00e1jtatoss\u00e1g,\u00a0majd szentmise. * Okt\u00f3ber 9-\u00e9n, szombaton, Biberachban 16.30 \u00f3rakor szentmise. \u00a0* \u00a0Okt\u00f3ber 10-\u00e9n, \u00e9vk\u00f6zi 28. vas\u00e1rnap, Weingartenben 10.30 \u00f3rakor szentmise a Heilig Geist Kirche&#8211;ben, Ulmban 15.00 \u00f3rakor egyh\u00e1zk\u00f6zs\u00e9gi b\u00facs\u00fas szentmise, melyben Magyarok Nagyasszony\u00e1t k\u00f6sz\u00f6ntj\u00fck. \u00a0\u00a0 \u00a0* Minden helyen mindenkit szeretettel v\u00e1r a k\u00f6z\u00f6ss\u00e9g \u00e9s Tibor atya! * \u201eAz ember f\u00f6ldi \u00e9let\u00e9t szabadon rendezheti be, de boldogul\u00e1sa teremtm\u00e9ny mivolt\u00e1b\u00f3l k\u00f6vetkez\u0151leg a Teremt\u0151 akarat\u00e1nak teljes\u00edt\u00e9s\u00e9hez van k\u00f6tve.\u201d\u00a0(M\u00e1rton \u00c1ron p\u00fcsp\u00f6k \u2013 1896 \u2013 1980)"}

Október 4 és 10 között - Stuttgarti Katolikusok

<blockquote class="wp-embedded-content" data-secret="OTHMUWw95U"><a href="https://stuttgarti-katolikusok.de/index.php/oktober-4-es-10-kozott/">Október 4 és 10 között</a></blockquote><iframe sandbox="allow-scripts" security="restricted" src="https://stuttgarti-katolikusok.de/index.php/oktober-4-es-10-kozott/embed/#?secret=OTHMUWw95U" width="600" height="338" title="&#8220;Október 4 és 10 között&#8221; &#8212; Stuttgarti Katolikusok" data-secret="OTHMUWw95U" frameborder="0" marginwidth="0" marginheight="0" scrolling="no" class="wp-embedded-content"></iframe><script type="text/javascript">
/* <![CDATA[ */
/*! This file is auto-generated */
!function(d,l){"use strict";l.querySelector&&d.addEventListener&&"undefined"!=typeof URL&&(d.wp=d.wp||{},d.wp.receiveEmbedMessage||(d.wp.receiveEmbedMessage=function(e){var t=e.data;if((t||t.secret||t.message||t.value)&&!/[^a-zA-Z0-9]/.test(t.secret)){for(var s,r,n,a=l.querySelectorAll('iframe[data-secret="'+t.secret+'"]'),o=l.querySelectorAll('blockquote[data-secret="'+t.secret+'"]'),c=new RegExp("^https?:$","i"),i=0;i<o.length;i++)o[i].style.display="none";for(i=0;i<a.length;i++)s=a[i],e.source===s.contentWindow&&(s.removeAttribute("style"),"height"===t.message?(1e3<(r=parseInt(t.value,10))?r=1e3:~~r<200&&(r=200),s.height=r):"link"===t.message&&(r=new URL(s.getAttribute("src")),n=new URL(t.value),c.test(n.protocol))&&n.host===r.host&&l.activeElement===s&&(d.top.location.href=t.value))}},d.addEventListener("message",d.wp.receiveEmbedMessage,!1),l.addEventListener("DOMContentLoaded",function(){for(var e,t,s=l.querySelectorAll("iframe.wp-embedded-content"),r=0;r<s.length;r++)(t=(e=s[r]).getAttribute("data-secret"))||(t=Math.random().toString(36).substring(2,12),e.src+="#?secret="+t,e.setAttribute("data-secret",t)),e.contentWindow.postMessage({message:"ready",secret:t},"*")},!1)))}(window,document);
//# sourceURL=https://stuttgarti-katolikusok.de/wp-includes/js/wp-embed.min.js
/* ]]> */
</script>

Programelőzetes A jelenlegi egyházi rendelkezések értelmében nem csak a szentmise tartható meg. Közösségi termeinket immár használhatjuk, a helyi szabályok kínálta lehetőségek függvényében! Szentmisén kötelező a maszk használata, jelenléti lista névvel és elérhetőséggel, kezek fertőtlenítése!   * Október 6-án, szerdán, Weingarteni délután, 17.30 órakor októberi ájtatosság, majd szentmise  a 14 Nothelfer Kapelle-ben.  * Október 7-én, csütörtökön, Ulmi délután, 17.30 órakor októberi ájtatosság, majd szentmise. * Október 8-án, pénteken, Stuttgarti délután,  16.30 órakor Barátságklub, 18.00 órakor októberi ájtatosság, majd szentmise. * Október 9-én, szombaton, Biberachban 16.30 órakor szentmise.  *  Október 10-én, évközi 28. vasárnap, Weingartenben 10.30 órakor szentmise a Heilig Geist Kirche&#8211;ben, Ulmban 15.00 órakor egyházközségi búcsús szentmise, melyben Magyarok Nagyasszonyát köszöntjük.     * Minden helyen mindenkit szeretettel vár a közösség és Tibor atya! * „Az ember földi életét szabadon rendezheti be, de boldogulása teremtmény mivoltából következőleg a Teremtő akaratának teljesítéséhez van kötve.” (Márton Áron püspök – 1896 – 1980)
