{"version":"1.0","provider_name":"Stuttgarti Katolikusok","provider_url":"https:\/\/stuttgarti-katolikusok.de","title":"Okt\u00f3ber 28 \u00e9s november 3 k\u00f6z\u00f6tt - Stuttgarti Katolikusok","type":"rich","width":600,"height":338,"html":"<blockquote class=\"wp-embedded-content\" data-secret=\"6SoHDwru6b\"><a href=\"https:\/\/stuttgarti-katolikusok.de\/index.php\/oktober-28-es-november-3-kozott\/\">Okt\u00f3ber 28 \u00e9s november 3 k\u00f6z\u00f6tt<\/a><\/blockquote><iframe sandbox=\"allow-scripts\" security=\"restricted\" src=\"https:\/\/stuttgarti-katolikusok.de\/index.php\/oktober-28-es-november-3-kozott\/embed\/#?secret=6SoHDwru6b\" width=\"600\" height=\"338\" title=\"&#8220;Okt\u00f3ber 28 \u00e9s november 3 k\u00f6z\u00f6tt&#8221; &#8212; Stuttgarti Katolikusok\" data-secret=\"6SoHDwru6b\" frameborder=\"0\" marginwidth=\"0\" marginheight=\"0\" scrolling=\"no\" class=\"wp-embedded-content\"><\/iframe><script type=\"text\/javascript\">\n\/* <![CDATA[ *\/\n\/*! This file is auto-generated *\/\n!function(d,l){\"use strict\";l.querySelector&&d.addEventListener&&\"undefined\"!=typeof URL&&(d.wp=d.wp||{},d.wp.receiveEmbedMessage||(d.wp.receiveEmbedMessage=function(e){var t=e.data;if((t||t.secret||t.message||t.value)&&!\/[^a-zA-Z0-9]\/.test(t.secret)){for(var s,r,n,a=l.querySelectorAll('iframe[data-secret=\"'+t.secret+'\"]'),o=l.querySelectorAll('blockquote[data-secret=\"'+t.secret+'\"]'),c=new RegExp(\"^https?:$\",\"i\"),i=0;i<o.length;i++)o[i].style.display=\"none\";for(i=0;i<a.length;i++)s=a[i],e.source===s.contentWindow&&(s.removeAttribute(\"style\"),\"height\"===t.message?(1e3<(r=parseInt(t.value,10))?r=1e3:~~r<200&&(r=200),s.height=r):\"link\"===t.message&&(r=new URL(s.getAttribute(\"src\")),n=new URL(t.value),c.test(n.protocol))&&n.host===r.host&&l.activeElement===s&&(d.top.location.href=t.value))}},d.addEventListener(\"message\",d.wp.receiveEmbedMessage,!1),l.addEventListener(\"DOMContentLoaded\",function(){for(var e,t,s=l.querySelectorAll(\"iframe.wp-embedded-content\"),r=0;r<s.length;r++)(t=(e=s[r]).getAttribute(\"data-secret\"))||(t=Math.random().toString(36).substring(2,12),e.src+=\"#?secret=\"+t,e.setAttribute(\"data-secret\",t)),e.contentWindow.postMessage({message:\"ready\",secret:t},\"*\")},!1)))}(window,document);\n\/\/# sourceURL=https:\/\/stuttgarti-katolikusok.de\/wp-includes\/js\/wp-embed.min.js\n\/* ]]> *\/\n<\/script>\n","description":"Programel\u0151zetes &nbsp; Okt\u00f3ber 30-\u00e1n, szerd\u00e1n, Stuttgartban 10.15 \u00f3rakor n\u00e9met nyelv\u0171 szentmise. * Okt\u00f3ber 31-\u00e9n, cs\u00fct\u00f6rt\u00f6k\u00f6n, Ulmi d\u00e9lut\u00e1n, 17.30 \u00f3rakor r\u00f3zsaf\u00fcz\u00e9r im\u00e1ds\u00e1g, ut\u00e1na szentmise. Szentmise v\u00e9gezt\u00e9vel a St. Georg Kirche melletti \u201eAlter Friedhof\u201d temet\u0151ben halottaink\u00e9rt im\u00e1dkozunk. * November 1-j\u00e9n, p\u00e9nteken, Mindenszentek \u00fcnnepe, Weingartenben, 10.00 \u00f3rakor szentmise a 14 Nothelfer Kapelle-ben, ut\u00e1na temet\u0151l\u00e1togat\u00e1s a M\u00e1ria templom melletti temet\u0151ben. Stuttgartban 18.00 \u00f3rakor r\u00f3zsaf\u00fcz\u00e9r \u00e1jtatoss\u00e1g, majd szentmise. Ut\u00e1na temet\u0151l\u00e1togat\u00e1s, v\u00e9g\u00fcl k\u00f6z\u00f6s vacsora a K\u00f6z\u00f6ss\u00e9gi Teremben. * November 2-\u00e1n, szombaton, Balingenben 17.00 \u00f3rakor szentmise, majd \u00e1g\u00e1p\u00e9. * November 3-\u00e1n, \u00e9vk\u00f6zi 31. vas\u00e1rnap, Munderkingenben 9.00 \u00f3rakor szentmise, annak v\u00e9gezt\u00e9vel pedig a temet\u0151ben halottainkr\u00f3l eml\u00e9kez\u00fcnk meg. Schw\u00e4bisch-Gm\u00fcndben 9.30 \u00f3rakor szentmise. Ut\u00e1na \u00e1g\u00e1p\u00e9. Stuttgartban 15.00 \u00f3rakor szentmise. Ut\u00e1na megeml\u00e9kez\u00e9s S\u00edk S\u00e1ndor katolikus pap-k\u00f6lt\u0151r\u0151l, sz\u00fclet\u00e9s\u00e9nek 130. \u00e9vfordul\u00f3ja alkalm\u00e1b\u00f3l. V\u00e9g\u00fcl \u00e1g\u00e1p\u00e9, amelynek keret\u00e9ben a compostelai gyalogos zar\u00e1ndoklat r\u00e9szleteit besz\u00e9lj\u00fck meg. * Minden helyen mindenkit szeretettel v\u00e1r a k\u00f6z\u00f6ss\u00e9g, Imre atya \u00e9s Tibor atya! &nbsp; \u201eA sz\u00fclet\u00e9s \u00e9s a hal\u00e1l k\u00f6z\u00f6tti id\u0151szakot \u00c9LETNEK szoktuk nevezni. Teh\u00e1t szabad azt \u00c9LETTEL megt\u00f6lteni\u201d. (Seibold Klaus \u2013 1930-1995 \u2013 n\u00e9met miniszter) Kellemes \u0151szi napokat, j\u00f3 munk\u00e1t, \u00e9s sz\u00e9p tal\u00e1lkoz\u00e1sokat k\u00edv\u00e1nunk minden Kedves H\u00edv\u00fcnknek!"}

Október 28 és november 3 között - Stuttgarti Katolikusok

<blockquote class="wp-embedded-content" data-secret="6SoHDwru6b"><a href="https://stuttgarti-katolikusok.de/index.php/oktober-28-es-november-3-kozott/">Október 28 és november 3 között</a></blockquote><iframe sandbox="allow-scripts" security="restricted" src="https://stuttgarti-katolikusok.de/index.php/oktober-28-es-november-3-kozott/embed/#?secret=6SoHDwru6b" width="600" height="338" title="&#8220;Október 28 és november 3 között&#8221; &#8212; Stuttgarti Katolikusok" data-secret="6SoHDwru6b" frameborder="0" marginwidth="0" marginheight="0" scrolling="no" class="wp-embedded-content"></iframe><script type="text/javascript">
/* <![CDATA[ */
/*! This file is auto-generated */
!function(d,l){"use strict";l.querySelector&&d.addEventListener&&"undefined"!=typeof URL&&(d.wp=d.wp||{},d.wp.receiveEmbedMessage||(d.wp.receiveEmbedMessage=function(e){var t=e.data;if((t||t.secret||t.message||t.value)&&!/[^a-zA-Z0-9]/.test(t.secret)){for(var s,r,n,a=l.querySelectorAll('iframe[data-secret="'+t.secret+'"]'),o=l.querySelectorAll('blockquote[data-secret="'+t.secret+'"]'),c=new RegExp("^https?:$","i"),i=0;i<o.length;i++)o[i].style.display="none";for(i=0;i<a.length;i++)s=a[i],e.source===s.contentWindow&&(s.removeAttribute("style"),"height"===t.message?(1e3<(r=parseInt(t.value,10))?r=1e3:~~r<200&&(r=200),s.height=r):"link"===t.message&&(r=new URL(s.getAttribute("src")),n=new URL(t.value),c.test(n.protocol))&&n.host===r.host&&l.activeElement===s&&(d.top.location.href=t.value))}},d.addEventListener("message",d.wp.receiveEmbedMessage,!1),l.addEventListener("DOMContentLoaded",function(){for(var e,t,s=l.querySelectorAll("iframe.wp-embedded-content"),r=0;r<s.length;r++)(t=(e=s[r]).getAttribute("data-secret"))||(t=Math.random().toString(36).substring(2,12),e.src+="#?secret="+t,e.setAttribute("data-secret",t)),e.contentWindow.postMessage({message:"ready",secret:t},"*")},!1)))}(window,document);
//# sourceURL=https://stuttgarti-katolikusok.de/wp-includes/js/wp-embed.min.js
/* ]]> */
</script>

Programelőzetes &nbsp; Október 30-án, szerdán, Stuttgartban 10.15 órakor német nyelvű szentmise. * Október 31-én, csütörtökön, Ulmi délután, 17.30 órakor rózsafüzér imádság, utána szentmise. Szentmise végeztével a St. Georg Kirche melletti „Alter Friedhof” temetőben halottainkért imádkozunk. * November 1-jén, pénteken, Mindenszentek ünnepe, Weingartenben, 10.00 órakor szentmise a 14 Nothelfer Kapelle-ben, utána temetőlátogatás a Mária templom melletti temetőben. Stuttgartban 18.00 órakor rózsafüzér ájtatosság, majd szentmise. Utána temetőlátogatás, végül közös vacsora a Közösségi Teremben. * November 2-án, szombaton, Balingenben 17.00 órakor szentmise, majd ágápé. * November 3-án, évközi 31. vasárnap, Munderkingenben 9.00 órakor szentmise, annak végeztével pedig a temetőben halottainkról emlékezünk meg. Schwäbisch-Gmündben 9.30 órakor szentmise. Utána ágápé. Stuttgartban 15.00 órakor szentmise. Utána megemlékezés Sík Sándor katolikus pap-költőről, születésének 130. évfordulója alkalmából. Végül ágápé, amelynek keretében a compostelai gyalogos zarándoklat részleteit beszéljük meg. * Minden helyen mindenkit szeretettel vár a közösség, Imre atya és Tibor atya! &nbsp; „A születés és a halál közötti időszakot ÉLETNEK szoktuk nevezni. Tehát szabad azt ÉLETTEL megtölteni”. (Seibold Klaus – 1930-1995 – német miniszter) Kellemes őszi napokat, jó munkát, és szép találkozásokat kívánunk minden Kedves Hívünknek!
