{"version":"1.0","provider_name":"Stuttgarti Katolikusok","provider_url":"https:\/\/stuttgarti-katolikusok.de","title":"Okt\u00f3ber 26 \u00e9s november 1 k\u00f6z\u00f6tt - Stuttgarti Katolikusok","type":"rich","width":600,"height":338,"html":"<blockquote class=\"wp-embedded-content\" data-secret=\"SL7Qs4yD5k\"><a href=\"https:\/\/stuttgarti-katolikusok.de\/index.php\/oktober-26-es-november-1-kozott\/\">Okt\u00f3ber 26 \u00e9s november 1 k\u00f6z\u00f6tt<\/a><\/blockquote><iframe sandbox=\"allow-scripts\" security=\"restricted\" src=\"https:\/\/stuttgarti-katolikusok.de\/index.php\/oktober-26-es-november-1-kozott\/embed\/#?secret=SL7Qs4yD5k\" width=\"600\" height=\"338\" title=\"&#8220;Okt\u00f3ber 26 \u00e9s november 1 k\u00f6z\u00f6tt&#8221; &#8212; Stuttgarti Katolikusok\" data-secret=\"SL7Qs4yD5k\" frameborder=\"0\" marginwidth=\"0\" marginheight=\"0\" scrolling=\"no\" class=\"wp-embedded-content\"><\/iframe><script type=\"text\/javascript\">\n\/* <![CDATA[ *\/\n\/*! This file is auto-generated *\/\n!function(d,l){\"use strict\";l.querySelector&&d.addEventListener&&\"undefined\"!=typeof URL&&(d.wp=d.wp||{},d.wp.receiveEmbedMessage||(d.wp.receiveEmbedMessage=function(e){var t=e.data;if((t||t.secret||t.message||t.value)&&!\/[^a-zA-Z0-9]\/.test(t.secret)){for(var s,r,n,a=l.querySelectorAll('iframe[data-secret=\"'+t.secret+'\"]'),o=l.querySelectorAll('blockquote[data-secret=\"'+t.secret+'\"]'),c=new RegExp(\"^https?:$\",\"i\"),i=0;i<o.length;i++)o[i].style.display=\"none\";for(i=0;i<a.length;i++)s=a[i],e.source===s.contentWindow&&(s.removeAttribute(\"style\"),\"height\"===t.message?(1e3<(r=parseInt(t.value,10))?r=1e3:~~r<200&&(r=200),s.height=r):\"link\"===t.message&&(r=new URL(s.getAttribute(\"src\")),n=new URL(t.value),c.test(n.protocol))&&n.host===r.host&&l.activeElement===s&&(d.top.location.href=t.value))}},d.addEventListener(\"message\",d.wp.receiveEmbedMessage,!1),l.addEventListener(\"DOMContentLoaded\",function(){for(var e,t,s=l.querySelectorAll(\"iframe.wp-embedded-content\"),r=0;r<s.length;r++)(t=(e=s[r]).getAttribute(\"data-secret\"))||(t=Math.random().toString(36).substring(2,12),e.src+=\"#?secret=\"+t,e.setAttribute(\"data-secret\",t)),e.contentWindow.postMessage({message:\"ready\",secret:t},\"*\")},!1)))}(window,document);\n\/\/# sourceURL=https:\/\/stuttgarti-katolikusok.de\/wp-includes\/js\/wp-embed.min.js\n\/* ]]> *\/\n<\/script>\n","thumbnail_url":"https:\/\/stuttgarti-katolikusok.de\/wp-content\/uploads\/2020\/10\/temeto.jpg","thumbnail_width":640,"thumbnail_height":285,"description":"Programel\u0151zetes A jelenlegi egyh\u00e1zi rendelkez\u00e9sek \u00e9rtelm\u00e9ben a szentmise ut\u00e1ni \u00e1g\u00e1p\u00e9 elmarad! * Okt\u00f3ber 28-\u00e1n, szerd\u00e1n, Weingarteni d\u00e9lut\u00e1n. A 14 Nothelfer Kapelle-ben18 \u00f3rakor r\u00f3zsaf\u00fcz\u00e9rt im\u00e1dkozunk. Nincs szentmise! \u00a0* Okt\u00f3ber 29-\u00e9n, cs\u00fct\u00f6rt\u00f6k\u00f6n, Ulmi d\u00e9lut\u00e1n. 18.00 \u00f3rakor szentmise, el\u0151tte r\u00f3zsaf\u00fcz\u00e9rt im\u00e1dkozunk. Szentmise keret\u00e9ben Besz\u00e9lget\u00e9sek a Katekizmusr\u00f3l. * Okt\u00f3ber 30-\u00e1n,\u00a0p\u00e9nteken, Stuttgartban 16.00 \u00f3rakor Bar\u00e1ts\u00e1gklub. Sajnos a k\u00f6z\u00f6ss\u00e9gi terem konyh\u00e1j\u00e1t egyel\u0151re m\u00e9g nem tudjuk haszn\u00e1lni, 18.00 \u00f3rakor\u00a0okt\u00f3beri \u00e1jtatoss\u00e1g,\u00a0majd\u00a0szentmise, keret\u00e9ben Besz\u00e9lget\u00e9sek a Katekizmusr\u00f3l. * November 1-j\u00e9n, Mindenszentek \u00fcnnepe, Schw\u00e4bisch-Gm\u00fcndben 9.30 \u00f3rakor szentmise, Stuttgartban 15.00 \u00f3rakor gyerek-szentmise. Szentmise ut\u00e1n a k\u00f6zelben l\u00e9v\u0151 temet\u0151be l\u00e1togatunk el \u2013 Gablenberger Friedhof \u2013, ahol elhunyt szeretteink\u00e9rt im\u00e1dkozunk. * Minden helyen mindenkit szeretettel v\u00e1r a k\u00f6z\u00f6ss\u00e9g \u00e9s Tibor atya! Bens\u0151s\u00e9ges \u0151szi napokat, j\u00f3 munk\u00e1t, tartalmas besz\u00e9lget\u00e9seket \u00e9s \u00f6r\u00f6mteli tal\u00e1lkoz\u00e1sokat k\u00edv\u00e1nunk minden Kedves H\u00edv\u00fcnknek! * \u201eMindenszentek \u00fcnnepe az el\u0151tt\u00fcnk \u00e1ll\u00f3 \u00e9s h\u00edvogat\u00f3 c\u00e9l \u00fcnnepe (\u2026), az \u00f6r\u00f6k \u00e9let \u00fcnnepe, amelyhez nemcsak az elhunytak tartoznak, mi, a f\u00f6ld\u00f6n \u00e9l\u0151k is \u2013 a rem\u00e9nys\u00e9gben.\u201d (Csan\u00e1d B\u00e9la \u2013 1926-1996 \u2013 pap, k\u00f6lt\u0151, tan\u00e1r) (K\u00e9p forr\u00e1sa: pixabay.com)"}

Október 26 és november 1 között - Stuttgarti Katolikusok

<blockquote class="wp-embedded-content" data-secret="SL7Qs4yD5k"><a href="https://stuttgarti-katolikusok.de/index.php/oktober-26-es-november-1-kozott/">Október 26 és november 1 között</a></blockquote><iframe sandbox="allow-scripts" security="restricted" src="https://stuttgarti-katolikusok.de/index.php/oktober-26-es-november-1-kozott/embed/#?secret=SL7Qs4yD5k" width="600" height="338" title="&#8220;Október 26 és november 1 között&#8221; &#8212; Stuttgarti Katolikusok" data-secret="SL7Qs4yD5k" frameborder="0" marginwidth="0" marginheight="0" scrolling="no" class="wp-embedded-content"></iframe><script type="text/javascript">
/* <![CDATA[ */
/*! This file is auto-generated */
!function(d,l){"use strict";l.querySelector&&d.addEventListener&&"undefined"!=typeof URL&&(d.wp=d.wp||{},d.wp.receiveEmbedMessage||(d.wp.receiveEmbedMessage=function(e){var t=e.data;if((t||t.secret||t.message||t.value)&&!/[^a-zA-Z0-9]/.test(t.secret)){for(var s,r,n,a=l.querySelectorAll('iframe[data-secret="'+t.secret+'"]'),o=l.querySelectorAll('blockquote[data-secret="'+t.secret+'"]'),c=new RegExp("^https?:$","i"),i=0;i<o.length;i++)o[i].style.display="none";for(i=0;i<a.length;i++)s=a[i],e.source===s.contentWindow&&(s.removeAttribute("style"),"height"===t.message?(1e3<(r=parseInt(t.value,10))?r=1e3:~~r<200&&(r=200),s.height=r):"link"===t.message&&(r=new URL(s.getAttribute("src")),n=new URL(t.value),c.test(n.protocol))&&n.host===r.host&&l.activeElement===s&&(d.top.location.href=t.value))}},d.addEventListener("message",d.wp.receiveEmbedMessage,!1),l.addEventListener("DOMContentLoaded",function(){for(var e,t,s=l.querySelectorAll("iframe.wp-embedded-content"),r=0;r<s.length;r++)(t=(e=s[r]).getAttribute("data-secret"))||(t=Math.random().toString(36).substring(2,12),e.src+="#?secret="+t,e.setAttribute("data-secret",t)),e.contentWindow.postMessage({message:"ready",secret:t},"*")},!1)))}(window,document);
//# sourceURL=https://stuttgarti-katolikusok.de/wp-includes/js/wp-embed.min.js
/* ]]> */
</script>

Programelőzetes A jelenlegi egyházi rendelkezések értelmében a szentmise utáni ágápé elmarad! * Október 28-án, szerdán, Weingarteni délután. A 14 Nothelfer Kapelle-ben18 órakor rózsafüzért imádkozunk. Nincs szentmise!  * Október 29-én, csütörtökön, Ulmi délután. 18.00 órakor szentmise, előtte rózsafüzért imádkozunk. Szentmise keretében Beszélgetések a Katekizmusról. * Október 30-án, pénteken, Stuttgartban 16.00 órakor Barátságklub. Sajnos a közösségi terem konyháját egyelőre még nem tudjuk használni, 18.00 órakor októberi ájtatosság, majd szentmise, keretében Beszélgetések a Katekizmusról. * November 1-jén, Mindenszentek ünnepe, Schwäbisch-Gmündben 9.30 órakor szentmise, Stuttgartban 15.00 órakor gyerek-szentmise. Szentmise után a közelben lévő temetőbe látogatunk el – Gablenberger Friedhof –, ahol elhunyt szeretteinkért imádkozunk. * Minden helyen mindenkit szeretettel vár a közösség és Tibor atya! Bensőséges őszi napokat, jó munkát, tartalmas beszélgetéseket és örömteli találkozásokat kívánunk minden Kedves Hívünknek! * „Mindenszentek ünnepe az előttünk álló és hívogató cél ünnepe (…), az örök élet ünnepe, amelyhez nemcsak az elhunytak tartoznak, mi, a földön élők is – a reménységben.” (Csanád Béla – 1926-1996 – pap, költő, tanár) (Kép forrása: pixabay.com)
