{"version":"1.0","provider_name":"Stuttgarti Katolikusok","provider_url":"https:\/\/stuttgarti-katolikusok.de","title":"Okt\u00f3ber 14 \u00e9s 20 k\u00f6z\u00f6tt - Stuttgarti Katolikusok","type":"rich","width":600,"height":338,"html":"<blockquote class=\"wp-embedded-content\" data-secret=\"q6Xajj3Uxs\"><a href=\"https:\/\/stuttgarti-katolikusok.de\/index.php\/oktober-14-es-20-kozott\/\">Okt\u00f3ber 14 \u00e9s 20 k\u00f6z\u00f6tt<\/a><\/blockquote><iframe sandbox=\"allow-scripts\" security=\"restricted\" src=\"https:\/\/stuttgarti-katolikusok.de\/index.php\/oktober-14-es-20-kozott\/embed\/#?secret=q6Xajj3Uxs\" width=\"600\" height=\"338\" title=\"&#8220;Okt\u00f3ber 14 \u00e9s 20 k\u00f6z\u00f6tt&#8221; &#8212; Stuttgarti Katolikusok\" data-secret=\"q6Xajj3Uxs\" frameborder=\"0\" marginwidth=\"0\" marginheight=\"0\" scrolling=\"no\" class=\"wp-embedded-content\"><\/iframe><script type=\"text\/javascript\">\n\/* <![CDATA[ *\/\n\/*! This file is auto-generated *\/\n!function(d,l){\"use strict\";l.querySelector&&d.addEventListener&&\"undefined\"!=typeof URL&&(d.wp=d.wp||{},d.wp.receiveEmbedMessage||(d.wp.receiveEmbedMessage=function(e){var t=e.data;if((t||t.secret||t.message||t.value)&&!\/[^a-zA-Z0-9]\/.test(t.secret)){for(var s,r,n,a=l.querySelectorAll('iframe[data-secret=\"'+t.secret+'\"]'),o=l.querySelectorAll('blockquote[data-secret=\"'+t.secret+'\"]'),c=new RegExp(\"^https?:$\",\"i\"),i=0;i<o.length;i++)o[i].style.display=\"none\";for(i=0;i<a.length;i++)s=a[i],e.source===s.contentWindow&&(s.removeAttribute(\"style\"),\"height\"===t.message?(1e3<(r=parseInt(t.value,10))?r=1e3:~~r<200&&(r=200),s.height=r):\"link\"===t.message&&(r=new URL(s.getAttribute(\"src\")),n=new URL(t.value),c.test(n.protocol))&&n.host===r.host&&l.activeElement===s&&(d.top.location.href=t.value))}},d.addEventListener(\"message\",d.wp.receiveEmbedMessage,!1),l.addEventListener(\"DOMContentLoaded\",function(){for(var e,t,s=l.querySelectorAll(\"iframe.wp-embedded-content\"),r=0;r<s.length;r++)(t=(e=s[r]).getAttribute(\"data-secret\"))||(t=Math.random().toString(36).substring(2,12),e.src+=\"#?secret=\"+t,e.setAttribute(\"data-secret\",t)),e.contentWindow.postMessage({message:\"ready\",secret:t},\"*\")},!1)))}(window,document);\n\/\/# sourceURL=https:\/\/stuttgarti-katolikusok.de\/wp-includes\/js\/wp-embed.min.js\n\/* ]]> *\/\n<\/script>\n","description":"Programel\u0151zetes Okt\u00f3ber 17-\u00e9n, cs\u00fct\u00f6rt\u00f6k\u00f6n, Ulmi d\u00e9lut\u00e1n, 18.00 \u00f3rakor r\u00f3zsaf\u00fcz\u00e9r im\u00e1ds\u00e1g, ut\u00e1na szentmise. Kedves vend\u00e9geink lesznek: Braunhaxler Egyes\u00fclet, \u00d3buda-B\u00e9k\u00e1smegyerr\u0151l. * Okt\u00f3ber 18-\u00e1n, p\u00e9nteken, Stuttgartban 17.55 \u00f3rakor r\u00f3zsaf\u00fcz\u00e9r \u00e1jtatoss\u00e1g, majd szentmise B\u00f6jte Csaba aty\u00e1val. Ut\u00e1na el\u0151ad\u00e1s. Weingartenben, a Marien-Kirche-ben Weingarteni d\u00e9lut\u00e1n: 18.00 \u00f3rakor r\u00f3zsaf\u00fcz\u00e9r im\u00e1ds\u00e1g, ut\u00e1na szentmise. Keret\u00e9ben besz\u00e9lget\u00e9sek a Katekizmusr\u00f3l. * Okt\u00f3ber 20-\u00e1n, \u00e9vk\u00f6zi 29. vas\u00e1rnap, Ludwigsburgban 9.30 \u00f3rakor szentmise, ut\u00e1na \u00e1g\u00e1p\u00e9. Stuttgartban Nemzeti \u00dcnnep. 15.00 \u00f3rakor szentmise, keret\u00e9ben Nt. G\u00e9mes P\u00e1l hirdet ig\u00e9t. Ut\u00e1na r\u00f6vid kult\u00farm\u0171sor, majd \u00e1ll\u00f3fogad\u00e1s. * Minden helyen mindenkit szeretettel v\u00e1r a k\u00f6z\u00f6ss\u00e9g, Imre atya \u00e9s Tibor atya! \u00a0 \u201eSoha ne engedd, hogy valaki ne legyen boldogabb a veled val\u00f3 tal\u00e1lkoz\u00e1s ut\u00e1n, mint el\u0151tte!\u201d (Kalkuttai Szent Ter\u00e9z anya \u2013 1910-1997) \u00a0 Kellemes napokat, j\u00f3 tal\u00e1lkoz\u00e1sokat \u00e9s sok \u00f6r\u00f6met k\u00edv\u00e1nunk minden Kedves H\u00edv\u00fcnknek!"}

Október 14 és 20 között - Stuttgarti Katolikusok

<blockquote class="wp-embedded-content" data-secret="q6Xajj3Uxs"><a href="https://stuttgarti-katolikusok.de/index.php/oktober-14-es-20-kozott/">Október 14 és 20 között</a></blockquote><iframe sandbox="allow-scripts" security="restricted" src="https://stuttgarti-katolikusok.de/index.php/oktober-14-es-20-kozott/embed/#?secret=q6Xajj3Uxs" width="600" height="338" title="&#8220;Október 14 és 20 között&#8221; &#8212; Stuttgarti Katolikusok" data-secret="q6Xajj3Uxs" frameborder="0" marginwidth="0" marginheight="0" scrolling="no" class="wp-embedded-content"></iframe><script type="text/javascript">
/* <![CDATA[ */
/*! This file is auto-generated */
!function(d,l){"use strict";l.querySelector&&d.addEventListener&&"undefined"!=typeof URL&&(d.wp=d.wp||{},d.wp.receiveEmbedMessage||(d.wp.receiveEmbedMessage=function(e){var t=e.data;if((t||t.secret||t.message||t.value)&&!/[^a-zA-Z0-9]/.test(t.secret)){for(var s,r,n,a=l.querySelectorAll('iframe[data-secret="'+t.secret+'"]'),o=l.querySelectorAll('blockquote[data-secret="'+t.secret+'"]'),c=new RegExp("^https?:$","i"),i=0;i<o.length;i++)o[i].style.display="none";for(i=0;i<a.length;i++)s=a[i],e.source===s.contentWindow&&(s.removeAttribute("style"),"height"===t.message?(1e3<(r=parseInt(t.value,10))?r=1e3:~~r<200&&(r=200),s.height=r):"link"===t.message&&(r=new URL(s.getAttribute("src")),n=new URL(t.value),c.test(n.protocol))&&n.host===r.host&&l.activeElement===s&&(d.top.location.href=t.value))}},d.addEventListener("message",d.wp.receiveEmbedMessage,!1),l.addEventListener("DOMContentLoaded",function(){for(var e,t,s=l.querySelectorAll("iframe.wp-embedded-content"),r=0;r<s.length;r++)(t=(e=s[r]).getAttribute("data-secret"))||(t=Math.random().toString(36).substring(2,12),e.src+="#?secret="+t,e.setAttribute("data-secret",t)),e.contentWindow.postMessage({message:"ready",secret:t},"*")},!1)))}(window,document);
//# sourceURL=https://stuttgarti-katolikusok.de/wp-includes/js/wp-embed.min.js
/* ]]> */
</script>

Programelőzetes Október 17-én, csütörtökön, Ulmi délután, 18.00 órakor rózsafüzér imádság, utána szentmise. Kedves vendégeink lesznek: Braunhaxler Egyesület, Óbuda-Békásmegyerről. * Október 18-án, pénteken, Stuttgartban 17.55 órakor rózsafüzér ájtatosság, majd szentmise Böjte Csaba atyával. Utána előadás. Weingartenben, a Marien-Kirche-ben Weingarteni délután: 18.00 órakor rózsafüzér imádság, utána szentmise. Keretében beszélgetések a Katekizmusról. * Október 20-án, évközi 29. vasárnap, Ludwigsburgban 9.30 órakor szentmise, utána ágápé. Stuttgartban Nemzeti Ünnep. 15.00 órakor szentmise, keretében Nt. Gémes Pál hirdet igét. Utána rövid kultúrműsor, majd állófogadás. * Minden helyen mindenkit szeretettel vár a közösség, Imre atya és Tibor atya!   „Soha ne engedd, hogy valaki ne legyen boldogabb a veled való találkozás után, mint előtte!” (Kalkuttai Szent Teréz anya – 1910-1997)   Kellemes napokat, jó találkozásokat és sok örömet kívánunk minden Kedves Hívünknek!
