{"version":"1.0","provider_name":"Stuttgarti Katolikusok","provider_url":"https:\/\/stuttgarti-katolikusok.de","title":"Okt\u00f3ber 12 \u00e9s 18 k\u00f6z\u00f6tt - Stuttgarti Katolikusok","type":"rich","width":600,"height":338,"html":"<blockquote class=\"wp-embedded-content\" data-secret=\"ZoAYdnNKCI\"><a href=\"https:\/\/stuttgarti-katolikusok.de\/index.php\/oktober-12-es-18-kozott\/\">Okt\u00f3ber 12 \u00e9s 18 k\u00f6z\u00f6tt<\/a><\/blockquote><iframe sandbox=\"allow-scripts\" security=\"restricted\" src=\"https:\/\/stuttgarti-katolikusok.de\/index.php\/oktober-12-es-18-kozott\/embed\/#?secret=ZoAYdnNKCI\" width=\"600\" height=\"338\" title=\"&#8220;Okt\u00f3ber 12 \u00e9s 18 k\u00f6z\u00f6tt&#8221; &#8212; Stuttgarti Katolikusok\" data-secret=\"ZoAYdnNKCI\" frameborder=\"0\" marginwidth=\"0\" marginheight=\"0\" scrolling=\"no\" class=\"wp-embedded-content\"><\/iframe><script type=\"text\/javascript\">\n\/* <![CDATA[ *\/\n\/*! This file is auto-generated *\/\n!function(d,l){\"use strict\";l.querySelector&&d.addEventListener&&\"undefined\"!=typeof URL&&(d.wp=d.wp||{},d.wp.receiveEmbedMessage||(d.wp.receiveEmbedMessage=function(e){var t=e.data;if((t||t.secret||t.message||t.value)&&!\/[^a-zA-Z0-9]\/.test(t.secret)){for(var s,r,n,a=l.querySelectorAll('iframe[data-secret=\"'+t.secret+'\"]'),o=l.querySelectorAll('blockquote[data-secret=\"'+t.secret+'\"]'),c=new RegExp(\"^https?:$\",\"i\"),i=0;i<o.length;i++)o[i].style.display=\"none\";for(i=0;i<a.length;i++)s=a[i],e.source===s.contentWindow&&(s.removeAttribute(\"style\"),\"height\"===t.message?(1e3<(r=parseInt(t.value,10))?r=1e3:~~r<200&&(r=200),s.height=r):\"link\"===t.message&&(r=new URL(s.getAttribute(\"src\")),n=new URL(t.value),c.test(n.protocol))&&n.host===r.host&&l.activeElement===s&&(d.top.location.href=t.value))}},d.addEventListener(\"message\",d.wp.receiveEmbedMessage,!1),l.addEventListener(\"DOMContentLoaded\",function(){for(var e,t,s=l.querySelectorAll(\"iframe.wp-embedded-content\"),r=0;r<s.length;r++)(t=(e=s[r]).getAttribute(\"data-secret\"))||(t=Math.random().toString(36).substring(2,12),e.src+=\"#?secret=\"+t,e.setAttribute(\"data-secret\",t)),e.contentWindow.postMessage({message:\"ready\",secret:t},\"*\")},!1)))}(window,document);\n\/\/# sourceURL=https:\/\/stuttgarti-katolikusok.de\/wp-includes\/js\/wp-embed.min.js\n\/* ]]> *\/\n<\/script>\n","thumbnail_url":"https:\/\/stuttgarti-katolikusok.de\/wp-content\/uploads\/2020\/10\/cruz-2381213_640.jpg","thumbnail_width":640,"thumbnail_height":426,"description":"Programel\u0151zetes A jelenlegi egyh\u00e1zi rendelkez\u00e9sek \u00e9rtelm\u00e9ben a szentmise ut\u00e1ni \u00e1g\u00e1p\u00e9 elmarad! * Okt\u00f3ber 14-\u00e9n, szerd\u00e1n, Weingarteni d\u00e9lut\u00e1n, a 14 Kapelle-ben18 \u00f3rakor r\u00f3zsaf\u00fcz\u00e9rt im\u00e1dkozunk. Nincs szentmise! * Okt\u00f3ber 15-\u00e9n, cs\u00fct\u00f6rt\u00f6k\u00f6n, Ulmi d\u00e9lut\u00e1n, 18.00 \u00f3rakor r\u00f3zsaf\u00fcz\u00e9rt im\u00e1dkozunk. Ezt k\u00f6vet\u0151en szentmise, keret\u00e9ben Besz\u00e9lget\u00e9sek a Katekizmusr\u00f3l. * Okt\u00f3ber 16-\u00e1n,\u00a0p\u00e9nteken, Stuttgartban 16.00 \u00f3rakor Bar\u00e1ts\u00e1gklub. Sajnos a k\u00f6z\u00f6ss\u00e9gi terem konyh\u00e1j\u00e1t egyel\u0151re m\u00e9g nem tudjuk haszn\u00e1lni, 18.00 \u00f3rakor\u00a0okt\u00f3beri \u00e1jtatoss\u00e1g,\u00a0majd\u00a0szentmise, ut\u00e1na Bibliak\u00f6r. * Okt\u00f3ber 17-\u00e9n, szombaton, Heidenheimban 15.30 \u00f3rakor \u00f6kumenikus istentisztelet. Az istentisztelet megv\u00e1ltozott helysz\u00ednen lesz: \u00d6kumenisches Gemeindezentrum Mittelrein 89520 Heidenheim an der Brenz Hans-Thoma-Stra\u00dfe 50 * \u00a0Okt\u00f3ber 18-\u00e1n, \u00e9vk\u00f6zi 29. vas\u00e1rnap, Ludwigsburgban 9.30 \u00f3rakor szentmise, Stuttgartban 12.00 \u00f3rakor \u00f6kumenikus istentisztelet. Ezt k\u00f6vet\u0151en pedig r\u00f6vid \u00fcnnepi m\u0171sor 1956. okt\u00f3ber 23. eml\u00e9k\u00e9re. Eislingenben 15.00 \u00f3rakor szentmise. * Minden helyen mindenkit szeretettel v\u00e1r a k\u00f6z\u00f6ss\u00e9g \u00e9s Tibor atya! Bens\u0151s\u00e9ges \u0151szi napokat, j\u00f3 munk\u00e1t, tartalmas besz\u00e9lget\u00e9seket \u00e9s \u00f6r\u00f6mteli tal\u00e1lkoz\u00e1sokat k\u00edv\u00e1nunk minden Kedves H\u00edv\u00fcnknek! * \u201eSenkivel szemben nincs gy\u0171l\u00f6let sz\u00edvemben!\u2026\u201d (Mindszenty b\u00edboros 1956-os r\u00e1di\u00f3besz\u00e9d\u00e9nek kezd\u0151 szavai) (K\u00e9p forr\u00e1sa: pixabay.com)"}

Október 12 és 18 között - Stuttgarti Katolikusok

<blockquote class="wp-embedded-content" data-secret="ZoAYdnNKCI"><a href="https://stuttgarti-katolikusok.de/index.php/oktober-12-es-18-kozott/">Október 12 és 18 között</a></blockquote><iframe sandbox="allow-scripts" security="restricted" src="https://stuttgarti-katolikusok.de/index.php/oktober-12-es-18-kozott/embed/#?secret=ZoAYdnNKCI" width="600" height="338" title="&#8220;Október 12 és 18 között&#8221; &#8212; Stuttgarti Katolikusok" data-secret="ZoAYdnNKCI" frameborder="0" marginwidth="0" marginheight="0" scrolling="no" class="wp-embedded-content"></iframe><script type="text/javascript">
/* <![CDATA[ */
/*! This file is auto-generated */
!function(d,l){"use strict";l.querySelector&&d.addEventListener&&"undefined"!=typeof URL&&(d.wp=d.wp||{},d.wp.receiveEmbedMessage||(d.wp.receiveEmbedMessage=function(e){var t=e.data;if((t||t.secret||t.message||t.value)&&!/[^a-zA-Z0-9]/.test(t.secret)){for(var s,r,n,a=l.querySelectorAll('iframe[data-secret="'+t.secret+'"]'),o=l.querySelectorAll('blockquote[data-secret="'+t.secret+'"]'),c=new RegExp("^https?:$","i"),i=0;i<o.length;i++)o[i].style.display="none";for(i=0;i<a.length;i++)s=a[i],e.source===s.contentWindow&&(s.removeAttribute("style"),"height"===t.message?(1e3<(r=parseInt(t.value,10))?r=1e3:~~r<200&&(r=200),s.height=r):"link"===t.message&&(r=new URL(s.getAttribute("src")),n=new URL(t.value),c.test(n.protocol))&&n.host===r.host&&l.activeElement===s&&(d.top.location.href=t.value))}},d.addEventListener("message",d.wp.receiveEmbedMessage,!1),l.addEventListener("DOMContentLoaded",function(){for(var e,t,s=l.querySelectorAll("iframe.wp-embedded-content"),r=0;r<s.length;r++)(t=(e=s[r]).getAttribute("data-secret"))||(t=Math.random().toString(36).substring(2,12),e.src+="#?secret="+t,e.setAttribute("data-secret",t)),e.contentWindow.postMessage({message:"ready",secret:t},"*")},!1)))}(window,document);
//# sourceURL=https://stuttgarti-katolikusok.de/wp-includes/js/wp-embed.min.js
/* ]]> */
</script>

Programelőzetes A jelenlegi egyházi rendelkezések értelmében a szentmise utáni ágápé elmarad! * Október 14-én, szerdán, Weingarteni délután, a 14 Kapelle-ben18 órakor rózsafüzért imádkozunk. Nincs szentmise! * Október 15-én, csütörtökön, Ulmi délután, 18.00 órakor rózsafüzért imádkozunk. Ezt követően szentmise, keretében Beszélgetések a Katekizmusról. * Október 16-án, pénteken, Stuttgartban 16.00 órakor Barátságklub. Sajnos a közösségi terem konyháját egyelőre még nem tudjuk használni, 18.00 órakor októberi ájtatosság, majd szentmise, utána Bibliakör. * Október 17-én, szombaton, Heidenheimban 15.30 órakor ökumenikus istentisztelet. Az istentisztelet megváltozott helyszínen lesz: Ökumenisches Gemeindezentrum Mittelrein 89520 Heidenheim an der Brenz Hans-Thoma-Straße 50 *  Október 18-án, évközi 29. vasárnap, Ludwigsburgban 9.30 órakor szentmise, Stuttgartban 12.00 órakor ökumenikus istentisztelet. Ezt követően pedig rövid ünnepi műsor 1956. október 23. emlékére. Eislingenben 15.00 órakor szentmise. * Minden helyen mindenkit szeretettel vár a közösség és Tibor atya! Bensőséges őszi napokat, jó munkát, tartalmas beszélgetéseket és örömteli találkozásokat kívánunk minden Kedves Hívünknek! * „Senkivel szemben nincs gyűlölet szívemben!…” (Mindszenty bíboros 1956-os rádióbeszédének kezdő szavai) (Kép forrása: pixabay.com)
