{"version":"1.0","provider_name":"Stuttgarti Katolikusok","provider_url":"https:\/\/stuttgarti-katolikusok.de","title":"November 25 \u00e9s december 1 k\u00f6z\u00f6tt - Stuttgarti Katolikusok","type":"rich","width":600,"height":338,"html":"<blockquote class=\"wp-embedded-content\" data-secret=\"Y7nJHfI8a7\"><a href=\"https:\/\/stuttgarti-katolikusok.de\/index.php\/november-25-es-december-1-kozott\/\">November 25 \u00e9s december 1 k\u00f6z\u00f6tt<\/a><\/blockquote><iframe sandbox=\"allow-scripts\" security=\"restricted\" src=\"https:\/\/stuttgarti-katolikusok.de\/index.php\/november-25-es-december-1-kozott\/embed\/#?secret=Y7nJHfI8a7\" width=\"600\" height=\"338\" title=\"&#8220;November 25 \u00e9s december 1 k\u00f6z\u00f6tt&#8221; &#8212; Stuttgarti Katolikusok\" data-secret=\"Y7nJHfI8a7\" frameborder=\"0\" marginwidth=\"0\" marginheight=\"0\" scrolling=\"no\" class=\"wp-embedded-content\"><\/iframe><script type=\"text\/javascript\">\n\/* <![CDATA[ *\/\n\/*! This file is auto-generated *\/\n!function(d,l){\"use strict\";l.querySelector&&d.addEventListener&&\"undefined\"!=typeof URL&&(d.wp=d.wp||{},d.wp.receiveEmbedMessage||(d.wp.receiveEmbedMessage=function(e){var t=e.data;if((t||t.secret||t.message||t.value)&&!\/[^a-zA-Z0-9]\/.test(t.secret)){for(var s,r,n,a=l.querySelectorAll('iframe[data-secret=\"'+t.secret+'\"]'),o=l.querySelectorAll('blockquote[data-secret=\"'+t.secret+'\"]'),c=new RegExp(\"^https?:$\",\"i\"),i=0;i<o.length;i++)o[i].style.display=\"none\";for(i=0;i<a.length;i++)s=a[i],e.source===s.contentWindow&&(s.removeAttribute(\"style\"),\"height\"===t.message?(1e3<(r=parseInt(t.value,10))?r=1e3:~~r<200&&(r=200),s.height=r):\"link\"===t.message&&(r=new URL(s.getAttribute(\"src\")),n=new URL(t.value),c.test(n.protocol))&&n.host===r.host&&l.activeElement===s&&(d.top.location.href=t.value))}},d.addEventListener(\"message\",d.wp.receiveEmbedMessage,!1),l.addEventListener(\"DOMContentLoaded\",function(){for(var e,t,s=l.querySelectorAll(\"iframe.wp-embedded-content\"),r=0;r<s.length;r++)(t=(e=s[r]).getAttribute(\"data-secret\"))||(t=Math.random().toString(36).substring(2,12),e.src+=\"#?secret=\"+t,e.setAttribute(\"data-secret\",t)),e.contentWindow.postMessage({message:\"ready\",secret:t},\"*\")},!1)))}(window,document);\n\/\/# sourceURL=https:\/\/stuttgarti-katolikusok.de\/wp-includes\/js\/wp-embed.min.js\n\/* ]]> *\/\n<\/script>\n","description":"Programel\u0151zetes November 27-\u00e9n, szerd\u00e1n, Stuttgartban 10.15 \u00f3rakor n\u00e9met nyelv\u0171 szentmise. 19.00 \u00f3rakor: 10 \u00e9ves az Erasmus-Akad\u00e9mia. \u00dcnnepi megeml\u00e9kez\u00e9s a K\u00f6z\u00f6ss\u00e9gi Teremben. * November 28-\u00e1n, cs\u00fct\u00f6rt\u00f6k\u00f6n, Ulmi d\u00e9lut\u00e1n, 17.30 \u00f3rakor r\u00f3zsaf\u00fcz\u00e9r im\u00e1ds\u00e1g, ut\u00e1na szentmise. Keret\u00e9ben besz\u00e9lget\u00e9sek a Katekizmusr\u00f3l. * November 29-\u00e9n, p\u00e9nteken, Stuttgartban 16.00 \u00f3rakor Bar\u00e1ts\u00e1gklub. 18.00 \u00f3rakor r\u00f3zsaf\u00fcz\u00e9r, majd szentmise. Keret\u00e9ben P\u00e9nteki Egyetem, azaz: Besz\u00e9lget\u00e9sek a Katekizmusr\u00f3l. Ut\u00e1na bar\u00e1ti egy\u00fcttl\u00e9t az Irod\u00e1n. Weingarteni d\u00e9lut\u00e1n, a Marien Kirche-ben 17.30 \u00f3rakor r\u00f3zsaf\u00fcz\u00e9r im\u00e1ds\u00e1g, ut\u00e1na szentmise. Keret\u00e9ben: Besz\u00e9lget\u00e9sek a Katekizmusr\u00f3l. * December 1-j\u00e9n, advent 1. vas\u00e1rnapj\u00e1n, Munderkingenben 9.00 \u00f3rakor szentmise. Schw\u00e4bisch-Gm\u00fcndben 9.30 \u00f3rakor szentmise. Ut\u00e1na \u00e1g\u00e1p\u00e9. Stuttgartban 15.00 \u00f3rakor szentmise. Alatta gyermek-mise az altemplomban. A szentmise ut\u00e1n Adventi Koncert Mokbel-Nyeste Lilla \u00e9s m\u0171v\u00e9szt\u00e1rsai el\u0151ad\u00e1s\u00e1ban. V\u00e9g\u00fcl \u00e1g\u00e1p\u00e9. * Minden helyen mindenkit szeretettel v\u00e1r a k\u00f6z\u00f6ss\u00e9g, Imre atya \u00e9s Tibor atya! \u201eAz adventi id\u0151szak az az id\u0151, amelyben az ember id\u0151t szak\u00edt arra, hogy meggondolja: mire \u00e9rdemes id\u0151t t\u00f6lteni?\u201d (Gudrun Kopp \u2013 sz. 1955 \u2013 n\u00e9met k\u00f6lt\u0151n\u0151, \u00edr\u00f3n\u0151) Bens\u0151s\u00e9ges adventi napokat, j\u00f3 munk\u00e1t, \u00e9s sz\u00e9p tal\u00e1lkoz\u00e1sokat k\u00edv\u00e1nunk minden Kedves H\u00edv\u00fcnknek!"}

November 25 és december 1 között - Stuttgarti Katolikusok

<blockquote class="wp-embedded-content" data-secret="Y7nJHfI8a7"><a href="https://stuttgarti-katolikusok.de/index.php/november-25-es-december-1-kozott/">November 25 és december 1 között</a></blockquote><iframe sandbox="allow-scripts" security="restricted" src="https://stuttgarti-katolikusok.de/index.php/november-25-es-december-1-kozott/embed/#?secret=Y7nJHfI8a7" width="600" height="338" title="&#8220;November 25 és december 1 között&#8221; &#8212; Stuttgarti Katolikusok" data-secret="Y7nJHfI8a7" frameborder="0" marginwidth="0" marginheight="0" scrolling="no" class="wp-embedded-content"></iframe><script type="text/javascript">
/* <![CDATA[ */
/*! This file is auto-generated */
!function(d,l){"use strict";l.querySelector&&d.addEventListener&&"undefined"!=typeof URL&&(d.wp=d.wp||{},d.wp.receiveEmbedMessage||(d.wp.receiveEmbedMessage=function(e){var t=e.data;if((t||t.secret||t.message||t.value)&&!/[^a-zA-Z0-9]/.test(t.secret)){for(var s,r,n,a=l.querySelectorAll('iframe[data-secret="'+t.secret+'"]'),o=l.querySelectorAll('blockquote[data-secret="'+t.secret+'"]'),c=new RegExp("^https?:$","i"),i=0;i<o.length;i++)o[i].style.display="none";for(i=0;i<a.length;i++)s=a[i],e.source===s.contentWindow&&(s.removeAttribute("style"),"height"===t.message?(1e3<(r=parseInt(t.value,10))?r=1e3:~~r<200&&(r=200),s.height=r):"link"===t.message&&(r=new URL(s.getAttribute("src")),n=new URL(t.value),c.test(n.protocol))&&n.host===r.host&&l.activeElement===s&&(d.top.location.href=t.value))}},d.addEventListener("message",d.wp.receiveEmbedMessage,!1),l.addEventListener("DOMContentLoaded",function(){for(var e,t,s=l.querySelectorAll("iframe.wp-embedded-content"),r=0;r<s.length;r++)(t=(e=s[r]).getAttribute("data-secret"))||(t=Math.random().toString(36).substring(2,12),e.src+="#?secret="+t,e.setAttribute("data-secret",t)),e.contentWindow.postMessage({message:"ready",secret:t},"*")},!1)))}(window,document);
//# sourceURL=https://stuttgarti-katolikusok.de/wp-includes/js/wp-embed.min.js
/* ]]> */
</script>

Programelőzetes November 27-én, szerdán, Stuttgartban 10.15 órakor német nyelvű szentmise. 19.00 órakor: 10 éves az Erasmus-Akadémia. Ünnepi megemlékezés a Közösségi Teremben. * November 28-án, csütörtökön, Ulmi délután, 17.30 órakor rózsafüzér imádság, utána szentmise. Keretében beszélgetések a Katekizmusról. * November 29-én, pénteken, Stuttgartban 16.00 órakor Barátságklub. 18.00 órakor rózsafüzér, majd szentmise. Keretében Pénteki Egyetem, azaz: Beszélgetések a Katekizmusról. Utána baráti együttlét az Irodán. Weingarteni délután, a Marien Kirche-ben 17.30 órakor rózsafüzér imádság, utána szentmise. Keretében: Beszélgetések a Katekizmusról. * December 1-jén, advent 1. vasárnapján, Munderkingenben 9.00 órakor szentmise. Schwäbisch-Gmündben 9.30 órakor szentmise. Utána ágápé. Stuttgartban 15.00 órakor szentmise. Alatta gyermek-mise az altemplomban. A szentmise után Adventi Koncert Mokbel-Nyeste Lilla és művésztársai előadásában. Végül ágápé. * Minden helyen mindenkit szeretettel vár a közösség, Imre atya és Tibor atya! „Az adventi időszak az az idő, amelyben az ember időt szakít arra, hogy meggondolja: mire érdemes időt tölteni?” (Gudrun Kopp – sz. 1955 – német költőnő, írónő) Bensőséges adventi napokat, jó munkát, és szép találkozásokat kívánunk minden Kedves Hívünknek!
