{"version":"1.0","provider_name":"Stuttgarti Katolikusok","provider_url":"https:\/\/stuttgarti-katolikusok.de","title":"November 22 \u00e9s 28 k\u00f6z\u00f6tt - Stuttgarti Katolikusok","type":"rich","width":600,"height":338,"html":"<blockquote class=\"wp-embedded-content\" data-secret=\"uN3zZF0J4n\"><a href=\"https:\/\/stuttgarti-katolikusok.de\/index.php\/november-22-es-28-kozott\/\">November 22 \u00e9s 28 k\u00f6z\u00f6tt<\/a><\/blockquote><iframe sandbox=\"allow-scripts\" security=\"restricted\" src=\"https:\/\/stuttgarti-katolikusok.de\/index.php\/november-22-es-28-kozott\/embed\/#?secret=uN3zZF0J4n\" width=\"600\" height=\"338\" title=\"&#8220;November 22 \u00e9s 28 k\u00f6z\u00f6tt&#8221; &#8212; Stuttgarti Katolikusok\" data-secret=\"uN3zZF0J4n\" frameborder=\"0\" marginwidth=\"0\" marginheight=\"0\" scrolling=\"no\" class=\"wp-embedded-content\"><\/iframe><script type=\"text\/javascript\">\n\/* <![CDATA[ *\/\n\/*! This file is auto-generated *\/\n!function(d,l){\"use strict\";l.querySelector&&d.addEventListener&&\"undefined\"!=typeof URL&&(d.wp=d.wp||{},d.wp.receiveEmbedMessage||(d.wp.receiveEmbedMessage=function(e){var t=e.data;if((t||t.secret||t.message||t.value)&&!\/[^a-zA-Z0-9]\/.test(t.secret)){for(var s,r,n,a=l.querySelectorAll('iframe[data-secret=\"'+t.secret+'\"]'),o=l.querySelectorAll('blockquote[data-secret=\"'+t.secret+'\"]'),c=new RegExp(\"^https?:$\",\"i\"),i=0;i<o.length;i++)o[i].style.display=\"none\";for(i=0;i<a.length;i++)s=a[i],e.source===s.contentWindow&&(s.removeAttribute(\"style\"),\"height\"===t.message?(1e3<(r=parseInt(t.value,10))?r=1e3:~~r<200&&(r=200),s.height=r):\"link\"===t.message&&(r=new URL(s.getAttribute(\"src\")),n=new URL(t.value),c.test(n.protocol))&&n.host===r.host&&l.activeElement===s&&(d.top.location.href=t.value))}},d.addEventListener(\"message\",d.wp.receiveEmbedMessage,!1),l.addEventListener(\"DOMContentLoaded\",function(){for(var e,t,s=l.querySelectorAll(\"iframe.wp-embedded-content\"),r=0;r<s.length;r++)(t=(e=s[r]).getAttribute(\"data-secret\"))||(t=Math.random().toString(36).substring(2,12),e.src+=\"#?secret=\"+t,e.setAttribute(\"data-secret\",t)),e.contentWindow.postMessage({message:\"ready\",secret:t},\"*\")},!1)))}(window,document);\n\/\/# sourceURL=https:\/\/stuttgarti-katolikusok.de\/wp-includes\/js\/wp-embed.min.js\n\/* ]]> *\/\n<\/script>\n","thumbnail_url":"https:\/\/stuttgarti-katolikusok.de\/wp-content\/uploads\/2021\/11\/osz.jpg","thumbnail_width":1280,"thumbnail_height":853,"description":"Programel\u0151zetes A jelenlegi egyh\u00e1zi rendelkez\u00e9sek \u00e9rtelm\u00e9ben nem csak a szentmise tarthat\u00f3 meg. K\u00f6z\u00f6ss\u00e9gi termeinket imm\u00e1r haszn\u00e1lhatjuk, a helyi szab\u00e1lyok k\u00edn\u00e1lta lehet\u0151s\u00e9gek f\u00fcggv\u00e9ny\u00e9ben! Mindez helys\u00e9gekk\u00e9nt v\u00e1ltozik! Szentmis\u00e9n k\u00f6telez\u0151 a maszk haszn\u00e1lata, jelenl\u00e9ti lista n\u00e9vvel \u00e9s el\u00e9rhet\u0151s\u00e9ggel, kezek fert\u0151tlen\u00edt\u00e9se! Akik Stuttgartban vesznek r\u00e9szt a szentmis\u00e9n, azok sz\u00e1m\u00e1ra tov\u00e1bbra is el\u0151zetes bejelentkez\u00e9sre van sz\u00fcks\u00e9g, amelyet telefonon kereszt\u00fcl, vagy e-mailben tehetnek meg. \u00a0\u00a0* November 26-\u00e1n,\u00a0p\u00e9nteken, Stuttgarti d\u00e9lut\u00e1n, 16.00 \u00f3rakor Bar\u00e1ts\u00e1gklub (2G-vel lehet r\u00e9szt venni) 18.00 \u00f3rakor\u00a0n\u00e9met- \u00e9s magyarnyelv\u0171 szentmise. * November 27-\u00e9n, szombaton,\u00a0Reutlingenben\u00a016.30 \u00f3rakor\u00a0b\u00facs\u00fas\u00a0szentmise,\u00a0keret\u00e9ben \u00c1rp\u00e1d-h\u00e1zi Szent Erzs\u00e9betet k\u00f6sz\u00f6ntj\u00fck. * November 28-\u00e1n,\u00a0Advent I. vas\u00e1rnapj\u00e1n, B\u00f6blingenben 9.30 \u00f3rakor, adventi gyertyagy\u00fajt\u00e1s, szentmise, Heilbronnban\u00a015.30 \u00f3rakor adventi gyertyagy\u00fajt\u00e1s, szentmise. * * Minden helyen mindenkit szeretettel v\u00e1r a k\u00f6z\u00f6ss\u00e9g \u00e9s Tibor atya! Bens\u0151s\u00e9ges \u0151szi napokat, j\u00f3 munk\u00e1t, tartalmas besz\u00e9lget\u00e9seket, \u00f6r\u00f6mteli tal\u00e1lkoz\u00e1sokat \u00e9s \u00e1ldott adventi k\u00e9sz\u00fcletet k\u00edv\u00e1nunk minden Kedves H\u00edv\u00fcnknek! * Van-e \u00e9rz\u00e9s, mely forr\u00f3ban \u00e9s sejtelmesebben megdobogtatja az emberi sz\u00edvet, mint az \u00fcnnep \u00e9s a v\u00e1rakoz\u00e1s izgalma?\u00a0(M\u00e1rai S\u00e1ndor \u2013 1900-1989) (K\u00e9pek forr\u00e1sa: pixabay.com)"}

November 22 és 28 között - Stuttgarti Katolikusok

<blockquote class="wp-embedded-content" data-secret="uN3zZF0J4n"><a href="https://stuttgarti-katolikusok.de/index.php/november-22-es-28-kozott/">November 22 és 28 között</a></blockquote><iframe sandbox="allow-scripts" security="restricted" src="https://stuttgarti-katolikusok.de/index.php/november-22-es-28-kozott/embed/#?secret=uN3zZF0J4n" width="600" height="338" title="&#8220;November 22 és 28 között&#8221; &#8212; Stuttgarti Katolikusok" data-secret="uN3zZF0J4n" frameborder="0" marginwidth="0" marginheight="0" scrolling="no" class="wp-embedded-content"></iframe><script type="text/javascript">
/* <![CDATA[ */
/*! This file is auto-generated */
!function(d,l){"use strict";l.querySelector&&d.addEventListener&&"undefined"!=typeof URL&&(d.wp=d.wp||{},d.wp.receiveEmbedMessage||(d.wp.receiveEmbedMessage=function(e){var t=e.data;if((t||t.secret||t.message||t.value)&&!/[^a-zA-Z0-9]/.test(t.secret)){for(var s,r,n,a=l.querySelectorAll('iframe[data-secret="'+t.secret+'"]'),o=l.querySelectorAll('blockquote[data-secret="'+t.secret+'"]'),c=new RegExp("^https?:$","i"),i=0;i<o.length;i++)o[i].style.display="none";for(i=0;i<a.length;i++)s=a[i],e.source===s.contentWindow&&(s.removeAttribute("style"),"height"===t.message?(1e3<(r=parseInt(t.value,10))?r=1e3:~~r<200&&(r=200),s.height=r):"link"===t.message&&(r=new URL(s.getAttribute("src")),n=new URL(t.value),c.test(n.protocol))&&n.host===r.host&&l.activeElement===s&&(d.top.location.href=t.value))}},d.addEventListener("message",d.wp.receiveEmbedMessage,!1),l.addEventListener("DOMContentLoaded",function(){for(var e,t,s=l.querySelectorAll("iframe.wp-embedded-content"),r=0;r<s.length;r++)(t=(e=s[r]).getAttribute("data-secret"))||(t=Math.random().toString(36).substring(2,12),e.src+="#?secret="+t,e.setAttribute("data-secret",t)),e.contentWindow.postMessage({message:"ready",secret:t},"*")},!1)))}(window,document);
//# sourceURL=https://stuttgarti-katolikusok.de/wp-includes/js/wp-embed.min.js
/* ]]> */
</script>

Programelőzetes A jelenlegi egyházi rendelkezések értelmében nem csak a szentmise tartható meg. Közösségi termeinket immár használhatjuk, a helyi szabályok kínálta lehetőségek függvényében! Mindez helységekként változik! Szentmisén kötelező a maszk használata, jelenléti lista névvel és elérhetőséggel, kezek fertőtlenítése! Akik Stuttgartban vesznek részt a szentmisén, azok számára továbbra is előzetes bejelentkezésre van szükség, amelyet telefonon keresztül, vagy e-mailben tehetnek meg.   * November 26-án, pénteken, Stuttgarti délután, 16.00 órakor Barátságklub (2G-vel lehet részt venni) 18.00 órakor német- és magyarnyelvű szentmise. * November 27-én, szombaton, Reutlingenben 16.30 órakor búcsús szentmise, keretében Árpád-házi Szent Erzsébetet köszöntjük. * November 28-án, Advent I. vasárnapján, Böblingenben 9.30 órakor, adventi gyertyagyújtás, szentmise, Heilbronnban 15.30 órakor adventi gyertyagyújtás, szentmise. * * Minden helyen mindenkit szeretettel vár a közösség és Tibor atya! Bensőséges őszi napokat, jó munkát, tartalmas beszélgetéseket, örömteli találkozásokat és áldott adventi készületet kívánunk minden Kedves Hívünknek! * Van-e érzés, mely forróban és sejtelmesebben megdobogtatja az emberi szívet, mint az ünnep és a várakozás izgalma? (Márai Sándor – 1900-1989) (Képek forrása: pixabay.com)
