{"version":"1.0","provider_name":"Stuttgarti Katolikusok","provider_url":"https:\/\/stuttgarti-katolikusok.de","title":"November 18 \u00e9s 24 k\u00f6z\u00f6tt - Stuttgarti Katolikusok","type":"rich","width":600,"height":338,"html":"<blockquote class=\"wp-embedded-content\" data-secret=\"F5MPBIGvhm\"><a href=\"https:\/\/stuttgarti-katolikusok.de\/index.php\/november-18-es-24-kozott\/\">November 18 \u00e9s 24 k\u00f6z\u00f6tt<\/a><\/blockquote><iframe sandbox=\"allow-scripts\" security=\"restricted\" src=\"https:\/\/stuttgarti-katolikusok.de\/index.php\/november-18-es-24-kozott\/embed\/#?secret=F5MPBIGvhm\" width=\"600\" height=\"338\" title=\"&#8220;November 18 \u00e9s 24 k\u00f6z\u00f6tt&#8221; &#8212; Stuttgarti Katolikusok\" data-secret=\"F5MPBIGvhm\" frameborder=\"0\" marginwidth=\"0\" marginheight=\"0\" scrolling=\"no\" class=\"wp-embedded-content\"><\/iframe><script type=\"text\/javascript\">\n\/* <![CDATA[ *\/\n\/*! This file is auto-generated *\/\n!function(d,l){\"use strict\";l.querySelector&&d.addEventListener&&\"undefined\"!=typeof URL&&(d.wp=d.wp||{},d.wp.receiveEmbedMessage||(d.wp.receiveEmbedMessage=function(e){var t=e.data;if((t||t.secret||t.message||t.value)&&!\/[^a-zA-Z0-9]\/.test(t.secret)){for(var s,r,n,a=l.querySelectorAll('iframe[data-secret=\"'+t.secret+'\"]'),o=l.querySelectorAll('blockquote[data-secret=\"'+t.secret+'\"]'),c=new RegExp(\"^https?:$\",\"i\"),i=0;i<o.length;i++)o[i].style.display=\"none\";for(i=0;i<a.length;i++)s=a[i],e.source===s.contentWindow&&(s.removeAttribute(\"style\"),\"height\"===t.message?(1e3<(r=parseInt(t.value,10))?r=1e3:~~r<200&&(r=200),s.height=r):\"link\"===t.message&&(r=new URL(s.getAttribute(\"src\")),n=new URL(t.value),c.test(n.protocol))&&n.host===r.host&&l.activeElement===s&&(d.top.location.href=t.value))}},d.addEventListener(\"message\",d.wp.receiveEmbedMessage,!1),l.addEventListener(\"DOMContentLoaded\",function(){for(var e,t,s=l.querySelectorAll(\"iframe.wp-embedded-content\"),r=0;r<s.length;r++)(t=(e=s[r]).getAttribute(\"data-secret\"))||(t=Math.random().toString(36).substring(2,12),e.src+=\"#?secret=\"+t,e.setAttribute(\"data-secret\",t)),e.contentWindow.postMessage({message:\"ready\",secret:t},\"*\")},!1)))}(window,document);\n\/\/# sourceURL=https:\/\/stuttgarti-katolikusok.de\/wp-includes\/js\/wp-embed.min.js\n\/* ]]> *\/\n<\/script>\n","description":"Programel\u0151zetes November 21-\u00e9n, cs\u00fct\u00f6rt\u00f6k\u00f6n, az Ulmi d\u00e9lut\u00e1n ELMARAD! * November 22-\u00e9n, p\u00e9nteken, Stuttgartban 18.00 \u00f3rakor r\u00f3zsaf\u00fcz\u00e9r \u00e1jtatoss\u00e1g, majd szentmise. Keret\u00e9ben P\u00e9nteki Egyetem, azaz: Besz\u00e9lget\u00e9sek a Katekizmusr\u00f3l. Ut\u00e1na &#8211; r\u00e9gi hagyom\u00e1nyainknak megfelel\u0151en, ez alkalommal pedig a j\u00f6v\u0151 \u00e9vi budapesti Eucharisztikus Kongresszusra is k\u00e9sz\u00fclve \u2013 szents\u00e9gim\u00e1d\u00e1s. 19.00 \u00f3r\u00e1t\u00f3l Sportklub. A Weingarteni d\u00e9lut\u00e1n ELMARAD! * November 23-\u00e1n, szombaton, Heidenheimban 15.30 \u00f3rakor szentmise, majd \u2013 r\u00e9gi hagyom\u00e1nyainknak megfelel\u0151en, ez alkalommal pedig a j\u00f6v\u0151 \u00e9vi budapesti Eucharisztikus Kongresszusra is k\u00e9sz\u00fclve \u2013 szents\u00e9gim\u00e1d\u00e1s. V\u00e9g\u00fcl \u00e1g\u00e1p\u00e9. Reutlingenben templomb\u00facs\u00fa: \u00c1rp\u00e1dh\u00e1zi Szent Erzs\u00e9bet \u00fcnnepe. 13.00 \u00f3r\u00e1t\u00f3l gyalogos zar\u00e1ndoklat Reutlingenbe. Tal\u00e1lkoz\u00e1s a B 27-es Parkplatz Baggersee nev\u0171 parkol\u00f3j\u00e1ban. K\u00f6r\u00fclj\u00e1rjuk a Kirchentellinsfurt-i V\u00edzt\u00e1rol\u00f3t, majd ut\u00e1na ir\u00e1ny Reutlingenbe, ahol 16.30 \u00f3rakor \u00fcnnepi b\u00facs\u00fas szentmise. Ut\u00e1na \u2013 r\u00e9gi hagyom\u00e1nyainknak megfelel\u0151en, ez alkalommal pedig a j\u00f6v\u0151 \u00e9vi budapesti Eucharisztikus Kongresszusra is k\u00e9sz\u00fclve \u2013 szents\u00e9gim\u00e1d\u00e1s. V\u00e9g\u00fcl \u00e1g\u00e1p\u00e9. * November 24-\u00e9n, \u00e9vk\u00f6zi 34., Krisztus-Kir\u00e1ly-vas\u00e1rnapja, Biberachban 8.45 \u00f3rakor szentmise, ut\u00e1na \u00e1g\u00e1p\u00e9. B\u00f6blingen 9.30 \u00f3rakor szentmise, ut\u00e1na \u00e1g\u00e1p\u00e9. Ulmban 12.00 \u00f3rakor szentmise. Eislingenben 15.00 \u00f3rakor Sk\u00f3ciai Szent Margit egyh\u00e1zk\u00f6zs\u00e9gi b\u00facs\u00fas szentmise, ut\u00e1na \u00e1g\u00e1p\u00e9. Mind a szentmise, mind pedig az \u00e1g\u00e1p\u00e9 a St. Markus templomban \u00e9s k\u00f6z\u00f6ss\u00e9gi term\u00e9ben lesz (Kirchstrasse 33)! Heilbronnban 15.30 \u00f3rakor szentmise, ut\u00e1na \u00e1g\u00e1p\u00e9. * Minden helyen mindenkit szeretettel v\u00e1r a k\u00f6z\u00f6ss\u00e9g, Imre atya \u00e9s Tibor atya! \u201eHa egy ember \u00e1ltal egy kev\u00e9ssel t\u00f6bb szeretet \u00e9s j\u00f3s\u00e1g \u00e1radt a vil\u00e1gba, m\u00e1r nem volt hi\u00e1baval\u00f3 az \u00e9lete.\u201d (P. Alfred Delp \u2013 1907-1945 \u2013 jezsuita) Kellemes \u0151szv\u00e9gi napokat, j\u00f3 tal\u00e1lkoz\u00e1sokat \u00e9s sok \u00f6r\u00f6met k\u00edv\u00e1nunk minden Kedves H\u00edv\u00fcnknek!"}

November 18 és 24 között - Stuttgarti Katolikusok

<blockquote class="wp-embedded-content" data-secret="F5MPBIGvhm"><a href="https://stuttgarti-katolikusok.de/index.php/november-18-es-24-kozott/">November 18 és 24 között</a></blockquote><iframe sandbox="allow-scripts" security="restricted" src="https://stuttgarti-katolikusok.de/index.php/november-18-es-24-kozott/embed/#?secret=F5MPBIGvhm" width="600" height="338" title="&#8220;November 18 és 24 között&#8221; &#8212; Stuttgarti Katolikusok" data-secret="F5MPBIGvhm" frameborder="0" marginwidth="0" marginheight="0" scrolling="no" class="wp-embedded-content"></iframe><script type="text/javascript">
/* <![CDATA[ */
/*! This file is auto-generated */
!function(d,l){"use strict";l.querySelector&&d.addEventListener&&"undefined"!=typeof URL&&(d.wp=d.wp||{},d.wp.receiveEmbedMessage||(d.wp.receiveEmbedMessage=function(e){var t=e.data;if((t||t.secret||t.message||t.value)&&!/[^a-zA-Z0-9]/.test(t.secret)){for(var s,r,n,a=l.querySelectorAll('iframe[data-secret="'+t.secret+'"]'),o=l.querySelectorAll('blockquote[data-secret="'+t.secret+'"]'),c=new RegExp("^https?:$","i"),i=0;i<o.length;i++)o[i].style.display="none";for(i=0;i<a.length;i++)s=a[i],e.source===s.contentWindow&&(s.removeAttribute("style"),"height"===t.message?(1e3<(r=parseInt(t.value,10))?r=1e3:~~r<200&&(r=200),s.height=r):"link"===t.message&&(r=new URL(s.getAttribute("src")),n=new URL(t.value),c.test(n.protocol))&&n.host===r.host&&l.activeElement===s&&(d.top.location.href=t.value))}},d.addEventListener("message",d.wp.receiveEmbedMessage,!1),l.addEventListener("DOMContentLoaded",function(){for(var e,t,s=l.querySelectorAll("iframe.wp-embedded-content"),r=0;r<s.length;r++)(t=(e=s[r]).getAttribute("data-secret"))||(t=Math.random().toString(36).substring(2,12),e.src+="#?secret="+t,e.setAttribute("data-secret",t)),e.contentWindow.postMessage({message:"ready",secret:t},"*")},!1)))}(window,document);
//# sourceURL=https://stuttgarti-katolikusok.de/wp-includes/js/wp-embed.min.js
/* ]]> */
</script>

Programelőzetes November 21-én, csütörtökön, az Ulmi délután ELMARAD! * November 22-én, pénteken, Stuttgartban 18.00 órakor rózsafüzér ájtatosság, majd szentmise. Keretében Pénteki Egyetem, azaz: Beszélgetések a Katekizmusról. Utána &#8211; régi hagyományainknak megfelelően, ez alkalommal pedig a jövő évi budapesti Eucharisztikus Kongresszusra is készülve – szentségimádás. 19.00 órától Sportklub. A Weingarteni délután ELMARAD! * November 23-án, szombaton, Heidenheimban 15.30 órakor szentmise, majd – régi hagyományainknak megfelelően, ez alkalommal pedig a jövő évi budapesti Eucharisztikus Kongresszusra is készülve – szentségimádás. Végül ágápé. Reutlingenben templombúcsú: Árpádházi Szent Erzsébet ünnepe. 13.00 órától gyalogos zarándoklat Reutlingenbe. Találkozás a B 27-es Parkplatz Baggersee nevű parkolójában. Körüljárjuk a Kirchentellinsfurt-i Víztárolót, majd utána irány Reutlingenbe, ahol 16.30 órakor ünnepi búcsús szentmise. Utána – régi hagyományainknak megfelelően, ez alkalommal pedig a jövő évi budapesti Eucharisztikus Kongresszusra is készülve – szentségimádás. Végül ágápé. * November 24-én, évközi 34., Krisztus-Király-vasárnapja, Biberachban 8.45 órakor szentmise, utána ágápé. Böblingen 9.30 órakor szentmise, utána ágápé. Ulmban 12.00 órakor szentmise. Eislingenben 15.00 órakor Skóciai Szent Margit egyházközségi búcsús szentmise, utána ágápé. Mind a szentmise, mind pedig az ágápé a St. Markus templomban és közösségi termében lesz (Kirchstrasse 33)! Heilbronnban 15.30 órakor szentmise, utána ágápé. * Minden helyen mindenkit szeretettel vár a közösség, Imre atya és Tibor atya! „Ha egy ember által egy kevéssel több szeretet és jóság áradt a világba, már nem volt hiábavaló az élete.” (P. Alfred Delp – 1907-1945 – jezsuita) Kellemes őszvégi napokat, jó találkozásokat és sok örömet kívánunk minden Kedves Hívünknek!
