{"version":"1.0","provider_name":"Stuttgarti Katolikusok","provider_url":"https:\/\/stuttgarti-katolikusok.de","title":"November 16 \u00e9s 22 k\u00f6z\u00f6tt - Stuttgarti Katolikusok","type":"rich","width":600,"height":338,"html":"<blockquote class=\"wp-embedded-content\" data-secret=\"UGBzXttCPA\"><a href=\"https:\/\/stuttgarti-katolikusok.de\/index.php\/november-16-es-22-kozott\/\">November 16 \u00e9s 22 k\u00f6z\u00f6tt<\/a><\/blockquote><iframe sandbox=\"allow-scripts\" security=\"restricted\" src=\"https:\/\/stuttgarti-katolikusok.de\/index.php\/november-16-es-22-kozott\/embed\/#?secret=UGBzXttCPA\" width=\"600\" height=\"338\" title=\"&#8220;November 16 \u00e9s 22 k\u00f6z\u00f6tt&#8221; &#8212; Stuttgarti Katolikusok\" data-secret=\"UGBzXttCPA\" frameborder=\"0\" marginwidth=\"0\" marginheight=\"0\" scrolling=\"no\" class=\"wp-embedded-content\"><\/iframe><script type=\"text\/javascript\">\n\/* <![CDATA[ *\/\n\/*! This file is auto-generated *\/\n!function(d,l){\"use strict\";l.querySelector&&d.addEventListener&&\"undefined\"!=typeof URL&&(d.wp=d.wp||{},d.wp.receiveEmbedMessage||(d.wp.receiveEmbedMessage=function(e){var t=e.data;if((t||t.secret||t.message||t.value)&&!\/[^a-zA-Z0-9]\/.test(t.secret)){for(var s,r,n,a=l.querySelectorAll('iframe[data-secret=\"'+t.secret+'\"]'),o=l.querySelectorAll('blockquote[data-secret=\"'+t.secret+'\"]'),c=new RegExp(\"^https?:$\",\"i\"),i=0;i<o.length;i++)o[i].style.display=\"none\";for(i=0;i<a.length;i++)s=a[i],e.source===s.contentWindow&&(s.removeAttribute(\"style\"),\"height\"===t.message?(1e3<(r=parseInt(t.value,10))?r=1e3:~~r<200&&(r=200),s.height=r):\"link\"===t.message&&(r=new URL(s.getAttribute(\"src\")),n=new URL(t.value),c.test(n.protocol))&&n.host===r.host&&l.activeElement===s&&(d.top.location.href=t.value))}},d.addEventListener(\"message\",d.wp.receiveEmbedMessage,!1),l.addEventListener(\"DOMContentLoaded\",function(){for(var e,t,s=l.querySelectorAll(\"iframe.wp-embedded-content\"),r=0;r<s.length;r++)(t=(e=s[r]).getAttribute(\"data-secret\"))||(t=Math.random().toString(36).substring(2,12),e.src+=\"#?secret=\"+t,e.setAttribute(\"data-secret\",t)),e.contentWindow.postMessage({message:\"ready\",secret:t},\"*\")},!1)))}(window,document);\n\/\/# sourceURL=https:\/\/stuttgarti-katolikusok.de\/wp-includes\/js\/wp-embed.min.js\n\/* ]]> *\/\n<\/script>\n","thumbnail_url":"https:\/\/stuttgarti-katolikusok.de\/wp-content\/uploads\/2020\/11\/nek.jpg","thumbnail_width":508,"thumbnail_height":375,"description":"Programel\u0151zetes A jelenlegi egyh\u00e1zi rendelkez\u00e9sek \u00e9rtelm\u00e9ben a szentmise ut\u00e1ni \u00e1g\u00e1p\u00e9 elmarad!\u00a0\u00a0 Szentmis\u00e9n k\u00f6telez\u0151 a maszk haszn\u00e1lata, jelenl\u00e9ti lista n\u00e9vvel \u00e9s el\u00e9rhet\u0151s\u00e9ggel, kezek fert\u0151tlen\u00edt\u00e9se! * November 18-\u00e1n, szerd\u00e1n, Weingarteni d\u00e9lut\u00e1n. A 14 Nothelfer Kapelle-ben18.00 \u00f3rakor szentmise, el\u0151tte r\u00f3zsaf\u00fcz\u00e9rt im\u00e1dkozunk. Szentmise keret\u00e9ben Besz\u00e9lget\u00e9sek a Katekizmusr\u00f3l. * November 19-\u00e9n, cs\u00fct\u00f6rt\u00f6k\u00f6n, Ulmi d\u00e9lut\u00e1n. 18.00 \u00f3rakor szentmise, el\u0151tte r\u00f3zsaf\u00fcz\u00e9rt im\u00e1dkozunk. A szentmis\u00e9ben \u00c1rp\u00e1d-h\u00e1zi Szent Erzs\u00e9betr\u0151l eml\u00e9kez\u00fcnk meg. * November 20-\u00e1n,\u00a0p\u00e9nteken, Stuttgartban 18.00 \u00f3rakor\u00a0szentmise, keret\u00e9ben Besz\u00e9lget\u00e9sek a Katekizmusr\u00f3l. * November 21-\u00e9n, szombaton, Heidenheimban 15.30 \u00f3rakor szentmise. Szentmise v\u00e9gezt\u00e9vel pedig bekapcsol\u00f3dunk a vil\u00e1gm\u00e9ret\u0171 szents\u00e9gim\u00e1d\u00e1sba. \u00a0 * November 22-\u00e9n, Krisztus Kir\u00e1ly vas\u00e1rnapja, B\u00f6blingenben 9.30 \u00f3rakor szentmise, Heilbronnban 15.30 \u00f3rakor szentmise. * Minden helyen mindenkit szeretettel v\u00e1r a k\u00f6z\u00f6ss\u00e9g \u00e9s Tibor atya! Bens\u0151s\u00e9ges \u0151szi napokat, j\u00f3 munk\u00e1t, tartalmas besz\u00e9lget\u00e9seket \u00e9s \u00f6r\u00f6mteli tal\u00e1lkoz\u00e1sokat k\u00edv\u00e1nunk minden Kedves H\u00edv\u00fcnknek! * ,,Istenem, te tudod, mennyire szerettem az uramat. Odaadn\u00e1m \u00e9rte az eg\u00e9sz vil\u00e1got, ha visszanyerhetn\u00e9m. De akaratod ellen\u00e9re nem akarom visszah\u00edvni m\u00e9g akkor sem, ha csak n\u00e9h\u00e1ny hajsz\u00e1lamat kellene adnom \u00e9rte&#8221;. (r\u00e9szlet \u00c1rp\u00e1d-h\u00e1zi Szent Erzs\u00e9bet im\u00e1ds\u00e1g\u00e1b\u00f3l)"}

November 16 és 22 között - Stuttgarti Katolikusok

<blockquote class="wp-embedded-content" data-secret="UGBzXttCPA"><a href="https://stuttgarti-katolikusok.de/index.php/november-16-es-22-kozott/">November 16 és 22 között</a></blockquote><iframe sandbox="allow-scripts" security="restricted" src="https://stuttgarti-katolikusok.de/index.php/november-16-es-22-kozott/embed/#?secret=UGBzXttCPA" width="600" height="338" title="&#8220;November 16 és 22 között&#8221; &#8212; Stuttgarti Katolikusok" data-secret="UGBzXttCPA" frameborder="0" marginwidth="0" marginheight="0" scrolling="no" class="wp-embedded-content"></iframe><script type="text/javascript">
/* <![CDATA[ */
/*! This file is auto-generated */
!function(d,l){"use strict";l.querySelector&&d.addEventListener&&"undefined"!=typeof URL&&(d.wp=d.wp||{},d.wp.receiveEmbedMessage||(d.wp.receiveEmbedMessage=function(e){var t=e.data;if((t||t.secret||t.message||t.value)&&!/[^a-zA-Z0-9]/.test(t.secret)){for(var s,r,n,a=l.querySelectorAll('iframe[data-secret="'+t.secret+'"]'),o=l.querySelectorAll('blockquote[data-secret="'+t.secret+'"]'),c=new RegExp("^https?:$","i"),i=0;i<o.length;i++)o[i].style.display="none";for(i=0;i<a.length;i++)s=a[i],e.source===s.contentWindow&&(s.removeAttribute("style"),"height"===t.message?(1e3<(r=parseInt(t.value,10))?r=1e3:~~r<200&&(r=200),s.height=r):"link"===t.message&&(r=new URL(s.getAttribute("src")),n=new URL(t.value),c.test(n.protocol))&&n.host===r.host&&l.activeElement===s&&(d.top.location.href=t.value))}},d.addEventListener("message",d.wp.receiveEmbedMessage,!1),l.addEventListener("DOMContentLoaded",function(){for(var e,t,s=l.querySelectorAll("iframe.wp-embedded-content"),r=0;r<s.length;r++)(t=(e=s[r]).getAttribute("data-secret"))||(t=Math.random().toString(36).substring(2,12),e.src+="#?secret="+t,e.setAttribute("data-secret",t)),e.contentWindow.postMessage({message:"ready",secret:t},"*")},!1)))}(window,document);
//# sourceURL=https://stuttgarti-katolikusok.de/wp-includes/js/wp-embed.min.js
/* ]]> */
</script>

Programelőzetes A jelenlegi egyházi rendelkezések értelmében a szentmise utáni ágápé elmarad!   Szentmisén kötelező a maszk használata, jelenléti lista névvel és elérhetőséggel, kezek fertőtlenítése! * November 18-án, szerdán, Weingarteni délután. A 14 Nothelfer Kapelle-ben18.00 órakor szentmise, előtte rózsafüzért imádkozunk. Szentmise keretében Beszélgetések a Katekizmusról. * November 19-én, csütörtökön, Ulmi délután. 18.00 órakor szentmise, előtte rózsafüzért imádkozunk. A szentmisében Árpád-házi Szent Erzsébetről emlékezünk meg. * November 20-án, pénteken, Stuttgartban 18.00 órakor szentmise, keretében Beszélgetések a Katekizmusról. * November 21-én, szombaton, Heidenheimban 15.30 órakor szentmise. Szentmise végeztével pedig bekapcsolódunk a világméretű szentségimádásba.   * November 22-én, Krisztus Király vasárnapja, Böblingenben 9.30 órakor szentmise, Heilbronnban 15.30 órakor szentmise. * Minden helyen mindenkit szeretettel vár a közösség és Tibor atya! Bensőséges őszi napokat, jó munkát, tartalmas beszélgetéseket és örömteli találkozásokat kívánunk minden Kedves Hívünknek! * ,,Istenem, te tudod, mennyire szerettem az uramat. Odaadnám érte az egész világot, ha visszanyerhetném. De akaratod ellenére nem akarom visszahívni még akkor sem, ha csak néhány hajszálamat kellene adnom érte&#8221;. (részlet Árpád-házi Szent Erzsébet imádságából)
