{"version":"1.0","provider_name":"Stuttgarti Katolikusok","provider_url":"https:\/\/stuttgarti-katolikusok.de","title":"\u201eNem rejthet\u0151 el a hegyen \u00e9p\u00fclt\u201c temet\u0151. - Stuttgarti Katolikusok","type":"rich","width":600,"height":338,"html":"<blockquote class=\"wp-embedded-content\" data-secret=\"eT8lkWlgKQ\"><a href=\"https:\/\/stuttgarti-katolikusok.de\/index.php\/nem-rejtheto-el-a-hegyen-epult-temeto\/\">\u201eNem rejthet\u0151 el a hegyen \u00e9p\u00fclt\u201c temet\u0151.<\/a><\/blockquote><iframe sandbox=\"allow-scripts\" security=\"restricted\" src=\"https:\/\/stuttgarti-katolikusok.de\/index.php\/nem-rejtheto-el-a-hegyen-epult-temeto\/embed\/#?secret=eT8lkWlgKQ\" width=\"600\" height=\"338\" title=\"&#8220;\u201eNem rejthet\u0151 el a hegyen \u00e9p\u00fclt\u201c temet\u0151.&#8221; &#8212; Stuttgarti Katolikusok\" data-secret=\"eT8lkWlgKQ\" frameborder=\"0\" marginwidth=\"0\" marginheight=\"0\" scrolling=\"no\" class=\"wp-embedded-content\"><\/iframe><script type=\"text\/javascript\">\n\/* <![CDATA[ *\/\n\/*! This file is auto-generated *\/\n!function(d,l){\"use strict\";l.querySelector&&d.addEventListener&&\"undefined\"!=typeof URL&&(d.wp=d.wp||{},d.wp.receiveEmbedMessage||(d.wp.receiveEmbedMessage=function(e){var t=e.data;if((t||t.secret||t.message||t.value)&&!\/[^a-zA-Z0-9]\/.test(t.secret)){for(var s,r,n,a=l.querySelectorAll('iframe[data-secret=\"'+t.secret+'\"]'),o=l.querySelectorAll('blockquote[data-secret=\"'+t.secret+'\"]'),c=new RegExp(\"^https?:$\",\"i\"),i=0;i<o.length;i++)o[i].style.display=\"none\";for(i=0;i<a.length;i++)s=a[i],e.source===s.contentWindow&&(s.removeAttribute(\"style\"),\"height\"===t.message?(1e3<(r=parseInt(t.value,10))?r=1e3:~~r<200&&(r=200),s.height=r):\"link\"===t.message&&(r=new URL(s.getAttribute(\"src\")),n=new URL(t.value),c.test(n.protocol))&&n.host===r.host&&l.activeElement===s&&(d.top.location.href=t.value))}},d.addEventListener(\"message\",d.wp.receiveEmbedMessage,!1),l.addEventListener(\"DOMContentLoaded\",function(){for(var e,t,s=l.querySelectorAll(\"iframe.wp-embedded-content\"),r=0;r<s.length;r++)(t=(e=s[r]).getAttribute(\"data-secret\"))||(t=Math.random().toString(36).substring(2,12),e.src+=\"#?secret=\"+t,e.setAttribute(\"data-secret\",t)),e.contentWindow.postMessage({message:\"ready\",secret:t},\"*\")},!1)))}(window,document);\n\/\/# sourceURL=https:\/\/stuttgarti-katolikusok.de\/wp-includes\/js\/wp-embed.min.js\n\/* ]]> *\/\n<\/script>\n","description":"Most is, mint legt\u00f6bbsz\u00f6r, szinte fut\u00f3l\u00e9p\u00e9sben tettem meg az utat a villamosmeg\u00e1ll\u00f3ig, hogy m\u00e9g id\u0151ben oda\u00e9rhessek a Bruder Klaus templomunkba. Ezen a napon egy k\u00fcl\u00f6nlegesnek mondhat\u00f3 szentmis\u00e9re siettem, amelyet \u201eaz Egyh\u00e1z diadal\u00fcnnep\u00e9nek neveznek , amelyen az Isten seregszeml\u00e9t tart mennyben diadalmaskod\u00f3 szentjei felett,\u201c \/Szunyogh Xav\u00e9r\/ \u00edgy nem volt id\u0151 arra, hogy \u00fatk\u00f6zben meg\u00e9rintsen az a k\u00f6rnyezet, amelynek n\u00e9h\u00e1ny sz\u00e1zm\u00e9ter\u00e9t magam m\u00f6g\u00f6tt hagytam, hogy beszippantsam annak az \u0151szre, az elm\u00fal\u00e1sra eml\u00e9keztet\u0151 a hervad\u00e1s-eny\u00e9szet\u00e9nek kiss\u00e9 keserny\u00e9s, avatag illat\u00e1t. Csak amikor a villamosr\u00f3l lesz\u00e1lltam, \u00e9szleltem, hogy egy utaz\u00e1snyi id\u0151 eltelt\u00e9vel mennyire megv\u00e1ltozott az \u00f6narck\u00e9pe az \u0151sznek. Legszebb sz\u00ednpomp\u00e1jukban \u00e1lltak sorfalat nekem, az aranyl\u00f3 s\u00e1rg\u00e1ban, pirosas barn\u00e1ban, s csod\u00e1latos sz\u00ednkavalk\u00e1dban burkol\u00f3dzott \u00fatmenti f\u00e1k, \u00e9s a gy\u00e9r\u00fcl\u0151 \u00e1glevelei k\u00f6z\u00fcl ki-kibukkan\u00f3 Nap, ink\u00e1bb vid\u00e1m, semmint szomork\u00e1s hangulatot \u00e9bresztett lelkemben. S amikor a templom k\u00f6zel\u00e9be \u00e9rtem, ott, ahol gr\u00e1dicsos \u00fat vezet az Isten h\u00e1z\u00e1hoz, \u00e9szre kellett, hogy vegyem, milyen nagy m\u0171v\u00e9sz a term\u00e9szet. Rendelkezz\u00e9k valaki csup\u00e1n egy csippetnyi sz\u00e9ps\u00e9g\u00e9rzettel, m\u00e1r is el\u00e1mul azon a sz\u00e9ps\u00e9gen, hogy miel\u0151tt megkompon\u00e1lta volna a fejem feletti \u00e1gak baldachins\u00e1tor\u00e1t, mily nagy gondja volt arra is, hogy fest\u0151palett\u00e1j\u00e1n a legszebb sz\u00edneket keverje ki, \u00e9s ecsetj\u00e9t abba belem\u00e1rtva, a k\u00e9t oldalr\u00f3l \u00f6sszebor\u00fal\u00f3, \u00e9s egym\u00e1snak sugdos\u00f3 fa\u00e1gakat, ehhez a vas\u00e1rnaphoz ill\u0151en gy\u00f6ny\u00f6r\u0171 ruh\u00e1ba \u00f6lt\u00f6ztesse. Mert nemcsak P\u00e1rizsba &#8211; ahogy Ady mondta -, de Stuttgartba is besz\u00f6k\u00f6tt az \u0151sz. &nbsp; Ezen a napon, &#8211; egyr\u00e9szt az\u00e9rt mert Mindenszentek mis\u00e9j\u00e9n szeretteink r\u00e9sz\u00e9re b\u00facs\u00fat nyerhet\u00fcnk, m\u00e1sr\u00e9sz az\u00e9rt is mert minden vas\u00e1rnap parancsolt \u00fcnnepnapot jelent, amely a h\u00edv\u0151ket szentmis\u00e9n val\u00f3 r\u00e9sztv\u00e9telre k\u00f6telezi, &#8211; zs\u00fafol\u00e1sig megtelt a templom. &nbsp; A szentmise f\u0151celebr\u00e1nsa ez\u00fattal Tibor atya volt, aki Imre aty\u00e1val egy\u00fctt koncelebr\u00e1lta a szentmis\u00e9t, s az aznapi Evang\u00e9liumot is, Mt 5,1-12-\u0151t az el\u0151bbi olvasta fel, \u00e9s gondolatait is \u0151 osztotta meg vel\u00fcnk, a boldogs\u00e1gr\u00f3l \u00e9s a Mindenszentek \u00fcnnep\u00e9nek a t\u00e9m\u00e1j\u00e1r\u00f3l. &nbsp; \u00c8rdekes k\u00f6zj\u00e1t\u00e9ka volt az \u00e9letnek, hogy a k\u00f6zelm\u00faltban m\u00e1r alkalmam... R\u00e9szletek"}

„Nem rejthető el a hegyen épült“ temető. - Stuttgarti Katolikusok

<blockquote class="wp-embedded-content" data-secret="eT8lkWlgKQ"><a href="https://stuttgarti-katolikusok.de/index.php/nem-rejtheto-el-a-hegyen-epult-temeto/">„Nem rejthető el a hegyen épült“ temető.</a></blockquote><iframe sandbox="allow-scripts" security="restricted" src="https://stuttgarti-katolikusok.de/index.php/nem-rejtheto-el-a-hegyen-epult-temeto/embed/#?secret=eT8lkWlgKQ" width="600" height="338" title="&#8220;„Nem rejthető el a hegyen épült“ temető.&#8221; &#8212; Stuttgarti Katolikusok" data-secret="eT8lkWlgKQ" frameborder="0" marginwidth="0" marginheight="0" scrolling="no" class="wp-embedded-content"></iframe><script type="text/javascript">
/* <![CDATA[ */
/*! This file is auto-generated */
!function(d,l){"use strict";l.querySelector&&d.addEventListener&&"undefined"!=typeof URL&&(d.wp=d.wp||{},d.wp.receiveEmbedMessage||(d.wp.receiveEmbedMessage=function(e){var t=e.data;if((t||t.secret||t.message||t.value)&&!/[^a-zA-Z0-9]/.test(t.secret)){for(var s,r,n,a=l.querySelectorAll('iframe[data-secret="'+t.secret+'"]'),o=l.querySelectorAll('blockquote[data-secret="'+t.secret+'"]'),c=new RegExp("^https?:$","i"),i=0;i<o.length;i++)o[i].style.display="none";for(i=0;i<a.length;i++)s=a[i],e.source===s.contentWindow&&(s.removeAttribute("style"),"height"===t.message?(1e3<(r=parseInt(t.value,10))?r=1e3:~~r<200&&(r=200),s.height=r):"link"===t.message&&(r=new URL(s.getAttribute("src")),n=new URL(t.value),c.test(n.protocol))&&n.host===r.host&&l.activeElement===s&&(d.top.location.href=t.value))}},d.addEventListener("message",d.wp.receiveEmbedMessage,!1),l.addEventListener("DOMContentLoaded",function(){for(var e,t,s=l.querySelectorAll("iframe.wp-embedded-content"),r=0;r<s.length;r++)(t=(e=s[r]).getAttribute("data-secret"))||(t=Math.random().toString(36).substring(2,12),e.src+="#?secret="+t,e.setAttribute("data-secret",t)),e.contentWindow.postMessage({message:"ready",secret:t},"*")},!1)))}(window,document);
//# sourceURL=https://stuttgarti-katolikusok.de/wp-includes/js/wp-embed.min.js
/* ]]> */
</script>

Most is, mint legtöbbször, szinte futólépésben tettem meg az utat a villamosmegállóig, hogy még időben odaérhessek a Bruder Klaus templomunkba. Ezen a napon egy különlegesnek mondható szentmisére siettem, amelyet „az Egyház diadalünnepének neveznek , amelyen az Isten seregszemlét tart mennyben diadalmaskodó szentjei felett,“ /Szunyogh Xavér/ így nem volt idő arra, hogy útközben megérintsen az a környezet, amelynek néhány százméterét magam mögött hagytam, hogy beszippantsam annak az őszre, az elmúlásra emlékeztető a hervadás-enyészetének kissé kesernyés, avatag illatát. Csak amikor a villamosról leszálltam, észleltem, hogy egy utazásnyi idő elteltével mennyire megváltozott az önarcképe az ősznek. Legszebb színpompájukban álltak sorfalat nekem, az aranyló sárgában, pirosas barnában, s csodálatos színkavalkádban burkolódzott útmenti fák, és a gyérülő áglevelei közül ki-kibukkanó Nap, inkább vidám, semmint szomorkás hangulatot ébresztett lelkemben. S amikor a templom közelébe értem, ott, ahol grádicsos út vezet az Isten házához, észre kellett, hogy vegyem, milyen nagy művész a természet. Rendelkezzék valaki csupán egy csippetnyi szépségérzettel, már is elámul azon a szépségen, hogy mielőtt megkomponálta volna a fejem feletti ágak baldachinsátorát, mily nagy gondja volt arra is, hogy festőpalettáján a legszebb színeket keverje ki, és ecsetjét abba belemártva, a két oldalról összeborúló, és egymásnak sugdosó faágakat, ehhez a vasárnaphoz illően gyönyörű ruhába öltöztesse. Mert nemcsak Párizsba &#8211; ahogy Ady mondta -, de Stuttgartba is beszökött az ősz. &nbsp; Ezen a napon, &#8211; egyrészt azért mert Mindenszentek miséjén szeretteink részére búcsút nyerhetünk, másrész azért is mert minden vasárnap parancsolt ünnepnapot jelent, amely a hívőket szentmisén való résztvételre kötelezi, &#8211; zsúfolásig megtelt a templom. &nbsp; A szentmise főcelebránsa ezúttal Tibor atya volt, aki Imre atyával együtt koncelebrálta a szentmisét, s az aznapi Evangéliumot is, Mt 5,1-12-őt az előbbi olvasta fel, és gondolatait is ő osztotta meg velünk, a boldogságról és a Mindenszentek ünnepének a témájáról. &nbsp; Èrdekes közjátéka volt az életnek, hogy a közelmúltban már alkalmam... Részletek
