{"version":"1.0","provider_name":"Stuttgarti Katolikusok","provider_url":"https:\/\/stuttgarti-katolikusok.de","title":"Nagyp\u00e9ntek - J\u00e9zus Krisztus kereszthal\u00e1l\u00e1nak napja - Stuttgarti Katolikusok","type":"rich","width":600,"height":338,"html":"<blockquote class=\"wp-embedded-content\" data-secret=\"0l4JZ4ajTb\"><a href=\"https:\/\/stuttgarti-katolikusok.de\/index.php\/nagypentek-jezus-krisztus-kereszthalalanak-napja\/\">Nagyp\u00e9ntek &#8211; J\u00e9zus Krisztus kereszthal\u00e1l\u00e1nak napja<\/a><\/blockquote><iframe sandbox=\"allow-scripts\" security=\"restricted\" src=\"https:\/\/stuttgarti-katolikusok.de\/index.php\/nagypentek-jezus-krisztus-kereszthalalanak-napja\/embed\/#?secret=0l4JZ4ajTb\" width=\"600\" height=\"338\" title=\"&#8220;Nagyp\u00e9ntek &#8211; J\u00e9zus Krisztus kereszthal\u00e1l\u00e1nak napja&#8221; &#8212; Stuttgarti Katolikusok\" data-secret=\"0l4JZ4ajTb\" frameborder=\"0\" marginwidth=\"0\" marginheight=\"0\" scrolling=\"no\" class=\"wp-embedded-content\"><\/iframe><script type=\"text\/javascript\">\n\/* <![CDATA[ *\/\n\/*! This file is auto-generated *\/\n!function(d,l){\"use strict\";l.querySelector&&d.addEventListener&&\"undefined\"!=typeof URL&&(d.wp=d.wp||{},d.wp.receiveEmbedMessage||(d.wp.receiveEmbedMessage=function(e){var t=e.data;if((t||t.secret||t.message||t.value)&&!\/[^a-zA-Z0-9]\/.test(t.secret)){for(var s,r,n,a=l.querySelectorAll('iframe[data-secret=\"'+t.secret+'\"]'),o=l.querySelectorAll('blockquote[data-secret=\"'+t.secret+'\"]'),c=new RegExp(\"^https?:$\",\"i\"),i=0;i<o.length;i++)o[i].style.display=\"none\";for(i=0;i<a.length;i++)s=a[i],e.source===s.contentWindow&&(s.removeAttribute(\"style\"),\"height\"===t.message?(1e3<(r=parseInt(t.value,10))?r=1e3:~~r<200&&(r=200),s.height=r):\"link\"===t.message&&(r=new URL(s.getAttribute(\"src\")),n=new URL(t.value),c.test(n.protocol))&&n.host===r.host&&l.activeElement===s&&(d.top.location.href=t.value))}},d.addEventListener(\"message\",d.wp.receiveEmbedMessage,!1),l.addEventListener(\"DOMContentLoaded\",function(){for(var e,t,s=l.querySelectorAll(\"iframe.wp-embedded-content\"),r=0;r<s.length;r++)(t=(e=s[r]).getAttribute(\"data-secret\"))||(t=Math.random().toString(36).substring(2,12),e.src+=\"#?secret=\"+t,e.setAttribute(\"data-secret\",t)),e.contentWindow.postMessage({message:\"ready\",secret:t},\"*\")},!1)))}(window,document);\n\/\/# sourceURL=https:\/\/stuttgarti-katolikusok.de\/wp-includes\/js\/wp-embed.min.js\n\/* ]]> *\/\n<\/script>\n","description":"Nagyp\u00e9ntek \u2013 J\u00e9zus Krisztus kereszthal\u00e1l\u00e1nak napja Nagyp\u00e9ntek J\u00e9zus el\u00edt\u00e9l\u00e9s\u00e9nek, megk\u00ednz\u00e1s\u00e1nak, hal\u00e1l\u00e1nak \u00e9s temet\u00e9s\u00e9nek napja. Ezen a napon nincs szentmise. Arra eml\u00e9kez\u00fcnk, hogy maga az \u00f6r\u00f6k F\u0151pap mutatta be \u00e1ldozat\u00e1t a kereszt olt\u00e1r\u00e1n. Nagyp\u00e9ntek a h\u00fasv\u00e9tot, a legr\u00e9gibb \u00e9s legnagyobb kereszt\u00e9ny \u00fcnnepet megel\u0151z\u0151 szent h\u00e1romnap egyike. A kereszt\u00e9ny egyh\u00e1zak tan\u00edt\u00e1sa szerint h\u00fasv\u00e9t J\u00e9zus Krisztus felt\u00e1mad\u00e1s\u00e1nak \u00fcnnepe, ideje a tavaszi nap\u00e9jegyenl\u0151s\u00e9get k\u00f6vet\u0151 els\u0151 holdt\u00f6lte ut\u00e1ni els\u0151 vas\u00e1rnap, vagyis m\u00e1rcius 22. \u00e9s \u00e1prilis 25. k\u00f6z\u00e9 esik. A h\u00fasv\u00e9tot hamvaz\u00f3szerd\u00e1t\u00f3l nagyszombatig negyvennapos b\u00f6jt k\u00e9sz\u00edti el\u0151, a h\u00fasv\u00e9tot megel\u0151z\u0151 utols\u00f3 nagyb\u00f6jti h\u00e9t a nagyh\u00e9t (lat.: hebdomada Sancta), amely vir\u00e1gvas\u00e1rnappal kezd\u0151dik. A nagyh\u00e9ten bel\u00fcl a h\u00fasv\u00e9ti szent h\u00e1romnapon (liturgikus nev\u00e9n: Sacrum Triduum Paschale), azaz nagycs\u00fct\u00f6rt\u00f6k\u00f6n, nagyp\u00e9nteken \u00e9s nagyszombaton, valamint h\u00fasv\u00e9tvas\u00e1rnap eml\u00e9kezik meg a kereszt\u00e9nys\u00e9g J\u00e9zus Krisztus k\u00ednszenved\u00e9s\u00e9r\u0151l, kereszthal\u00e1l\u00e1r\u00f3l \u00e9s felt\u00e1mad\u00e1s\u00e1r\u00f3l. A Szent\u00edr\u00e1s elbesz\u00e9l\u00e9se szerint nagyp\u00e9ntek hajnal\u00e1n \u00e9rt v\u00e9get Jeruzs\u00e1lemben az a vall\u00e1si per, amelyet az el\u00f6lj\u00e1r\u00f3kb\u00f3l, \u00edr\u00e1stud\u00f3kb\u00f3l \u00e9s v\u00e9nekb\u0151l \u00e1ll\u00f3 Nagytan\u00e1cs ind\u00edtott J\u00e9zus ellen. Istenk\u00e1roml\u00e1s v\u00e1dj\u00e1val \u2013 Isten Fi\u00e1nak vallotta mag\u00e1t \u2013 hal\u00e1lra \u00edt\u00e9lt\u00e9k, majd reggel \u00e1tk\u00eds\u00e9rt\u00e9k Pil\u00e1tushoz, a r\u00f3mai helytart\u00f3hoz, \u00e9s azzal v\u00e1dolt\u00e1k meg, hogy a zsid\u00f3k kir\u00e1ly\u00e1nak vallja mag\u00e1t. Pil\u00e1tus \u2013 b\u00e1r l\u00e1tta, hogy \u00e1rtatlan, \u00e9s pr\u00f3b\u00e1lta megmenteni \u2013 m\u00e9gis meger\u0151s\u00edtette az \u00e9jszaka hozott hal\u00e1los \u00edt\u00e9letet, amelyet m\u00e9g aznap d\u00e9lel\u0151tt v\u00e9grehajtott\u00e1k, J\u00e9zust keresztre fesz\u00edtett\u00e9k. A magyar nagyp\u00e9ntek sz\u00f3 a keleti egyh\u00e1zban szok\u00e1sos g\u00f6r\u00f6g elnevez\u00e9st k\u00f6veti: h\u00e9 hagia kai megal\u00e9 paraszkeu\u00e9, azaz a szent \u00e9s nagy k\u00e9sz\u00fcleti nap. A nyugati egyh\u00e1zban hivatalos latin neve: feria sexta in passione et morte Domini, vagyis az \u00dar szenved\u00e9s\u00e9nek \u00e9s hal\u00e1l\u00e1nak p\u00e9ntekje. Angol nyelvter\u00fcleten hossz\u00fa vagy j\u00f3 p\u00e9nteknek is nevezik, n\u00e9met elnevez\u00e9se, a Karfreitag az \u00f3n\u00e9met kara (b\u00e1nat, gy\u00e1sz) sz\u00f3b\u00f3l ered. A nagyp\u00e9nteki szertart\u00e1s az \u00e9v legmegrend\u00fcltebb liturgi\u00e1ja. A J\u00e9zust jelk\u00e9pez\u0151 olt\u00e1r d\u00edszek n\u00e9lk\u00fcl, csupaszon \u00e1ll. Az olt\u00e1r \u00fcres: nincsen rajta sem kereszt, sem ter\u00edt\u0151, sem gyertya. De eml\u00e9keztethet a Golgota csupasz sziklat\u00f6mbj\u00e9re is, ahol a megv\u00e1lt\u00e1s \u00e1ldozata megt\u00f6rt\u00e9nt.... R\u00e9szletek"}

Nagypéntek - Jézus Krisztus kereszthalálának napja - Stuttgarti Katolikusok

<blockquote class="wp-embedded-content" data-secret="0l4JZ4ajTb"><a href="https://stuttgarti-katolikusok.de/index.php/nagypentek-jezus-krisztus-kereszthalalanak-napja/">Nagypéntek &#8211; Jézus Krisztus kereszthalálának napja</a></blockquote><iframe sandbox="allow-scripts" security="restricted" src="https://stuttgarti-katolikusok.de/index.php/nagypentek-jezus-krisztus-kereszthalalanak-napja/embed/#?secret=0l4JZ4ajTb" width="600" height="338" title="&#8220;Nagypéntek &#8211; Jézus Krisztus kereszthalálának napja&#8221; &#8212; Stuttgarti Katolikusok" data-secret="0l4JZ4ajTb" frameborder="0" marginwidth="0" marginheight="0" scrolling="no" class="wp-embedded-content"></iframe><script type="text/javascript">
/* <![CDATA[ */
/*! This file is auto-generated */
!function(d,l){"use strict";l.querySelector&&d.addEventListener&&"undefined"!=typeof URL&&(d.wp=d.wp||{},d.wp.receiveEmbedMessage||(d.wp.receiveEmbedMessage=function(e){var t=e.data;if((t||t.secret||t.message||t.value)&&!/[^a-zA-Z0-9]/.test(t.secret)){for(var s,r,n,a=l.querySelectorAll('iframe[data-secret="'+t.secret+'"]'),o=l.querySelectorAll('blockquote[data-secret="'+t.secret+'"]'),c=new RegExp("^https?:$","i"),i=0;i<o.length;i++)o[i].style.display="none";for(i=0;i<a.length;i++)s=a[i],e.source===s.contentWindow&&(s.removeAttribute("style"),"height"===t.message?(1e3<(r=parseInt(t.value,10))?r=1e3:~~r<200&&(r=200),s.height=r):"link"===t.message&&(r=new URL(s.getAttribute("src")),n=new URL(t.value),c.test(n.protocol))&&n.host===r.host&&l.activeElement===s&&(d.top.location.href=t.value))}},d.addEventListener("message",d.wp.receiveEmbedMessage,!1),l.addEventListener("DOMContentLoaded",function(){for(var e,t,s=l.querySelectorAll("iframe.wp-embedded-content"),r=0;r<s.length;r++)(t=(e=s[r]).getAttribute("data-secret"))||(t=Math.random().toString(36).substring(2,12),e.src+="#?secret="+t,e.setAttribute("data-secret",t)),e.contentWindow.postMessage({message:"ready",secret:t},"*")},!1)))}(window,document);
//# sourceURL=https://stuttgarti-katolikusok.de/wp-includes/js/wp-embed.min.js
/* ]]> */
</script>

Nagypéntek – Jézus Krisztus kereszthalálának napja Nagypéntek Jézus elítélésének, megkínzásának, halálának és temetésének napja. Ezen a napon nincs szentmise. Arra emlékezünk, hogy maga az örök Főpap mutatta be áldozatát a kereszt oltárán. Nagypéntek a húsvétot, a legrégibb és legnagyobb keresztény ünnepet megelőző szent háromnap egyike. A keresztény egyházak tanítása szerint húsvét Jézus Krisztus feltámadásának ünnepe, ideje a tavaszi napéjegyenlőséget követő első holdtölte utáni első vasárnap, vagyis március 22. és április 25. közé esik. A húsvétot hamvazószerdától nagyszombatig negyvennapos böjt készíti elő, a húsvétot megelőző utolsó nagyböjti hét a nagyhét (lat.: hebdomada Sancta), amely virágvasárnappal kezdődik. A nagyhéten belül a húsvéti szent háromnapon (liturgikus nevén: Sacrum Triduum Paschale), azaz nagycsütörtökön, nagypénteken és nagyszombaton, valamint húsvétvasárnap emlékezik meg a kereszténység Jézus Krisztus kínszenvedéséről, kereszthaláláról és feltámadásáról. A Szentírás elbeszélése szerint nagypéntek hajnalán ért véget Jeruzsálemben az a vallási per, amelyet az elöljárókból, írástudókból és vénekből álló Nagytanács indított Jézus ellen. Istenkáromlás vádjával – Isten Fiának vallotta magát – halálra ítélték, majd reggel átkísérték Pilátushoz, a római helytartóhoz, és azzal vádolták meg, hogy a zsidók királyának vallja magát. Pilátus – bár látta, hogy ártatlan, és próbálta megmenteni – mégis megerősítette az éjszaka hozott halálos ítéletet, amelyet még aznap délelőtt végrehajtották, Jézust keresztre feszítették. A magyar nagypéntek szó a keleti egyházban szokásos görög elnevezést követi: hé hagia kai megalé paraszkeué, azaz a szent és nagy készületi nap. A nyugati egyházban hivatalos latin neve: feria sexta in passione et morte Domini, vagyis az Úr szenvedésének és halálának péntekje. Angol nyelvterületen hosszú vagy jó pénteknek is nevezik, német elnevezése, a Karfreitag az ónémet kara (bánat, gyász) szóból ered. A nagypénteki szertartás az év legmegrendültebb liturgiája. A Jézust jelképező oltár díszek nélkül, csupaszon áll. Az oltár üres: nincsen rajta sem kereszt, sem terítő, sem gyertya. De emlékeztethet a Golgota csupasz sziklatömbjére is, ahol a megváltás áldozata megtörtént.... Részletek
