{"version":"1.0","provider_name":"Stuttgarti Katolikusok","provider_url":"https:\/\/stuttgarti-katolikusok.de","title":"Nagycs\u00fct\u00f6rt\u00f6k, az utols\u00f3 vacsora mis\u00e9je - Stuttgarti Katolikusok","type":"rich","width":600,"height":338,"html":"<blockquote class=\"wp-embedded-content\" data-secret=\"xQFSSUmovr\"><a href=\"https:\/\/stuttgarti-katolikusok.de\/index.php\/nagycsutortok-az-utolso-vacsora-miseje\/\">Nagycs\u00fct\u00f6rt\u00f6k, az utols\u00f3 vacsora mis\u00e9je<\/a><\/blockquote><iframe sandbox=\"allow-scripts\" security=\"restricted\" src=\"https:\/\/stuttgarti-katolikusok.de\/index.php\/nagycsutortok-az-utolso-vacsora-miseje\/embed\/#?secret=xQFSSUmovr\" width=\"600\" height=\"338\" title=\"&#8220;Nagycs\u00fct\u00f6rt\u00f6k, az utols\u00f3 vacsora mis\u00e9je&#8221; &#8212; Stuttgarti Katolikusok\" data-secret=\"xQFSSUmovr\" frameborder=\"0\" marginwidth=\"0\" marginheight=\"0\" scrolling=\"no\" class=\"wp-embedded-content\"><\/iframe><script type=\"text\/javascript\">\n\/* <![CDATA[ *\/\n\/*! This file is auto-generated *\/\n!function(d,l){\"use strict\";l.querySelector&&d.addEventListener&&\"undefined\"!=typeof URL&&(d.wp=d.wp||{},d.wp.receiveEmbedMessage||(d.wp.receiveEmbedMessage=function(e){var t=e.data;if((t||t.secret||t.message||t.value)&&!\/[^a-zA-Z0-9]\/.test(t.secret)){for(var s,r,n,a=l.querySelectorAll('iframe[data-secret=\"'+t.secret+'\"]'),o=l.querySelectorAll('blockquote[data-secret=\"'+t.secret+'\"]'),c=new RegExp(\"^https?:$\",\"i\"),i=0;i<o.length;i++)o[i].style.display=\"none\";for(i=0;i<a.length;i++)s=a[i],e.source===s.contentWindow&&(s.removeAttribute(\"style\"),\"height\"===t.message?(1e3<(r=parseInt(t.value,10))?r=1e3:~~r<200&&(r=200),s.height=r):\"link\"===t.message&&(r=new URL(s.getAttribute(\"src\")),n=new URL(t.value),c.test(n.protocol))&&n.host===r.host&&l.activeElement===s&&(d.top.location.href=t.value))}},d.addEventListener(\"message\",d.wp.receiveEmbedMessage,!1),l.addEventListener(\"DOMContentLoaded\",function(){for(var e,t,s=l.querySelectorAll(\"iframe.wp-embedded-content\"),r=0;r<s.length;r++)(t=(e=s[r]).getAttribute(\"data-secret\"))||(t=Math.random().toString(36).substring(2,12),e.src+=\"#?secret=\"+t,e.setAttribute(\"data-secret\",t)),e.contentWindow.postMessage({message:\"ready\",secret:t},\"*\")},!1)))}(window,document);\n\/\/# sourceURL=https:\/\/stuttgarti-katolikusok.de\/wp-includes\/js\/wp-embed.min.js\n\/* ]]> *\/\n<\/script>\n","thumbnail_url":"https:\/\/stuttgarti-katolikusok.de\/wp-content\/uploads\/2022\/04\/holy-thursday-g6d80b5ec7-1280.jpg","thumbnail_width":1280,"thumbnail_height":720,"description":"Bar\u00e1ti szeretet Nagycs\u00fct\u00f6rt\u00f6k f\u00e9ny\u00e9ben Mindig is mag\u00e1val ragadott a Szent H\u00e1romnap liturgi\u00e1ja, hiszen annyi csod\u00e1latos \u00e9s m\u00e9ly \u00fczenet, tan\u00edt\u00e1s van benne. Egyben b\u0151s\u00e9ggel k\u00edn\u00e1lja kincseit mindazoknak, akik k\u00e9rnek bel\u0151le. S ami\u00f3ta lelkip\u00e1sztork\u00e9nt szolg\u00e1lok, sz\u00e1momra ezek a liturgi\u00e1k a cs\u00facspontot is jelentik egyben. Az utols\u00f3 vacsora egyik megrend\u00edt\u0151 t\u00f6rt\u00e9n\u00e9se, amikor J\u00e9zus kend\u0151t k\u00f6t \u00e9s sorra megmossa az apostolok l\u00e1b\u00e1t. \u00a0Nem tesz kiv\u00e9telt, hiszen az \u00e1rul\u00f3 J\u00fad\u00e1s is r\u00e9szese e nemes \u00e9s bar\u00e1ti tettnek. \u201eMiut\u00e1n megmosta l\u00e1bukat, f\u00f6lvette fels\u0151 ruh\u00e1j\u00e1t, \u00fajra asztalhoz \u00fclt \u00e9s \u00edgy sz\u00f3lt hozz\u00e1juk: Meg\u00e9rtett\u00e9tek, hogy mit tettem veletek?&#8230; P\u00e9ld\u00e1t adtam nektek, hogy amit \u00e9n tettem, ti is tegy\u00e9tek meg.\u201d (Jn 13,12.15). E gesztus \u00e9rtelme alapvet\u0151en kett\u0151s: egyr\u00e9szt ugyanazt tenni, amire J\u00e9zus p\u00e9ld\u00e1t mutatott, m\u00e1sr\u00e9szt \u00fcnnepelni \u00e9s \u00e1t\u00e9lni azt a szeretetet, amely J\u00e9zus h\u00fasv\u00e9ti titk\u00e1nak l\u00e9nyege. Ez pedig, \u00fcdv\u00f6ss\u00e9g\u00fcnk\u00e9rt ki\u00fcres\u00edtette \u00f6nmag\u00e1t, szolg\u00e1v\u00e1 lett, \u00e9let\u00e9t szeretetb\u0151l mindenki\u00e9rt odaadta. B\u00e1r a liturgia keret\u00e9ben nem v\u00e9gezz\u00fck el ma a l\u00e1bmos\u00e1s szertart\u00e1s\u00e1t, az\u00e9rt az \u00fczenetet \u00e9rdemes egy kicsit tov\u00e1bb gondolni. Sz\u00e1momra meghat\u00f3 volt mindannyiszor, amikor megmoshattam az arra kijel\u00f6ltek l\u00e1b\u00e1t. S ugyanakkor azt is tapasztaltam, hogy minden alkalommal egy\u00e9nileg \u0151ket is m\u00e9lyen megrend\u00edtette. A kett\u0151s \u00fczenet m\u00e1sodik r\u00e9sz\u00e9t emeln\u00e9m ki: J\u00e9zus Krisztus ki\u00fcres\u00edtette \u00f6nmag\u00e1t, \u00e9let\u00e9t szeretetb\u0151l mindenki\u00e9rt odaadta. A g\u00f6r\u00f6g ken\u00f3zisz sz\u00f3 (\u00f6nmaga kifoszt\u00e1sa) magyarul ki\u00fcres\u00edt\u00e9st jelent. Vagyis sz\u00e1momra azt jelenti, hogy J\u00e9zus Krisztus mindent odaadott szeretet\u00e9b\u0151l, kifosztotta \u00f6nmag\u00e1t. M\u00e9g J\u00fad\u00e1snak is, aki el\u00e9g fura m\u00f3dj\u00e1t v\u00e1lasztotta a h\u00e1l\u00e1nak. Ennek f\u00e9ny\u00e9ben szeretn\u00e9m megosztani veletek a bar\u00e1ti szeretetr\u0151l vallott gondolataimat. Bar\u00e1tok k\u00f6z\u00f6tti szeretet\u00e9rz\u00e9s egyik legcsod\u00e1latosabb a vil\u00e1gon, hiszen benne van a m\u00falt, a k\u00f6z\u00f6sen megtett \u00fat, a k\u00f6z\u00f6s \u00e9lm\u00e9nyek, de ugyanakkor a f\u00e1jdalmak, kudarcok \u00fagyszint\u00e9n. Ez adja a bar\u00e1ti kapcsolat l\u00e9nyeg\u00e9t! \u00c9ppen ez\u00e9rt bar\u00e1ts\u00e1got elvesz\u00edteni azt is jelenti, hogy lemondasz a m\u00faltadr\u00f3l, es\u00e9lyt sem adva a j\u00f6v\u0151nek. A bar\u00e1ts\u00e1g alapja nem az, hogy \u00e1lland\u00f3an h\u00e1l\u00e1t, k\u00f6sz\u00f6netet, elismer\u00e9st, esetleges el\u0151ny\u00f6ket v\u00e1rok. Sokkal ink\u00e1bb az, hogyan... R\u00e9szletek"}

Nagycsütörtök, az utolsó vacsora miséje - Stuttgarti Katolikusok

<blockquote class="wp-embedded-content" data-secret="xQFSSUmovr"><a href="https://stuttgarti-katolikusok.de/index.php/nagycsutortok-az-utolso-vacsora-miseje/">Nagycsütörtök, az utolsó vacsora miséje</a></blockquote><iframe sandbox="allow-scripts" security="restricted" src="https://stuttgarti-katolikusok.de/index.php/nagycsutortok-az-utolso-vacsora-miseje/embed/#?secret=xQFSSUmovr" width="600" height="338" title="&#8220;Nagycsütörtök, az utolsó vacsora miséje&#8221; &#8212; Stuttgarti Katolikusok" data-secret="xQFSSUmovr" frameborder="0" marginwidth="0" marginheight="0" scrolling="no" class="wp-embedded-content"></iframe><script type="text/javascript">
/* <![CDATA[ */
/*! This file is auto-generated */
!function(d,l){"use strict";l.querySelector&&d.addEventListener&&"undefined"!=typeof URL&&(d.wp=d.wp||{},d.wp.receiveEmbedMessage||(d.wp.receiveEmbedMessage=function(e){var t=e.data;if((t||t.secret||t.message||t.value)&&!/[^a-zA-Z0-9]/.test(t.secret)){for(var s,r,n,a=l.querySelectorAll('iframe[data-secret="'+t.secret+'"]'),o=l.querySelectorAll('blockquote[data-secret="'+t.secret+'"]'),c=new RegExp("^https?:$","i"),i=0;i<o.length;i++)o[i].style.display="none";for(i=0;i<a.length;i++)s=a[i],e.source===s.contentWindow&&(s.removeAttribute("style"),"height"===t.message?(1e3<(r=parseInt(t.value,10))?r=1e3:~~r<200&&(r=200),s.height=r):"link"===t.message&&(r=new URL(s.getAttribute("src")),n=new URL(t.value),c.test(n.protocol))&&n.host===r.host&&l.activeElement===s&&(d.top.location.href=t.value))}},d.addEventListener("message",d.wp.receiveEmbedMessage,!1),l.addEventListener("DOMContentLoaded",function(){for(var e,t,s=l.querySelectorAll("iframe.wp-embedded-content"),r=0;r<s.length;r++)(t=(e=s[r]).getAttribute("data-secret"))||(t=Math.random().toString(36).substring(2,12),e.src+="#?secret="+t,e.setAttribute("data-secret",t)),e.contentWindow.postMessage({message:"ready",secret:t},"*")},!1)))}(window,document);
//# sourceURL=https://stuttgarti-katolikusok.de/wp-includes/js/wp-embed.min.js
/* ]]> */
</script>

Baráti szeretet Nagycsütörtök fényében Mindig is magával ragadott a Szent Háromnap liturgiája, hiszen annyi csodálatos és mély üzenet, tanítás van benne. Egyben bőséggel kínálja kincseit mindazoknak, akik kérnek belőle. S amióta lelkipásztorként szolgálok, számomra ezek a liturgiák a csúcspontot is jelentik egyben. Az utolsó vacsora egyik megrendítő történése, amikor Jézus kendőt köt és sorra megmossa az apostolok lábát.  Nem tesz kivételt, hiszen az áruló Júdás is részese e nemes és baráti tettnek. „Miután megmosta lábukat, fölvette felső ruháját, újra asztalhoz ült és így szólt hozzájuk: Megértettétek, hogy mit tettem veletek?&#8230; Példát adtam nektek, hogy amit én tettem, ti is tegyétek meg.” (Jn 13,12.15). E gesztus értelme alapvetően kettős: egyrészt ugyanazt tenni, amire Jézus példát mutatott, másrészt ünnepelni és átélni azt a szeretetet, amely Jézus húsvéti titkának lényege. Ez pedig, üdvösségünkért kiüresítette önmagát, szolgává lett, életét szeretetből mindenkiért odaadta. Bár a liturgia keretében nem végezzük el ma a lábmosás szertartását, azért az üzenetet érdemes egy kicsit tovább gondolni. Számomra megható volt mindannyiszor, amikor megmoshattam az arra kijelöltek lábát. S ugyanakkor azt is tapasztaltam, hogy minden alkalommal egyénileg őket is mélyen megrendítette. A kettős üzenet második részét emelném ki: Jézus Krisztus kiüresítette önmagát, életét szeretetből mindenkiért odaadta. A görög kenózisz szó (önmaga kifosztása) magyarul kiüresítést jelent. Vagyis számomra azt jelenti, hogy Jézus Krisztus mindent odaadott szeretetéből, kifosztotta önmagát. Még Júdásnak is, aki elég fura módját választotta a hálának. Ennek fényében szeretném megosztani veletek a baráti szeretetről vallott gondolataimat. Barátok közötti szeretetérzés egyik legcsodálatosabb a világon, hiszen benne van a múlt, a közösen megtett út, a közös élmények, de ugyanakkor a fájdalmak, kudarcok úgyszintén. Ez adja a baráti kapcsolat lényegét! Éppen ezért barátságot elveszíteni azt is jelenti, hogy lemondasz a múltadról, esélyt sem adva a jövőnek. A barátság alapja nem az, hogy állandóan hálát, köszönetet, elismerést, esetleges előnyöket várok. Sokkal inkább az, hogyan... Részletek
