{"version":"1.0","provider_name":"Stuttgarti Katolikusok","provider_url":"https:\/\/stuttgarti-katolikusok.de","title":"Nagyb\u00f6jti zen\u00e9s \u00e1h\u00edtat - Stuttgarti Katolikusok","type":"rich","width":600,"height":338,"html":"<blockquote class=\"wp-embedded-content\" data-secret=\"Mw8m4yJsoh\"><a href=\"https:\/\/stuttgarti-katolikusok.de\/index.php\/nagybojti-zenes-ahitat\/\">Nagyb\u00f6jti zen\u00e9s \u00e1h\u00edtat<\/a><\/blockquote><iframe sandbox=\"allow-scripts\" security=\"restricted\" src=\"https:\/\/stuttgarti-katolikusok.de\/index.php\/nagybojti-zenes-ahitat\/embed\/#?secret=Mw8m4yJsoh\" width=\"600\" height=\"338\" title=\"&#8220;Nagyb\u00f6jti zen\u00e9s \u00e1h\u00edtat&#8221; &#8212; Stuttgarti Katolikusok\" data-secret=\"Mw8m4yJsoh\" frameborder=\"0\" marginwidth=\"0\" marginheight=\"0\" scrolling=\"no\" class=\"wp-embedded-content\"><\/iframe><script type=\"text\/javascript\">\n\/* <![CDATA[ *\/\n\/*! This file is auto-generated *\/\n!function(d,l){\"use strict\";l.querySelector&&d.addEventListener&&\"undefined\"!=typeof URL&&(d.wp=d.wp||{},d.wp.receiveEmbedMessage||(d.wp.receiveEmbedMessage=function(e){var t=e.data;if((t||t.secret||t.message||t.value)&&!\/[^a-zA-Z0-9]\/.test(t.secret)){for(var s,r,n,a=l.querySelectorAll('iframe[data-secret=\"'+t.secret+'\"]'),o=l.querySelectorAll('blockquote[data-secret=\"'+t.secret+'\"]'),c=new RegExp(\"^https?:$\",\"i\"),i=0;i<o.length;i++)o[i].style.display=\"none\";for(i=0;i<a.length;i++)s=a[i],e.source===s.contentWindow&&(s.removeAttribute(\"style\"),\"height\"===t.message?(1e3<(r=parseInt(t.value,10))?r=1e3:~~r<200&&(r=200),s.height=r):\"link\"===t.message&&(r=new URL(s.getAttribute(\"src\")),n=new URL(t.value),c.test(n.protocol))&&n.host===r.host&&l.activeElement===s&&(d.top.location.href=t.value))}},d.addEventListener(\"message\",d.wp.receiveEmbedMessage,!1),l.addEventListener(\"DOMContentLoaded\",function(){for(var e,t,s=l.querySelectorAll(\"iframe.wp-embedded-content\"),r=0;r<s.length;r++)(t=(e=s[r]).getAttribute(\"data-secret\"))||(t=Math.random().toString(36).substring(2,12),e.src+=\"#?secret=\"+t,e.setAttribute(\"data-secret\",t)),e.contentWindow.postMessage({message:\"ready\",secret:t},\"*\")},!1)))}(window,document);\n\/\/# sourceURL=https:\/\/stuttgarti-katolikusok.de\/wp-includes\/js\/wp-embed.min.js\n\/* ]]> *\/\n<\/script>\n","thumbnail_url":"https:\/\/stuttgarti-katolikusok.de\/wp-content\/uploads\/2018\/02\/plakat_passionskonzert_jav.jpg","thumbnail_width":1191,"thumbnail_height":842,"description":"Kedves H\u00edveink, szeretetettel h\u00edvlak Benneteket m\u00e1rcius 4-\u00e9n a d\u00e9lut\u00e1n 15.00 \u00f3rakor kezd\u0151d\u0151 szentmis\u00e9nk ut\u00e1ni nagyb\u00f6jti zen\u00e9s \u00e1h\u00edtatra, amellyel B\u00e1lint Nat\u00e1Lia \u00e9s Evgeny Alexeev m\u0171v\u00e9szbar\u00e1taink \u00e9s h\u00edveink aj\u00e1nd\u00e9koznak meg benn\u00fcnket. Kit\u0171n\u0151 seg\u00edts\u00e9g lesz ez a nemr\u00e9g kezd\u0151d\u0151 nagyb\u00f6jti id\u0151szakra val\u00f3 m\u00e9lt\u00f3 lelki el\u0151k\u00e9sz\u00fclet\u00fcnkh\u00f6z. Imre atya"}

Nagyböjti zenés áhítat - Stuttgarti Katolikusok

<blockquote class="wp-embedded-content" data-secret="Mw8m4yJsoh"><a href="https://stuttgarti-katolikusok.de/index.php/nagybojti-zenes-ahitat/">Nagyböjti zenés áhítat</a></blockquote><iframe sandbox="allow-scripts" security="restricted" src="https://stuttgarti-katolikusok.de/index.php/nagybojti-zenes-ahitat/embed/#?secret=Mw8m4yJsoh" width="600" height="338" title="&#8220;Nagyböjti zenés áhítat&#8221; &#8212; Stuttgarti Katolikusok" data-secret="Mw8m4yJsoh" frameborder="0" marginwidth="0" marginheight="0" scrolling="no" class="wp-embedded-content"></iframe><script type="text/javascript">
/* <![CDATA[ */
/*! This file is auto-generated */
!function(d,l){"use strict";l.querySelector&&d.addEventListener&&"undefined"!=typeof URL&&(d.wp=d.wp||{},d.wp.receiveEmbedMessage||(d.wp.receiveEmbedMessage=function(e){var t=e.data;if((t||t.secret||t.message||t.value)&&!/[^a-zA-Z0-9]/.test(t.secret)){for(var s,r,n,a=l.querySelectorAll('iframe[data-secret="'+t.secret+'"]'),o=l.querySelectorAll('blockquote[data-secret="'+t.secret+'"]'),c=new RegExp("^https?:$","i"),i=0;i<o.length;i++)o[i].style.display="none";for(i=0;i<a.length;i++)s=a[i],e.source===s.contentWindow&&(s.removeAttribute("style"),"height"===t.message?(1e3<(r=parseInt(t.value,10))?r=1e3:~~r<200&&(r=200),s.height=r):"link"===t.message&&(r=new URL(s.getAttribute("src")),n=new URL(t.value),c.test(n.protocol))&&n.host===r.host&&l.activeElement===s&&(d.top.location.href=t.value))}},d.addEventListener("message",d.wp.receiveEmbedMessage,!1),l.addEventListener("DOMContentLoaded",function(){for(var e,t,s=l.querySelectorAll("iframe.wp-embedded-content"),r=0;r<s.length;r++)(t=(e=s[r]).getAttribute("data-secret"))||(t=Math.random().toString(36).substring(2,12),e.src+="#?secret="+t,e.setAttribute("data-secret",t)),e.contentWindow.postMessage({message:"ready",secret:t},"*")},!1)))}(window,document);
//# sourceURL=https://stuttgarti-katolikusok.de/wp-includes/js/wp-embed.min.js
/* ]]> */
</script>

Kedves Híveink, szeretetettel hívlak Benneteket március 4-én a délután 15.00 órakor kezdődő szentmisénk utáni nagyböjti zenés áhítatra, amellyel Bálint NatáLia és Evgeny Alexeev művészbarátaink és híveink ajándékoznak meg bennünket. Kitűnő segítség lesz ez a nemrég kezdődő nagyböjti időszakra való méltó lelki előkészületünkhöz. Imre atya
