{"version":"1.0","provider_name":"Stuttgarti Katolikusok","provider_url":"https:\/\/stuttgarti-katolikusok.de","title":"Nagyb\u00f6jt 4. vas\u00e1rnapja \u2013 L\u00e6tare-vas\u00e1rnap - Stuttgarti Katolikusok","type":"rich","width":600,"height":338,"html":"<blockquote class=\"wp-embedded-content\" data-secret=\"Bv13IxGmlN\"><a href=\"https:\/\/stuttgarti-katolikusok.de\/index.php\/nagybojt-4-vasarnapja-laetare-vasarnap\/\">Nagyb\u00f6jt 4. vas\u00e1rnapja \u2013 L\u00e6tare-vas\u00e1rnap<\/a><\/blockquote><iframe sandbox=\"allow-scripts\" security=\"restricted\" src=\"https:\/\/stuttgarti-katolikusok.de\/index.php\/nagybojt-4-vasarnapja-laetare-vasarnap\/embed\/#?secret=Bv13IxGmlN\" width=\"600\" height=\"338\" title=\"&#8220;Nagyb\u00f6jt 4. vas\u00e1rnapja \u2013 L\u00e6tare-vas\u00e1rnap&#8221; &#8212; Stuttgarti Katolikusok\" data-secret=\"Bv13IxGmlN\" frameborder=\"0\" marginwidth=\"0\" marginheight=\"0\" scrolling=\"no\" class=\"wp-embedded-content\"><\/iframe><script type=\"text\/javascript\">\n\/* <![CDATA[ *\/\n\/*! This file is auto-generated *\/\n!function(d,l){\"use strict\";l.querySelector&&d.addEventListener&&\"undefined\"!=typeof URL&&(d.wp=d.wp||{},d.wp.receiveEmbedMessage||(d.wp.receiveEmbedMessage=function(e){var t=e.data;if((t||t.secret||t.message||t.value)&&!\/[^a-zA-Z0-9]\/.test(t.secret)){for(var s,r,n,a=l.querySelectorAll('iframe[data-secret=\"'+t.secret+'\"]'),o=l.querySelectorAll('blockquote[data-secret=\"'+t.secret+'\"]'),c=new RegExp(\"^https?:$\",\"i\"),i=0;i<o.length;i++)o[i].style.display=\"none\";for(i=0;i<a.length;i++)s=a[i],e.source===s.contentWindow&&(s.removeAttribute(\"style\"),\"height\"===t.message?(1e3<(r=parseInt(t.value,10))?r=1e3:~~r<200&&(r=200),s.height=r):\"link\"===t.message&&(r=new URL(s.getAttribute(\"src\")),n=new URL(t.value),c.test(n.protocol))&&n.host===r.host&&l.activeElement===s&&(d.top.location.href=t.value))}},d.addEventListener(\"message\",d.wp.receiveEmbedMessage,!1),l.addEventListener(\"DOMContentLoaded\",function(){for(var e,t,s=l.querySelectorAll(\"iframe.wp-embedded-content\"),r=0;r<s.length;r++)(t=(e=s[r]).getAttribute(\"data-secret\"))||(t=Math.random().toString(36).substring(2,12),e.src+=\"#?secret=\"+t,e.setAttribute(\"data-secret\",t)),e.contentWindow.postMessage({message:\"ready\",secret:t},\"*\")},!1)))}(window,document);\n\/\/# sourceURL=https:\/\/stuttgarti-katolikusok.de\/wp-includes\/js\/wp-embed.min.js\n\/* ]]> *\/\n<\/script>\n","thumbnail_url":"https:\/\/stuttgarti-katolikusok.de\/wp-content\/uploads\/2024\/03\/web-24.jpg","thumbnail_width":1080,"thumbnail_height":1066,"description":"Nagyb\u00f6jt 4. vas\u00e1rnapja az \u00f6r\u00f6m vas\u00e1rnapja. A szentmise kezd\u0151\u00e9neke, Izaj\u00e1s pr\u00f3f\u00e9ta nyom\u00e1n, \u00f6r\u00f6mre sz\u00f3l\u00edt fel.\u00a0 Mi az, ami benn\u00fcnket, kereszt\u00e9nyeket \u00f6r\u00f6mre k\u00e9sztet? Ahogyan k\u00f6ny\u00f6rg\u00e9s\u00fcnk fogalmaz, a puszta t\u00e9ny, hogy Isten J\u00e9zus Krisztus \u00e1ltal mag\u00e1hoz b\u00e9k\u00edtette az emberis\u00e9get. Ez, mint feladat \u00e9s lehet\u0151s\u00e9g, mindannyiunk k\u00fcldet\u00e9se \u00e9s hivat\u00e1sa is egyben. A b\u00e9ke \u00e9s a kiengesztel\u0151d\u00e9s k\u00f6veteiv\u00e9 kell v\u00e1lnunk. &#8211; Az olvasm\u00e1ny vil\u00e1gos \u00e9s biztat\u00f3 \u00fczenete, hogy a babiloni rabs\u00e1g nem csup\u00e1n a b\u00fcntet\u00e9s ideje \u00e9s eszk\u00f6ze, hanem egyben lehet\u0151s\u00e9g a b\u0171nb\u00e1natra \u00e9s megt\u00e9r\u00e9sre. &#8211; A v\u00e1laszos zsolt\u00e1r egyike a legismertebb zsolt\u00e1roknak. Olyan emberi \u00e9rz\u00e9seket fogalmaz meg, amelyekkel k\u00f6nnyen tudunk mi magunk is azonosulni. T\u00e1vol az otthont\u00f3l, idegen orsz\u00e1gban, fel\u00e9bred a v\u00e1gy a zsolt\u00e1rosban, hogy \u00fajb\u00f3l otthon lehessen, Jeruzs\u00e1lemben, a b\u00e9ke v\u00e1ros\u00e1ban. Mintegy meg\u00e1tkozza mag\u00e1t, amennyiben nem Jeruzs\u00e1lemet tartja legf\u0151bb \u00f6r\u00f6m\u00e9nek. Ezt a 137. zsolt\u00e1rt (\u00faj sz\u00e1moz\u00e1s), nemzeti panasz\u00e9nekk\u00e9nt is szoktuk emlegetni. Ami azonban a legfontosabb, mag\u00e1ban a panaszban megjelenik az \u00f6r\u00f6m \u00e9s boldogs\u00e1g ut\u00e1ni v\u00e1gy. Szeretne m\u00e1r v\u00e9gre \u00f6r\u00f6mdalra fakadni a panaszkod\u00f3 zsolt\u00e1ros. &#8211; Keresd magadban az \u00f6r\u00f6m forr\u00e1sait! &#8211; A szentleck\u00e9ben Szent P\u00e1l apostol Isten ingyenes kegyelmi aj\u00e1nd\u00e9kaira h\u00edvja fel figyelm\u00fcnket. Mindez pedig nem a magunk \u00e9rdeme, hanem Isten aj\u00e1nd\u00e9ka. Ism\u00e9telten csup\u00e1n arra van sz\u00fcks\u00e9g, hogy magam \u00e9let\u00e9ben ezeket a kincseket felfedezzem \u00e9s egyben h\u00e1l\u00e1s legyek \u00e9rt\u00fck. &#8211; Az evang\u00e9lium az Isten v\u00e9gtelen szeretet\u00e9r\u0151l sz\u00f3l. \u00c9letem nem m\u00e1s, mint v\u00e1lasz erre az \u00f6r\u00f6k \u00e9s v\u00e9gtelen isteni szeretetre. M\u00e9g pedig \u00fagy, hogy benne \u00e9lek abban a vil\u00e1gban, amely a j\u00f3 \u00e9s rossz, vil\u00e1goss\u00e1g \u00e9s s\u00f6t\u00e9ts\u00e9g \u00f6r\u00f6k\u00f6s kett\u0151ss\u00e9g\u00e9nek harc\u00e1r\u00f3l sz\u00f3l. A nagy k\u00e9rd\u00e9s, hogyan tudok mindig a j\u00f3 \u00e9s vil\u00e1goss\u00e1g oldal\u00e1n maradni? K\u00fcl\u00f6n\u00f6sen annak f\u00e9ny\u00e9ben, hogy ma l\u00e1tsz\u00f3lag nem ezen \u00e9rt\u00e9keknek \u00e1ll a z\u00e1szl\u00f3. Kezd\u0151\u00e9nek: Vigadozz\u00e1l, Jeruzs\u00e1lem, \u00e9s gy\u0171ljetek egybe mind, akik szeretitek \u0151t, \u00f6rvendjetek vigass\u00e1ggal, akik b\u00e1nk\u00f3dtatok, hogy ujjongjatok \u00e9s elteljetek vigasztal\u00e1s\u00e1nak tej\u00e9vel. (V\u00f6. Iz 66,10-11) K\u00f6ny\u00f6rg\u00e9s: Isten\u00fcnk, te szent Fiad \u00e1ltal... R\u00e9szletek"}

Nagyböjt 4. vasárnapja – Lætare-vasárnap - Stuttgarti Katolikusok

<blockquote class="wp-embedded-content" data-secret="Bv13IxGmlN"><a href="https://stuttgarti-katolikusok.de/index.php/nagybojt-4-vasarnapja-laetare-vasarnap/">Nagyböjt 4. vasárnapja – Lætare-vasárnap</a></blockquote><iframe sandbox="allow-scripts" security="restricted" src="https://stuttgarti-katolikusok.de/index.php/nagybojt-4-vasarnapja-laetare-vasarnap/embed/#?secret=Bv13IxGmlN" width="600" height="338" title="&#8220;Nagyböjt 4. vasárnapja – Lætare-vasárnap&#8221; &#8212; Stuttgarti Katolikusok" data-secret="Bv13IxGmlN" frameborder="0" marginwidth="0" marginheight="0" scrolling="no" class="wp-embedded-content"></iframe><script type="text/javascript">
/* <![CDATA[ */
/*! This file is auto-generated */
!function(d,l){"use strict";l.querySelector&&d.addEventListener&&"undefined"!=typeof URL&&(d.wp=d.wp||{},d.wp.receiveEmbedMessage||(d.wp.receiveEmbedMessage=function(e){var t=e.data;if((t||t.secret||t.message||t.value)&&!/[^a-zA-Z0-9]/.test(t.secret)){for(var s,r,n,a=l.querySelectorAll('iframe[data-secret="'+t.secret+'"]'),o=l.querySelectorAll('blockquote[data-secret="'+t.secret+'"]'),c=new RegExp("^https?:$","i"),i=0;i<o.length;i++)o[i].style.display="none";for(i=0;i<a.length;i++)s=a[i],e.source===s.contentWindow&&(s.removeAttribute("style"),"height"===t.message?(1e3<(r=parseInt(t.value,10))?r=1e3:~~r<200&&(r=200),s.height=r):"link"===t.message&&(r=new URL(s.getAttribute("src")),n=new URL(t.value),c.test(n.protocol))&&n.host===r.host&&l.activeElement===s&&(d.top.location.href=t.value))}},d.addEventListener("message",d.wp.receiveEmbedMessage,!1),l.addEventListener("DOMContentLoaded",function(){for(var e,t,s=l.querySelectorAll("iframe.wp-embedded-content"),r=0;r<s.length;r++)(t=(e=s[r]).getAttribute("data-secret"))||(t=Math.random().toString(36).substring(2,12),e.src+="#?secret="+t,e.setAttribute("data-secret",t)),e.contentWindow.postMessage({message:"ready",secret:t},"*")},!1)))}(window,document);
//# sourceURL=https://stuttgarti-katolikusok.de/wp-includes/js/wp-embed.min.js
/* ]]> */
</script>

Nagyböjt 4. vasárnapja az öröm vasárnapja. A szentmise kezdőéneke, Izajás próféta nyomán, örömre szólít fel.  Mi az, ami bennünket, keresztényeket örömre késztet? Ahogyan könyörgésünk fogalmaz, a puszta tény, hogy Isten Jézus Krisztus által magához békítette az emberiséget. Ez, mint feladat és lehetőség, mindannyiunk küldetése és hivatása is egyben. A béke és a kiengesztelődés követeivé kell válnunk. &#8211; Az olvasmány világos és biztató üzenete, hogy a babiloni rabság nem csupán a büntetés ideje és eszköze, hanem egyben lehetőség a bűnbánatra és megtérésre. &#8211; A válaszos zsoltár egyike a legismertebb zsoltároknak. Olyan emberi érzéseket fogalmaz meg, amelyekkel könnyen tudunk mi magunk is azonosulni. Távol az otthontól, idegen országban, felébred a vágy a zsoltárosban, hogy újból otthon lehessen, Jeruzsálemben, a béke városában. Mintegy megátkozza magát, amennyiben nem Jeruzsálemet tartja legfőbb örömének. Ezt a 137. zsoltárt (új számozás), nemzeti panaszénekként is szoktuk emlegetni. Ami azonban a legfontosabb, magában a panaszban megjelenik az öröm és boldogság utáni vágy. Szeretne már végre örömdalra fakadni a panaszkodó zsoltáros. &#8211; Keresd magadban az öröm forrásait! &#8211; A szentleckében Szent Pál apostol Isten ingyenes kegyelmi ajándékaira hívja fel figyelmünket. Mindez pedig nem a magunk érdeme, hanem Isten ajándéka. Ismételten csupán arra van szükség, hogy magam életében ezeket a kincseket felfedezzem és egyben hálás legyek értük. &#8211; Az evangélium az Isten végtelen szeretetéről szól. Életem nem más, mint válasz erre az örök és végtelen isteni szeretetre. Még pedig úgy, hogy benne élek abban a világban, amely a jó és rossz, világosság és sötétség örökös kettősségének harcáról szól. A nagy kérdés, hogyan tudok mindig a jó és világosság oldalán maradni? Különösen annak fényében, hogy ma látszólag nem ezen értékeknek áll a zászló. Kezdőének: Vigadozzál, Jeruzsálem, és gyűljetek egybe mind, akik szeretitek őt, örvendjetek vigassággal, akik bánkódtatok, hogy ujjongjatok és elteljetek vigasztalásának tejével. (Vö. Iz 66,10-11) Könyörgés: Istenünk, te szent Fiad által... Részletek
