{"version":"1.0","provider_name":"Stuttgarti Katolikusok","provider_url":"https:\/\/stuttgarti-katolikusok.de","title":"Mindenszentek \u00fcnnepe - Stuttgarti Katolikusok","type":"rich","width":600,"height":338,"html":"<blockquote class=\"wp-embedded-content\" data-secret=\"69CXhaRTbh\"><a href=\"https:\/\/stuttgarti-katolikusok.de\/index.php\/mindenszentek-unnepe\/\">Mindenszentek \u00fcnnepe<\/a><\/blockquote><iframe sandbox=\"allow-scripts\" security=\"restricted\" src=\"https:\/\/stuttgarti-katolikusok.de\/index.php\/mindenszentek-unnepe\/embed\/#?secret=69CXhaRTbh\" width=\"600\" height=\"338\" title=\"&#8220;Mindenszentek \u00fcnnepe&#8221; &#8212; Stuttgarti Katolikusok\" data-secret=\"69CXhaRTbh\" frameborder=\"0\" marginwidth=\"0\" marginheight=\"0\" scrolling=\"no\" class=\"wp-embedded-content\"><\/iframe><script type=\"text\/javascript\">\n\/* <![CDATA[ *\/\n\/*! This file is auto-generated *\/\n!function(d,l){\"use strict\";l.querySelector&&d.addEventListener&&\"undefined\"!=typeof URL&&(d.wp=d.wp||{},d.wp.receiveEmbedMessage||(d.wp.receiveEmbedMessage=function(e){var t=e.data;if((t||t.secret||t.message||t.value)&&!\/[^a-zA-Z0-9]\/.test(t.secret)){for(var s,r,n,a=l.querySelectorAll('iframe[data-secret=\"'+t.secret+'\"]'),o=l.querySelectorAll('blockquote[data-secret=\"'+t.secret+'\"]'),c=new RegExp(\"^https?:$\",\"i\"),i=0;i<o.length;i++)o[i].style.display=\"none\";for(i=0;i<a.length;i++)s=a[i],e.source===s.contentWindow&&(s.removeAttribute(\"style\"),\"height\"===t.message?(1e3<(r=parseInt(t.value,10))?r=1e3:~~r<200&&(r=200),s.height=r):\"link\"===t.message&&(r=new URL(s.getAttribute(\"src\")),n=new URL(t.value),c.test(n.protocol))&&n.host===r.host&&l.activeElement===s&&(d.top.location.href=t.value))}},d.addEventListener(\"message\",d.wp.receiveEmbedMessage,!1),l.addEventListener(\"DOMContentLoaded\",function(){for(var e,t,s=l.querySelectorAll(\"iframe.wp-embedded-content\"),r=0;r<s.length;r++)(t=(e=s[r]).getAttribute(\"data-secret\"))||(t=Math.random().toString(36).substring(2,12),e.src+=\"#?secret=\"+t,e.setAttribute(\"data-secret\",t)),e.contentWindow.postMessage({message:\"ready\",secret:t},\"*\")},!1)))}(window,document);\n\/\/# sourceURL=https:\/\/stuttgarti-katolikusok.de\/wp-includes\/js\/wp-embed.min.js\n\/* ]]> *\/\n<\/script>\n","thumbnail_url":"https:\/\/stuttgarti-katolikusok.de\/wp-content\/uploads\/2020\/11\/ablak-szentek.jpg","thumbnail_width":640,"thumbnail_height":396,"description":"Kereszt\u00e9nys\u00e9g\u00fcnk nagyjait \u00fcnnepelj\u00fck \u00e9s k\u00f6sz\u00f6ntj\u00fck. &#8222;Mind hitben hunytak el, de an\u00e9lk\u00fcl, hogy az \u00edg\u00e9ret teljesed\u00e9s\u00e9t meg\u00e9rt\u00e9k volna, csak messzir\u0151l l\u00e1tt\u00e1k \u00e9s \u00fcdv\u00f6z\u00f6lt\u00e9k, elismerve, hogy v\u00e1ndorok \u00e9s j\u00f6vev\u00e9nyek a f\u00f6ld\u00f6n&#8230; Egy jobb haza ut\u00e1n v\u00e1gy\u00f3dtak, a mennyei ut\u00e1n. Ez\u00e9rt az Isten sem sz\u00e9gyelli, hogy Isten\u00fcknek h\u00edvj\u00e1k, hiszen saj\u00e1t haz\u00e1t k\u00e9sz\u00edtett nekik&#8221; (Zsid 11,13. 16). A jobb haz\u00e1ba nemcsak v\u00e1gy\u00f3dtak a szentek, hanem \u00fagy is \u00e9ltek, hogy Istent\u0151l megkapj\u00e1k az \u00f6r\u00f6k \u00e9let koron\u00e1j\u00e1t.\u00a0 * * * * * * * Rendk\u00edv\u00fcl fontos, hogy minden kereszt\u00e9ny tudat\u00e1ban legyen annak a kegyelemnek, amelyben a szent kereszts\u00e9g r\u00e9v\u00e9n r\u00e9szes\u00fclt. A kegyelem \u00e1ltal arra kaptunk hivat\u00e1st, hogy az Atya szeretett gyermekei, a L\u00e9lek \u00e9l\u0151 \u00e9s szent templomai legy\u00fcnk. Ser\u00e9ny \u00e9s h\u00e1l\u00e1s l\u00e9lekkel hallgassuk ism\u00e9t Szent J\u00e1nos evang\u00e9lista szavait: &#8222;N\u00e9zz\u00e9tek, mekkora szeretettel van ir\u00e1ntuk az Atya: Isten gyermekeinek h\u00edvnak minket, \u00e9s azok is vagyunk&#8221; (1 Jn 3,1). (Szent II. J\u00e1nos P\u00e1l p\u00e1pa) OLVASM\u00c1NY a Jelen\u00e9sek k\u00f6nyv\u00e9b\u0151l (Jel 7,2-4.9-14) Akkora sereget l\u00e1ttam, hogy meg sem tehetett sz\u00e1ml\u00e1lni. \u00c9n, J\u00e1nos l\u00e1ttam, hogy napkelet fel\u0151l egy m\u00e1sik angyal sz\u00e1ll fel. N\u00e1la volt az \u00e9l\u0151 Isten pecs\u00e9tje. Hangos sz\u00f3val \u00edgy ki\u00e1ltott a n\u00e9gy angyalnak, akiknek hatalmuk volt arra, hogy \u00e1rtsanak a f\u00f6ldnek \u00e9s a tengernek: \u201eNe \u00e1rtsatok se a f\u00f6ldnek, se a tengernek, se a f\u00e1knak, m\u00edg meg nem jel\u00f6lj\u00fck homlokukon Isten\u00fcnk szolg\u00e1it!\u201d Ekkor hallottam a megjel\u00f6ltek sz\u00e1m\u00e1t: sz\u00e1znegyvenn\u00e9gyezren voltak Izrael fiainak minden t\u00f6rzs\u00e9b\u0151l. Ezut\u00e1n akkora sereget l\u00e1ttam, hogy meg sem lehetett sz\u00e1ml\u00e1lni. Minden nemzetb\u0151l \u00e9s t\u00f6rzsb\u0151l, n\u00e9pb\u0151l \u00e9s nyelvb\u0151l \u00e1lltak ott a tr\u00f3n \u00e9s a B\u00e1r\u00e1ny el\u0151tt. Feh\u00e9r ruh\u00e1ban voltak, a kez\u00fckben p\u00e1lma\u00e1ggal. Hangos sz\u00f3val ki\u00e1ltott\u00e1k: \u201e\u00dcdv Isten\u00fcnknek, aki a tr\u00f3non \u00fcl, \u00e9s a B\u00e1r\u00e1nynak!\u201d Az angyalok mind a tr\u00f3n, a v\u00e9nek \u00e9s a n\u00e9gy \u00e9l\u0151l\u00e9ny k\u00f6r\u00fcl \u00e1lltak. Arcra borultak a tr\u00f3n el\u0151tt, \u00e9s im\u00e1dt\u00e1k az Istent: \u201e\u00c1men. \u00c1ld\u00e1s, dics\u0151s\u00e9g, b\u00f6lcsess\u00e9g, h\u00e1la, tisztelet, hatalom \u00e9s er\u0151 a mi Isten\u00fcnknek \u00f6r\u00f6kk\u00f6n-\u00f6r\u00f6kk\u00e9!... R\u00e9szletek"}

Mindenszentek ünnepe - Stuttgarti Katolikusok

<blockquote class="wp-embedded-content" data-secret="69CXhaRTbh"><a href="https://stuttgarti-katolikusok.de/index.php/mindenszentek-unnepe/">Mindenszentek ünnepe</a></blockquote><iframe sandbox="allow-scripts" security="restricted" src="https://stuttgarti-katolikusok.de/index.php/mindenszentek-unnepe/embed/#?secret=69CXhaRTbh" width="600" height="338" title="&#8220;Mindenszentek ünnepe&#8221; &#8212; Stuttgarti Katolikusok" data-secret="69CXhaRTbh" frameborder="0" marginwidth="0" marginheight="0" scrolling="no" class="wp-embedded-content"></iframe><script type="text/javascript">
/* <![CDATA[ */
/*! This file is auto-generated */
!function(d,l){"use strict";l.querySelector&&d.addEventListener&&"undefined"!=typeof URL&&(d.wp=d.wp||{},d.wp.receiveEmbedMessage||(d.wp.receiveEmbedMessage=function(e){var t=e.data;if((t||t.secret||t.message||t.value)&&!/[^a-zA-Z0-9]/.test(t.secret)){for(var s,r,n,a=l.querySelectorAll('iframe[data-secret="'+t.secret+'"]'),o=l.querySelectorAll('blockquote[data-secret="'+t.secret+'"]'),c=new RegExp("^https?:$","i"),i=0;i<o.length;i++)o[i].style.display="none";for(i=0;i<a.length;i++)s=a[i],e.source===s.contentWindow&&(s.removeAttribute("style"),"height"===t.message?(1e3<(r=parseInt(t.value,10))?r=1e3:~~r<200&&(r=200),s.height=r):"link"===t.message&&(r=new URL(s.getAttribute("src")),n=new URL(t.value),c.test(n.protocol))&&n.host===r.host&&l.activeElement===s&&(d.top.location.href=t.value))}},d.addEventListener("message",d.wp.receiveEmbedMessage,!1),l.addEventListener("DOMContentLoaded",function(){for(var e,t,s=l.querySelectorAll("iframe.wp-embedded-content"),r=0;r<s.length;r++)(t=(e=s[r]).getAttribute("data-secret"))||(t=Math.random().toString(36).substring(2,12),e.src+="#?secret="+t,e.setAttribute("data-secret",t)),e.contentWindow.postMessage({message:"ready",secret:t},"*")},!1)))}(window,document);
//# sourceURL=https://stuttgarti-katolikusok.de/wp-includes/js/wp-embed.min.js
/* ]]> */
</script>

Kereszténységünk nagyjait ünnepeljük és köszöntjük. &#8222;Mind hitben hunytak el, de anélkül, hogy az ígéret teljesedését megérték volna, csak messziről látták és üdvözölték, elismerve, hogy vándorok és jövevények a földön&#8230; Egy jobb haza után vágyódtak, a mennyei után. Ezért az Isten sem szégyelli, hogy Istenüknek hívják, hiszen saját hazát készített nekik&#8221; (Zsid 11,13. 16). A jobb hazába nemcsak vágyódtak a szentek, hanem úgy is éltek, hogy Istentől megkapják az örök élet koronáját.  * * * * * * * Rendkívül fontos, hogy minden keresztény tudatában legyen annak a kegyelemnek, amelyben a szent keresztség révén részesült. A kegyelem által arra kaptunk hivatást, hogy az Atya szeretett gyermekei, a Lélek élő és szent templomai legyünk. Serény és hálás lélekkel hallgassuk ismét Szent János evangélista szavait: &#8222;Nézzétek, mekkora szeretettel van irántuk az Atya: Isten gyermekeinek hívnak minket, és azok is vagyunk&#8221; (1 Jn 3,1). (Szent II. János Pál pápa) OLVASMÁNY a Jelenések könyvéből (Jel 7,2-4.9-14) Akkora sereget láttam, hogy meg sem tehetett számlálni. Én, János láttam, hogy napkelet felől egy másik angyal száll fel. Nála volt az élő Isten pecsétje. Hangos szóval így kiáltott a négy angyalnak, akiknek hatalmuk volt arra, hogy ártsanak a földnek és a tengernek: „Ne ártsatok se a földnek, se a tengernek, se a fáknak, míg meg nem jelöljük homlokukon Istenünk szolgáit!” Ekkor hallottam a megjelöltek számát: száznegyvennégyezren voltak Izrael fiainak minden törzséből. Ezután akkora sereget láttam, hogy meg sem lehetett számlálni. Minden nemzetből és törzsből, népből és nyelvből álltak ott a trón és a Bárány előtt. Fehér ruhában voltak, a kezükben pálmaággal. Hangos szóval kiáltották: „Üdv Istenünknek, aki a trónon ül, és a Báránynak!” Az angyalok mind a trón, a vének és a négy élőlény körül álltak. Arcra borultak a trón előtt, és imádták az Istent: „Ámen. Áldás, dicsőség, bölcsesség, hála, tisztelet, hatalom és erő a mi Istenünknek örökkön-örökké!... Részletek
