{"version":"1.0","provider_name":"Stuttgarti Katolikusok","provider_url":"https:\/\/stuttgarti-katolikusok.de","title":"Mezei \u00c9va: Szent L\u00e1szl\u00f3 b\u00facs\u00fa Ludwigsburgban - Stuttgarti Katolikusok","type":"rich","width":600,"height":338,"html":"<blockquote class=\"wp-embedded-content\" data-secret=\"cFN0P286UZ\"><a href=\"https:\/\/stuttgarti-katolikusok.de\/index.php\/mezei-eva-szent-laszlo-bucsu-ludwigsburgban\/\">Mezei \u00c9va: Szent L\u00e1szl\u00f3 b\u00facs\u00fa Ludwigsburgban<\/a><\/blockquote><iframe sandbox=\"allow-scripts\" security=\"restricted\" src=\"https:\/\/stuttgarti-katolikusok.de\/index.php\/mezei-eva-szent-laszlo-bucsu-ludwigsburgban\/embed\/#?secret=cFN0P286UZ\" width=\"600\" height=\"338\" title=\"&#8220;Mezei \u00c9va: Szent L\u00e1szl\u00f3 b\u00facs\u00fa Ludwigsburgban&#8221; &#8212; Stuttgarti Katolikusok\" data-secret=\"cFN0P286UZ\" frameborder=\"0\" marginwidth=\"0\" marginheight=\"0\" scrolling=\"no\" class=\"wp-embedded-content\"><\/iframe><script type=\"text\/javascript\">\n\/* <![CDATA[ *\/\n\/*! This file is auto-generated *\/\n!function(d,l){\"use strict\";l.querySelector&&d.addEventListener&&\"undefined\"!=typeof URL&&(d.wp=d.wp||{},d.wp.receiveEmbedMessage||(d.wp.receiveEmbedMessage=function(e){var t=e.data;if((t||t.secret||t.message||t.value)&&!\/[^a-zA-Z0-9]\/.test(t.secret)){for(var s,r,n,a=l.querySelectorAll('iframe[data-secret=\"'+t.secret+'\"]'),o=l.querySelectorAll('blockquote[data-secret=\"'+t.secret+'\"]'),c=new RegExp(\"^https?:$\",\"i\"),i=0;i<o.length;i++)o[i].style.display=\"none\";for(i=0;i<a.length;i++)s=a[i],e.source===s.contentWindow&&(s.removeAttribute(\"style\"),\"height\"===t.message?(1e3<(r=parseInt(t.value,10))?r=1e3:~~r<200&&(r=200),s.height=r):\"link\"===t.message&&(r=new URL(s.getAttribute(\"src\")),n=new URL(t.value),c.test(n.protocol))&&n.host===r.host&&l.activeElement===s&&(d.top.location.href=t.value))}},d.addEventListener(\"message\",d.wp.receiveEmbedMessage,!1),l.addEventListener(\"DOMContentLoaded\",function(){for(var e,t,s=l.querySelectorAll(\"iframe.wp-embedded-content\"),r=0;r<s.length;r++)(t=(e=s[r]).getAttribute(\"data-secret\"))||(t=Math.random().toString(36).substring(2,12),e.src+=\"#?secret=\"+t,e.setAttribute(\"data-secret\",t)),e.contentWindow.postMessage({message:\"ready\",secret:t},\"*\")},!1)))}(window,document);\n\/\/# sourceURL=https:\/\/stuttgarti-katolikusok.de\/wp-includes\/js\/wp-embed.min.js\n\/* ]]> *\/\n<\/script>\n","thumbnail_url":"https:\/\/stuttgarti-katolikusok.de\/wp-content\/uploads\/2017\/06\/lb-bucsu.jpg","thumbnail_width":600,"thumbnail_height":400,"description":"Szent L\u00e1szl\u00f3 b\u00facs\u00fa Ludwigsburgban &nbsp; Ver\u0151f\u00e9nyes sz\u00e9p napon gy\u00fclt\u00fcnk \u00f6ssze vas\u00e1rnap, j\u00fanius 17-\u00e9n Ludwigsburgban, hogy Szent L\u00e1szl\u00f3 tisztelet\u00e9re a szentmis\u00e9t bemutassuk \u00e9s a b\u00facs\u00fat megtartsuk. Sz\u00e9pen megtelt a templom, mert nemcsak a ludwigsburgiak voltak jelen, hanem k\u00f6zelebbi \u00e9s t\u00e1volabbi helyekr\u0151l is j\u00f6ttek el h\u00edv\u0151k. Imre atya szentbesz\u00e9d\u00e9ben m\u00e9ltatta Szent L\u00e1szl\u00f3 er\u00e9nyeit. M\u00edg Istv\u00e1n, az er\u0151skez\u0171 uralkod\u00f3, szigorral vezette be a kereszt\u00e9nys\u00e9get, addig L\u00e1szl\u00f3 a\u00a0 &#8211; lovagkir\u00e1ly \u2013 im\u00e1ds\u00e1ggal \u00e9s Istenbe vetett hit\u00e9vel gy\u0151z\u00f6tt ellenfelein, tette \u0151ket alattval\u00f3v\u00e1. Nekem, mint somogyinak is vannak \u00e9l\u0151 k\u00f6tel\u00e9keim Szent L\u00e1szl\u00f3hoz. A Balaton d\u00e9li partj\u00e1n alap\u00edtott benc\u00e9s kolostort, gy\u00f6ny\u00f6r\u0171 oszlopai m\u00e9g most is l\u00e1that\u00f3k. Sz\u00edvesen tart\u00f3zkodott szerzetesei k\u00f6z\u00f6tt, ott is halt meg. Holttest\u00e9t viszont Nagyv\u00e1radra vitt\u00e9k eltemetni&#8230; Bicz\u00f3 Piroska: Az \u00c1rp\u00e1d \u2013 H\u00e1zi kir\u00e1lys\u00edrok c\u00edm\u0171 k\u00f6nyv\u00e9ben egy csod\u00e1s esem\u00e9nyr\u0151l sz\u00e1mol be: \u201e a halottas menet a ny\u00e1ri melegben egy fogad\u00f3hoz \u00e9rt \u00e9s b\u00e1r a feh\u00e9rv\u00e1ri \/Sz\u00e9kesfeh\u00e9rv\u00e1r\/ templomba akart\u00e1k ir\u00e1ny\u00edtani, a l\u00f3 n\u00e9lk\u00fcli halottas kocsi mag\u00e1t\u00f3l elindult a helyes \u00faton V\u00e1radra, az elh\u00fanyt kir\u00e1ly akarata szerint.\u201c Mise ut\u00e1n r\u00f6gt\u00f6n ter\u00edtett asztalokhoz \u00fclhett\u00fcnk, mert szorgos vend\u00e9gl\u00e1t\u00f3ink m\u00e1r reggel kor\u00e1n odak\u00e9sz\u00edtett\u00e9k a sok finoms\u00e1got. Ki\u2013ki hozz\u00e1tette a mag\u00e1val hozottat is, \u00edgy b\u0151s\u00e9gesen j\u00f3llakhatott mindenki. Nehezen v\u00e1lt el a t\u00e1rsas\u00e1g, mert mindig \u00fajabb csoportok alakultak, mindenki mindenkivel szeretett volna besz\u00e9lgetni. V\u00e9g\u00fcl k\u00f6z\u00f6s \u00f6sszefog\u00e1ssal rendbetett\u00fck a helyet, a t\u00e9m\u00e1kb\u00f3l is kifogyva az aut\u00f3khoz indultunk. Erika m\u00e9g visszaszaladt, hogy illatos liliomcsokr\u00e1t a k\u00e1poln\u00e1ban hagyja. J\u00f3 ideje v\u00e1rtunk m\u00e1r r\u00e1, mikor egyszer csak halljuk: \u201eCsak k\u00e9t percre gyertek m\u00e9g egyszer vissza!\u201c Bent a k\u00e1poln\u00e1ban a vir\u00e1ggal d\u00edsz\u00edtett M\u00e1ria szobor el\u0151tt v\u00e1rt \u00e9s k\u00e9rte, \u00e9nekeln\u00e9nk m\u00e9g n\u00e9h\u00e1ny sz\u00e9p M\u00e1ria \u00e9neket. Angela kis f\u00fczet\u00e9b\u0151l kiv\u00e1lasztottunk n\u00e9h\u00e1nyat \u00e9s t\u00falcsordul\u00f3 sz\u00edvvel \u00e9nekelt\u00fcnk M\u00e1ri\u00e1nak&#8230; B\u00facs\u00faz\u00e1sn\u00e1l mindenki egyhang\u00faan vallotta, milyen csod\u00e1latos nap volt ez! M\u00e9g sok ilyet adjon nek\u00fcnk Isten \u2013 Szent L\u00e1szl\u00f3 k\u00f6zbenj\u00e1r\u00e1s\u00e1ra! Pforzheim, 2017-06-23. \u00a0Mezei \u00c9va"}

Mezei Éva: Szent László búcsú Ludwigsburgban - Stuttgarti Katolikusok

<blockquote class="wp-embedded-content" data-secret="cFN0P286UZ"><a href="https://stuttgarti-katolikusok.de/index.php/mezei-eva-szent-laszlo-bucsu-ludwigsburgban/">Mezei Éva: Szent László búcsú Ludwigsburgban</a></blockquote><iframe sandbox="allow-scripts" security="restricted" src="https://stuttgarti-katolikusok.de/index.php/mezei-eva-szent-laszlo-bucsu-ludwigsburgban/embed/#?secret=cFN0P286UZ" width="600" height="338" title="&#8220;Mezei Éva: Szent László búcsú Ludwigsburgban&#8221; &#8212; Stuttgarti Katolikusok" data-secret="cFN0P286UZ" frameborder="0" marginwidth="0" marginheight="0" scrolling="no" class="wp-embedded-content"></iframe><script type="text/javascript">
/* <![CDATA[ */
/*! This file is auto-generated */
!function(d,l){"use strict";l.querySelector&&d.addEventListener&&"undefined"!=typeof URL&&(d.wp=d.wp||{},d.wp.receiveEmbedMessage||(d.wp.receiveEmbedMessage=function(e){var t=e.data;if((t||t.secret||t.message||t.value)&&!/[^a-zA-Z0-9]/.test(t.secret)){for(var s,r,n,a=l.querySelectorAll('iframe[data-secret="'+t.secret+'"]'),o=l.querySelectorAll('blockquote[data-secret="'+t.secret+'"]'),c=new RegExp("^https?:$","i"),i=0;i<o.length;i++)o[i].style.display="none";for(i=0;i<a.length;i++)s=a[i],e.source===s.contentWindow&&(s.removeAttribute("style"),"height"===t.message?(1e3<(r=parseInt(t.value,10))?r=1e3:~~r<200&&(r=200),s.height=r):"link"===t.message&&(r=new URL(s.getAttribute("src")),n=new URL(t.value),c.test(n.protocol))&&n.host===r.host&&l.activeElement===s&&(d.top.location.href=t.value))}},d.addEventListener("message",d.wp.receiveEmbedMessage,!1),l.addEventListener("DOMContentLoaded",function(){for(var e,t,s=l.querySelectorAll("iframe.wp-embedded-content"),r=0;r<s.length;r++)(t=(e=s[r]).getAttribute("data-secret"))||(t=Math.random().toString(36).substring(2,12),e.src+="#?secret="+t,e.setAttribute("data-secret",t)),e.contentWindow.postMessage({message:"ready",secret:t},"*")},!1)))}(window,document);
//# sourceURL=https://stuttgarti-katolikusok.de/wp-includes/js/wp-embed.min.js
/* ]]> */
</script>

Szent László búcsú Ludwigsburgban &nbsp; Verőfényes szép napon gyültünk össze vasárnap, június 17-én Ludwigsburgban, hogy Szent László tiszteletére a szentmisét bemutassuk és a búcsút megtartsuk. Szépen megtelt a templom, mert nemcsak a ludwigsburgiak voltak jelen, hanem közelebbi és távolabbi helyekről is jöttek el hívők. Imre atya szentbeszédében méltatta Szent László erényeit. Míg István, az erőskezű uralkodó, szigorral vezette be a kereszténységet, addig László a  &#8211; lovagkirály – imádsággal és Istenbe vetett hitével győzött ellenfelein, tette őket alattvalóvá. Nekem, mint somogyinak is vannak élő kötelékeim Szent Lászlóhoz. A Balaton déli partján alapított bencés kolostort, gyönyörű oszlopai még most is láthatók. Szívesen tartózkodott szerzetesei között, ott is halt meg. Holttestét viszont Nagyváradra vitték eltemetni&#8230; Biczó Piroska: Az Árpád – Házi királysírok című könyvében egy csodás eseményről számol be: „ a halottas menet a nyári melegben egy fogadóhoz ért és bár a fehérvári /Székesfehérvár/ templomba akarták irányítani, a ló nélküli halottas kocsi magától elindult a helyes úton Váradra, az elhúnyt király akarata szerint.“ Mise után rögtön terített asztalokhoz ülhettünk, mert szorgos vendéglátóink már reggel korán odakészítették a sok finomságot. Ki–ki hozzátette a magával hozottat is, így bőségesen jóllakhatott mindenki. Nehezen vált el a társaság, mert mindig újabb csoportok alakultak, mindenki mindenkivel szeretett volna beszélgetni. Végül közös összefogással rendbetettük a helyet, a témákból is kifogyva az autókhoz indultunk. Erika még visszaszaladt, hogy illatos liliomcsokrát a kápolnában hagyja. Jó ideje vártunk már rá, mikor egyszer csak halljuk: „Csak két percre gyertek még egyszer vissza!“ Bent a kápolnában a virággal díszített Mária szobor előtt várt és kérte, énekelnénk még néhány szép Mária éneket. Angela kis füzetéből kiválasztottunk néhányat és túlcsorduló szívvel énekeltünk Máriának&#8230; Búcsúzásnál mindenki egyhangúan vallotta, milyen csodálatos nap volt ez! Még sok ilyet adjon nekünk Isten – Szent László közbenjárására! Pforzheim, 2017-06-23.  Mezei Éva
