{"version":"1.0","provider_name":"Stuttgarti Katolikusok","provider_url":"https:\/\/stuttgarti-katolikusok.de","title":"Megh\u00edv\u00f3 kis-zar\u00e1ndoklatra - Stuttgarti Katolikusok","type":"rich","width":600,"height":338,"html":"<blockquote class=\"wp-embedded-content\" data-secret=\"khQBVoJQfT\"><a href=\"https:\/\/stuttgarti-katolikusok.de\/index.php\/meghivo-kis-zarandoklatra\/\">Megh\u00edv\u00f3 kis-zar\u00e1ndoklatra<\/a><\/blockquote><iframe sandbox=\"allow-scripts\" security=\"restricted\" src=\"https:\/\/stuttgarti-katolikusok.de\/index.php\/meghivo-kis-zarandoklatra\/embed\/#?secret=khQBVoJQfT\" width=\"600\" height=\"338\" title=\"&#8220;Megh\u00edv\u00f3 kis-zar\u00e1ndoklatra&#8221; &#8212; Stuttgarti Katolikusok\" data-secret=\"khQBVoJQfT\" frameborder=\"0\" marginwidth=\"0\" marginheight=\"0\" scrolling=\"no\" class=\"wp-embedded-content\"><\/iframe><script type=\"text\/javascript\">\n\/* <![CDATA[ *\/\n\/*! This file is auto-generated *\/\n!function(d,l){\"use strict\";l.querySelector&&d.addEventListener&&\"undefined\"!=typeof URL&&(d.wp=d.wp||{},d.wp.receiveEmbedMessage||(d.wp.receiveEmbedMessage=function(e){var t=e.data;if((t||t.secret||t.message||t.value)&&!\/[^a-zA-Z0-9]\/.test(t.secret)){for(var s,r,n,a=l.querySelectorAll('iframe[data-secret=\"'+t.secret+'\"]'),o=l.querySelectorAll('blockquote[data-secret=\"'+t.secret+'\"]'),c=new RegExp(\"^https?:$\",\"i\"),i=0;i<o.length;i++)o[i].style.display=\"none\";for(i=0;i<a.length;i++)s=a[i],e.source===s.contentWindow&&(s.removeAttribute(\"style\"),\"height\"===t.message?(1e3<(r=parseInt(t.value,10))?r=1e3:~~r<200&&(r=200),s.height=r):\"link\"===t.message&&(r=new URL(s.getAttribute(\"src\")),n=new URL(t.value),c.test(n.protocol))&&n.host===r.host&&l.activeElement===s&&(d.top.location.href=t.value))}},d.addEventListener(\"message\",d.wp.receiveEmbedMessage,!1),l.addEventListener(\"DOMContentLoaded\",function(){for(var e,t,s=l.querySelectorAll(\"iframe.wp-embedded-content\"),r=0;r<s.length;r++)(t=(e=s[r]).getAttribute(\"data-secret\"))||(t=Math.random().toString(36).substring(2,12),e.src+=\"#?secret=\"+t,e.setAttribute(\"data-secret\",t)),e.contentWindow.postMessage({message:\"ready\",secret:t},\"*\")},!1)))}(window,document);\n\/\/# sourceURL=https:\/\/stuttgarti-katolikusok.de\/wp-includes\/js\/wp-embed.min.js\n\/* ]]> *\/\n<\/script>\n","description":"MEGH\u00cdV\u00d3 A Szent Gell\u00e9rt Magyar Katolikus Egyh\u00e1zk\u00f6zs\u00e9g \u2013 r\u00e9gi szok\u00e1s\u00e1hoz h\u00edven \u2013 2017. j\u00falius 9-\u00e9n zar\u00e1ndoklatot szervez ez\u00fattal Ellwangenbe (Jagst), amelyre minden kedves h\u00edv\u00e9t szeretettel megh\u00edvja. K\u00fcl\u00f6n aut\u00f3buszokat ind\u00edtunk Stuttgartb\u00f3l \u00e9s Weingartenb\u0151l. Indul\u00e1s reggel 8.00 \u00f3rakor! Ellwangen W\u00fcrttemberg Ostalb j\u00e1r\u00e1s\u00e1ban fekszik, Aalent\u0151l 17 km-re, \u00e9szakra. A reform\u00e1ci\u00f3 ut\u00e1n kis szigetk\u00e9nt katolikus maradt. S\u0151t, 1806-t\u00f3l Baden-W\u00fcrttemberg legnagyobb katolikus egyh\u00e1zi k\u00f6zpontja volt k\u00fcl\u00f6n egyetemmel. Egy hajsz\u00e1l v\u00e1lasztotta el att\u00f3l, hogy a mai Rottenburg-Stuttgarti Egyh\u00e1zmegye k\u00f6zpontja legyen\u2026 L\u00e1tnival\u00f3i k\u00f6z\u00e9 tartozik a kora-k\u00f6z\u00e9pkori Szent Vitus bazilika, a renesz\u00e1nsz kast\u00e9ly \u00e9s a Sch\u00f6nenbergi zar\u00e1ndoktemplom. Miut\u00e1n megn\u00e9zt\u00fck a v\u00e1rost, a Sch\u00f6nenbergkirche-ben (Sch\u00f6nenberg 42) 11.45 \u00f3rakor szentmis\u00e9t tartunk. Ut\u00e1na pedig k\u00f6z\u00f6s eb\u00e9d a magunkkal hozott elem\u00f3zsi\u00e1b\u00f3l, \u00e9s zar\u00e1ndokt\u00e1rsi egy\u00fcttl\u00e9t. A napot a templomban egy \u00fcnnep\u00e9lyes vecserny\u00e9vel z\u00e1rjuk, majd 16.00 \u00f3ra t\u00e1jt visszaindulunk. Mindenkit szeretettel v\u00e1runk! Jelentkezni Imre \u00e9s Tibor aty\u00e1kn\u00e1l lehet!"}

Meghívó kis-zarándoklatra - Stuttgarti Katolikusok

<blockquote class="wp-embedded-content" data-secret="khQBVoJQfT"><a href="https://stuttgarti-katolikusok.de/index.php/meghivo-kis-zarandoklatra/">Meghívó kis-zarándoklatra</a></blockquote><iframe sandbox="allow-scripts" security="restricted" src="https://stuttgarti-katolikusok.de/index.php/meghivo-kis-zarandoklatra/embed/#?secret=khQBVoJQfT" width="600" height="338" title="&#8220;Meghívó kis-zarándoklatra&#8221; &#8212; Stuttgarti Katolikusok" data-secret="khQBVoJQfT" frameborder="0" marginwidth="0" marginheight="0" scrolling="no" class="wp-embedded-content"></iframe><script type="text/javascript">
/* <![CDATA[ */
/*! This file is auto-generated */
!function(d,l){"use strict";l.querySelector&&d.addEventListener&&"undefined"!=typeof URL&&(d.wp=d.wp||{},d.wp.receiveEmbedMessage||(d.wp.receiveEmbedMessage=function(e){var t=e.data;if((t||t.secret||t.message||t.value)&&!/[^a-zA-Z0-9]/.test(t.secret)){for(var s,r,n,a=l.querySelectorAll('iframe[data-secret="'+t.secret+'"]'),o=l.querySelectorAll('blockquote[data-secret="'+t.secret+'"]'),c=new RegExp("^https?:$","i"),i=0;i<o.length;i++)o[i].style.display="none";for(i=0;i<a.length;i++)s=a[i],e.source===s.contentWindow&&(s.removeAttribute("style"),"height"===t.message?(1e3<(r=parseInt(t.value,10))?r=1e3:~~r<200&&(r=200),s.height=r):"link"===t.message&&(r=new URL(s.getAttribute("src")),n=new URL(t.value),c.test(n.protocol))&&n.host===r.host&&l.activeElement===s&&(d.top.location.href=t.value))}},d.addEventListener("message",d.wp.receiveEmbedMessage,!1),l.addEventListener("DOMContentLoaded",function(){for(var e,t,s=l.querySelectorAll("iframe.wp-embedded-content"),r=0;r<s.length;r++)(t=(e=s[r]).getAttribute("data-secret"))||(t=Math.random().toString(36).substring(2,12),e.src+="#?secret="+t,e.setAttribute("data-secret",t)),e.contentWindow.postMessage({message:"ready",secret:t},"*")},!1)))}(window,document);
//# sourceURL=https://stuttgarti-katolikusok.de/wp-includes/js/wp-embed.min.js
/* ]]> */
</script>

MEGHÍVÓ A Szent Gellért Magyar Katolikus Egyházközség – régi szokásához híven – 2017. július 9-én zarándoklatot szervez ezúttal Ellwangenbe (Jagst), amelyre minden kedves hívét szeretettel meghívja. Külön autóbuszokat indítunk Stuttgartból és Weingartenből. Indulás reggel 8.00 órakor! Ellwangen Württemberg Ostalb járásában fekszik, Aalentől 17 km-re, északra. A reformáció után kis szigetként katolikus maradt. Sőt, 1806-tól Baden-Württemberg legnagyobb katolikus egyházi központja volt külön egyetemmel. Egy hajszál választotta el attól, hogy a mai Rottenburg-Stuttgarti Egyházmegye központja legyen… Látnivalói közé tartozik a kora-középkori Szent Vitus bazilika, a reneszánsz kastély és a Schönenbergi zarándoktemplom. Miután megnéztük a várost, a Schönenbergkirche-ben (Schönenberg 42) 11.45 órakor szentmisét tartunk. Utána pedig közös ebéd a magunkkal hozott elemózsiából, és zarándoktársi együttlét. A napot a templomban egy ünnepélyes vecsernyével zárjuk, majd 16.00 óra tájt visszaindulunk. Mindenkit szeretettel várunk! Jelentkezni Imre és Tibor atyáknál lehet!
