{"version":"1.0","provider_name":"Stuttgarti Katolikusok","provider_url":"https:\/\/stuttgarti-katolikusok.de","title":"M\u00e1jus 21 \u00e9s 24 k\u00f6z\u00f6tt - Stuttgarti Katolikusok","type":"rich","width":600,"height":338,"html":"<blockquote class=\"wp-embedded-content\" data-secret=\"ju5KTgKZS0\"><a href=\"https:\/\/stuttgarti-katolikusok.de\/index.php\/majus-21-es-24-kozott\/\">M\u00e1jus 21 \u00e9s 24 k\u00f6z\u00f6tt<\/a><\/blockquote><iframe sandbox=\"allow-scripts\" security=\"restricted\" src=\"https:\/\/stuttgarti-katolikusok.de\/index.php\/majus-21-es-24-kozott\/embed\/#?secret=ju5KTgKZS0\" width=\"600\" height=\"338\" title=\"&#8220;M\u00e1jus 21 \u00e9s 24 k\u00f6z\u00f6tt&#8221; &#8212; Stuttgarti Katolikusok\" data-secret=\"ju5KTgKZS0\" frameborder=\"0\" marginwidth=\"0\" marginheight=\"0\" scrolling=\"no\" class=\"wp-embedded-content\"><\/iframe><script type=\"text\/javascript\">\n\/* <![CDATA[ *\/\n\/*! This file is auto-generated *\/\n!function(d,l){\"use strict\";l.querySelector&&d.addEventListener&&\"undefined\"!=typeof URL&&(d.wp=d.wp||{},d.wp.receiveEmbedMessage||(d.wp.receiveEmbedMessage=function(e){var t=e.data;if((t||t.secret||t.message||t.value)&&!\/[^a-zA-Z0-9]\/.test(t.secret)){for(var s,r,n,a=l.querySelectorAll('iframe[data-secret=\"'+t.secret+'\"]'),o=l.querySelectorAll('blockquote[data-secret=\"'+t.secret+'\"]'),c=new RegExp(\"^https?:$\",\"i\"),i=0;i<o.length;i++)o[i].style.display=\"none\";for(i=0;i<a.length;i++)s=a[i],e.source===s.contentWindow&&(s.removeAttribute(\"style\"),\"height\"===t.message?(1e3<(r=parseInt(t.value,10))?r=1e3:~~r<200&&(r=200),s.height=r):\"link\"===t.message&&(r=new URL(s.getAttribute(\"src\")),n=new URL(t.value),c.test(n.protocol))&&n.host===r.host&&l.activeElement===s&&(d.top.location.href=t.value))}},d.addEventListener(\"message\",d.wp.receiveEmbedMessage,!1),l.addEventListener(\"DOMContentLoaded\",function(){for(var e,t,s=l.querySelectorAll(\"iframe.wp-embedded-content\"),r=0;r<s.length;r++)(t=(e=s[r]).getAttribute(\"data-secret\"))||(t=Math.random().toString(36).substring(2,12),e.src+=\"#?secret=\"+t,e.setAttribute(\"data-secret\",t)),e.contentWindow.postMessage({message:\"ready\",secret:t},\"*\")},!1)))}(window,document);\n\/\/# sourceURL=https:\/\/stuttgarti-katolikusok.de\/wp-includes\/js\/wp-embed.min.js\n\/* ]]> *\/\n<\/script>\n","thumbnail_url":"https:\/\/stuttgarti-katolikusok.de\/wp-content\/uploads\/2020\/05\/progr-e-4.jpg","thumbnail_width":1080,"thumbnail_height":1080,"description":"Programel\u0151zetes &nbsp; M\u00e1jus 21-\u00e9n, \u00c1ldoz\u00f3cs\u00fct\u00f6rt\u00f6k\u00f6n, Weingartenben a 14 Nothelferkapelle-ben 10.00 \u00f3rakor szentmise. Ulmban 18.00 \u00f3rakor szentmise. * M\u00e1jus 22-\u00e9n, p\u00e9nteken, Stuttgartban 18.00 \u00f3rakor szentmise. * M\u00e1jus 23-\u00e1n, szombaton, Heidenheimban 15.30 \u00f3rakor szentmise. Reutlingenben 16.30 \u00f3rakor szentmise. * M\u00e1jus 24-\u00e9n, H\u00fasv\u00e9t 7. vas\u00e1rnapj\u00e1n, Biberachban\u00a09.00 \u00f3rakor\u00a0szentmise. Ulmban 12.00 \u00f3rakor szentmise. Eislingenben 15.00 \u00f3rakor szentmise. Heilbronnban 15.30 \u00f3rakor szentmise. * \u201eAz aggodalmaskod\u00f3 a holnap gondj\u00e1t is hordani akarja. Az im\u00e1dkoz\u00f3 a ma terheit \u00e9s feladatait viszi, \u00e9s azokat sem egyed\u00fcl.\u201d (Cseri K\u00e1lm\u00e1n \u2013 1939-2017 \u2013 reform\u00e1tus lelkip\u00e1sztor) Kegyelemteljes, f\u00e9lelem n\u00e9lk\u00fcli h\u00fasv\u00e9ti napokat, j\u00f3 munk\u00e1t, tartalmas besz\u00e9lget\u00e9seket \u00e9s \u00f6r\u00f6mteli tal\u00e1lkoz\u00e1sokat k\u00edv\u00e1nunk minden Kedves H\u00edv\u00fcnknek! \u00a0 A k\u00e9p lel\u0151helye: https:\/\/csalad.ro\/kapcsolat\/ \u00a0 &nbsp; &nbsp;"}

Május 21 és 24 között - Stuttgarti Katolikusok

<blockquote class="wp-embedded-content" data-secret="ju5KTgKZS0"><a href="https://stuttgarti-katolikusok.de/index.php/majus-21-es-24-kozott/">Május 21 és 24 között</a></blockquote><iframe sandbox="allow-scripts" security="restricted" src="https://stuttgarti-katolikusok.de/index.php/majus-21-es-24-kozott/embed/#?secret=ju5KTgKZS0" width="600" height="338" title="&#8220;Május 21 és 24 között&#8221; &#8212; Stuttgarti Katolikusok" data-secret="ju5KTgKZS0" frameborder="0" marginwidth="0" marginheight="0" scrolling="no" class="wp-embedded-content"></iframe><script type="text/javascript">
/* <![CDATA[ */
/*! This file is auto-generated */
!function(d,l){"use strict";l.querySelector&&d.addEventListener&&"undefined"!=typeof URL&&(d.wp=d.wp||{},d.wp.receiveEmbedMessage||(d.wp.receiveEmbedMessage=function(e){var t=e.data;if((t||t.secret||t.message||t.value)&&!/[^a-zA-Z0-9]/.test(t.secret)){for(var s,r,n,a=l.querySelectorAll('iframe[data-secret="'+t.secret+'"]'),o=l.querySelectorAll('blockquote[data-secret="'+t.secret+'"]'),c=new RegExp("^https?:$","i"),i=0;i<o.length;i++)o[i].style.display="none";for(i=0;i<a.length;i++)s=a[i],e.source===s.contentWindow&&(s.removeAttribute("style"),"height"===t.message?(1e3<(r=parseInt(t.value,10))?r=1e3:~~r<200&&(r=200),s.height=r):"link"===t.message&&(r=new URL(s.getAttribute("src")),n=new URL(t.value),c.test(n.protocol))&&n.host===r.host&&l.activeElement===s&&(d.top.location.href=t.value))}},d.addEventListener("message",d.wp.receiveEmbedMessage,!1),l.addEventListener("DOMContentLoaded",function(){for(var e,t,s=l.querySelectorAll("iframe.wp-embedded-content"),r=0;r<s.length;r++)(t=(e=s[r]).getAttribute("data-secret"))||(t=Math.random().toString(36).substring(2,12),e.src+="#?secret="+t,e.setAttribute("data-secret",t)),e.contentWindow.postMessage({message:"ready",secret:t},"*")},!1)))}(window,document);
//# sourceURL=https://stuttgarti-katolikusok.de/wp-includes/js/wp-embed.min.js
/* ]]> */
</script>

Programelőzetes &nbsp; Május 21-én, Áldozócsütörtökön, Weingartenben a 14 Nothelferkapelle-ben 10.00 órakor szentmise. Ulmban 18.00 órakor szentmise. * Május 22-én, pénteken, Stuttgartban 18.00 órakor szentmise. * Május 23-án, szombaton, Heidenheimban 15.30 órakor szentmise. Reutlingenben 16.30 órakor szentmise. * Május 24-én, Húsvét 7. vasárnapján, Biberachban 9.00 órakor szentmise. Ulmban 12.00 órakor szentmise. Eislingenben 15.00 órakor szentmise. Heilbronnban 15.30 órakor szentmise. * „Az aggodalmaskodó a holnap gondját is hordani akarja. Az imádkozó a ma terheit és feladatait viszi, és azokat sem egyedül.” (Cseri Kálmán – 1939-2017 – református lelkipásztor) Kegyelemteljes, félelem nélküli húsvéti napokat, jó munkát, tartalmas beszélgetéseket és örömteli találkozásokat kívánunk minden Kedves Hívünknek!   A kép lelőhelye: https://csalad.ro/kapcsolat/   &nbsp; &nbsp;
