{"version":"1.0","provider_name":"Stuttgarti Katolikusok","provider_url":"https:\/\/stuttgarti-katolikusok.de","title":"Magyar szentjeink dics\u00e9rete - Stuttgarti Katolikusok","type":"rich","width":600,"height":338,"html":"<blockquote class=\"wp-embedded-content\" data-secret=\"O25aRDyAUJ\"><a href=\"https:\/\/stuttgarti-katolikusok.de\/index.php\/magyar-szentjeink-dicserete\/\">Magyar szentjeink dics\u00e9rete<\/a><\/blockquote><iframe sandbox=\"allow-scripts\" security=\"restricted\" src=\"https:\/\/stuttgarti-katolikusok.de\/index.php\/magyar-szentjeink-dicserete\/embed\/#?secret=O25aRDyAUJ\" width=\"600\" height=\"338\" title=\"&#8220;Magyar szentjeink dics\u00e9rete&#8221; &#8212; Stuttgarti Katolikusok\" data-secret=\"O25aRDyAUJ\" frameborder=\"0\" marginwidth=\"0\" marginheight=\"0\" scrolling=\"no\" class=\"wp-embedded-content\"><\/iframe><script type=\"text\/javascript\">\n\/* <![CDATA[ *\/\n\/*! This file is auto-generated *\/\n!function(d,l){\"use strict\";l.querySelector&&d.addEventListener&&\"undefined\"!=typeof URL&&(d.wp=d.wp||{},d.wp.receiveEmbedMessage||(d.wp.receiveEmbedMessage=function(e){var t=e.data;if((t||t.secret||t.message||t.value)&&!\/[^a-zA-Z0-9]\/.test(t.secret)){for(var s,r,n,a=l.querySelectorAll('iframe[data-secret=\"'+t.secret+'\"]'),o=l.querySelectorAll('blockquote[data-secret=\"'+t.secret+'\"]'),c=new RegExp(\"^https?:$\",\"i\"),i=0;i<o.length;i++)o[i].style.display=\"none\";for(i=0;i<a.length;i++)s=a[i],e.source===s.contentWindow&&(s.removeAttribute(\"style\"),\"height\"===t.message?(1e3<(r=parseInt(t.value,10))?r=1e3:~~r<200&&(r=200),s.height=r):\"link\"===t.message&&(r=new URL(s.getAttribute(\"src\")),n=new URL(t.value),c.test(n.protocol))&&n.host===r.host&&l.activeElement===s&&(d.top.location.href=t.value))}},d.addEventListener(\"message\",d.wp.receiveEmbedMessage,!1),l.addEventListener(\"DOMContentLoaded\",function(){for(var e,t,s=l.querySelectorAll(\"iframe.wp-embedded-content\"),r=0;r<s.length;r++)(t=(e=s[r]).getAttribute(\"data-secret\"))||(t=Math.random().toString(36).substring(2,12),e.src+=\"#?secret=\"+t,e.setAttribute(\"data-secret\",t)),e.contentWindow.postMessage({message:\"ready\",secret:t},\"*\")},!1)))}(window,document);\n\/\/# sourceURL=https:\/\/stuttgarti-katolikusok.de\/wp-includes\/js\/wp-embed.min.js\n\/* ]]> *\/\n<\/script>\n","thumbnail_url":"https:\/\/stuttgarti-katolikusok.de\/wp-content\/uploads\/2023\/05\/kaplan-gyorgy-majus21-2.jpg","thumbnail_width":616,"thumbnail_height":640,"description":"2023. m\u00e1jus 21-\u00e9n, vas\u00e1rnap, 11.30 \u00f3rakor h\u00e1laad\u00f3 szentmis\u00e9re gy\u0171l\u00fcnk \u00f6ssze Stuttgartban. Ennek keret\u00e9ben k\u00f6sz\u00f6netet mondunk a gondvisel\u0151 Istennek, hogy imm\u00e1r 76 \u00e9ve lehet\u0151s\u00e9g\u00fcnk van arra, hogy \u00e9des anyanyelv\u00fcnk\u00f6n, magyarul dics\u00e9rhess\u00fck a j\u00f3 Istent. A szentmise keret\u00e9ben K\u00e1pl\u00e1n Gy\u00f6rgy \u00e9nekm\u0171v\u00e9sz, a Magyar Kult\u00fara Lovagja teszi sz\u00e9pp\u00e9 \u00e9s eml\u00e9kezetess\u00e9 \u00fcnnep\u00fcnket. A h\u00e1laad\u00f3 szentmis\u00e9t k\u00f6vet\u0151en pedig k\u00f6z\u00f6s eb\u00e9den vesz\u00fcnk r\u00e9szt. Szeretettel v\u00e1runk, egyben pedig sz\u00f3l\u00edtsd meg k\u00f6zeli ismer\u0151seidet, bar\u00e1taidat, hogy egy\u00fctt \u00fcnnepelhess\u00fcnk. Tibor atya"}

Magyar szentjeink dicsérete - Stuttgarti Katolikusok

<blockquote class="wp-embedded-content" data-secret="O25aRDyAUJ"><a href="https://stuttgarti-katolikusok.de/index.php/magyar-szentjeink-dicserete/">Magyar szentjeink dicsérete</a></blockquote><iframe sandbox="allow-scripts" security="restricted" src="https://stuttgarti-katolikusok.de/index.php/magyar-szentjeink-dicserete/embed/#?secret=O25aRDyAUJ" width="600" height="338" title="&#8220;Magyar szentjeink dicsérete&#8221; &#8212; Stuttgarti Katolikusok" data-secret="O25aRDyAUJ" frameborder="0" marginwidth="0" marginheight="0" scrolling="no" class="wp-embedded-content"></iframe><script type="text/javascript">
/* <![CDATA[ */
/*! This file is auto-generated */
!function(d,l){"use strict";l.querySelector&&d.addEventListener&&"undefined"!=typeof URL&&(d.wp=d.wp||{},d.wp.receiveEmbedMessage||(d.wp.receiveEmbedMessage=function(e){var t=e.data;if((t||t.secret||t.message||t.value)&&!/[^a-zA-Z0-9]/.test(t.secret)){for(var s,r,n,a=l.querySelectorAll('iframe[data-secret="'+t.secret+'"]'),o=l.querySelectorAll('blockquote[data-secret="'+t.secret+'"]'),c=new RegExp("^https?:$","i"),i=0;i<o.length;i++)o[i].style.display="none";for(i=0;i<a.length;i++)s=a[i],e.source===s.contentWindow&&(s.removeAttribute("style"),"height"===t.message?(1e3<(r=parseInt(t.value,10))?r=1e3:~~r<200&&(r=200),s.height=r):"link"===t.message&&(r=new URL(s.getAttribute("src")),n=new URL(t.value),c.test(n.protocol))&&n.host===r.host&&l.activeElement===s&&(d.top.location.href=t.value))}},d.addEventListener("message",d.wp.receiveEmbedMessage,!1),l.addEventListener("DOMContentLoaded",function(){for(var e,t,s=l.querySelectorAll("iframe.wp-embedded-content"),r=0;r<s.length;r++)(t=(e=s[r]).getAttribute("data-secret"))||(t=Math.random().toString(36).substring(2,12),e.src+="#?secret="+t,e.setAttribute("data-secret",t)),e.contentWindow.postMessage({message:"ready",secret:t},"*")},!1)))}(window,document);
//# sourceURL=https://stuttgarti-katolikusok.de/wp-includes/js/wp-embed.min.js
/* ]]> */
</script>

2023. május 21-én, vasárnap, 11.30 órakor hálaadó szentmisére gyűlünk össze Stuttgartban. Ennek keretében köszönetet mondunk a gondviselő Istennek, hogy immár 76 éve lehetőségünk van arra, hogy édes anyanyelvünkön, magyarul dicsérhessük a jó Istent. A szentmise keretében Káplán György énekművész, a Magyar Kultúra Lovagja teszi széppé és emlékezetessé ünnepünket. A hálaadó szentmisét követően pedig közös ebéden veszünk részt. Szeretettel várunk, egyben pedig szólítsd meg közeli ismerőseidet, barátaidat, hogy együtt ünnepelhessünk. Tibor atya
