{"version":"1.0","provider_name":"Stuttgarti Katolikusok","provider_url":"https:\/\/stuttgarti-katolikusok.de","title":"L\u00e9n\u00e1rt Linda orgonam\u0171v\u00e9szn\u0151 orgonahangversenye - Stuttgarti Katolikusok","type":"rich","width":600,"height":338,"html":"<blockquote class=\"wp-embedded-content\" data-secret=\"sZfdA6WoHX\"><a href=\"https:\/\/stuttgarti-katolikusok.de\/index.php\/lenart-linda-orgonamuveszno-orgonahangversenye\/\">L\u00e9n\u00e1rt Linda orgonam\u0171v\u00e9szn\u0151 orgonahangversenye<\/a><\/blockquote><iframe sandbox=\"allow-scripts\" security=\"restricted\" src=\"https:\/\/stuttgarti-katolikusok.de\/index.php\/lenart-linda-orgonamuveszno-orgonahangversenye\/embed\/#?secret=sZfdA6WoHX\" width=\"600\" height=\"338\" title=\"&#8220;L\u00e9n\u00e1rt Linda orgonam\u0171v\u00e9szn\u0151 orgonahangversenye&#8221; &#8212; Stuttgarti Katolikusok\" data-secret=\"sZfdA6WoHX\" frameborder=\"0\" marginwidth=\"0\" marginheight=\"0\" scrolling=\"no\" class=\"wp-embedded-content\"><\/iframe><script type=\"text\/javascript\">\n\/* <![CDATA[ *\/\n\/*! This file is auto-generated *\/\n!function(d,l){\"use strict\";l.querySelector&&d.addEventListener&&\"undefined\"!=typeof URL&&(d.wp=d.wp||{},d.wp.receiveEmbedMessage||(d.wp.receiveEmbedMessage=function(e){var t=e.data;if((t||t.secret||t.message||t.value)&&!\/[^a-zA-Z0-9]\/.test(t.secret)){for(var s,r,n,a=l.querySelectorAll('iframe[data-secret=\"'+t.secret+'\"]'),o=l.querySelectorAll('blockquote[data-secret=\"'+t.secret+'\"]'),c=new RegExp(\"^https?:$\",\"i\"),i=0;i<o.length;i++)o[i].style.display=\"none\";for(i=0;i<a.length;i++)s=a[i],e.source===s.contentWindow&&(s.removeAttribute(\"style\"),\"height\"===t.message?(1e3<(r=parseInt(t.value,10))?r=1e3:~~r<200&&(r=200),s.height=r):\"link\"===t.message&&(r=new URL(s.getAttribute(\"src\")),n=new URL(t.value),c.test(n.protocol))&&n.host===r.host&&l.activeElement===s&&(d.top.location.href=t.value))}},d.addEventListener(\"message\",d.wp.receiveEmbedMessage,!1),l.addEventListener(\"DOMContentLoaded\",function(){for(var e,t,s=l.querySelectorAll(\"iframe.wp-embedded-content\"),r=0;r<s.length;r++)(t=(e=s[r]).getAttribute(\"data-secret\"))||(t=Math.random().toString(36).substring(2,12),e.src+=\"#?secret=\"+t,e.setAttribute(\"data-secret\",t)),e.contentWindow.postMessage({message:\"ready\",secret:t},\"*\")},!1)))}(window,document);\n\/\/# sourceURL=https:\/\/stuttgarti-katolikusok.de\/wp-includes\/js\/wp-embed.min.js\n\/* ]]> *\/\n<\/script>\n","thumbnail_url":"https:\/\/stuttgarti-katolikusok.de\/wp-content\/uploads\/2022\/09\/lenart-linda.jpeg","thumbnail_width":2000,"thumbnail_height":1500,"description":"A Nyitott templomok \u00e9jszak\u00e1ja rendezv\u00e9ny keret\u00e9ben \u00e9s a k\u00f6z\u00f6ss\u00e9g Szent Gell\u00e9rt b\u00facs\u00faj\u00e1hoz kapcsol\u00f3d\u00f3an 2022. szeptember 17-\u00e9n, szombaton 19.00 \u00f3rakor L\u00e9n\u00e1rt Linda orgona hangverseny\u00e9re ker\u00fclt sor. A m\u0171v\u00e9szn\u0151 virtu\u00f3z j\u00e1t\u00e9ka mag\u00e1val ragad\u00f3 volt. K\u00f6sz\u00f6net \u00e9rte Ugyan\u00edgy k\u00f6sz\u00f6net P\u00e1l Ram\u00f3n\u00e1nak, k\u00f6z\u00f6ss\u00e9g\u00fcnk tagj\u00e1nak, aki az elhangz\u00f3 m\u0171vek szerz\u0151inek vil\u00e1g\u00e1ba kalauzolt el benn\u00fcnket. A Magnificat feldolgoz\u00e1s\u00e1ban pedig \u00e9nek\u00e9vel gazdag\u00edtotta est\u00e9nket. Az orgonahangversenyen k\u00e9sz\u00fclt felv\u00e9tel, k\u00f6sz\u00f6net D\u00e1vid Ferencnek, csak r\u00e9szben adja vissza mindazon \u00e9rz\u00e9seket, amelyekben r\u00e9sz\u00fcnk lehetett. K\u00f6sz\u00f6net a felejthetetlen est\u00e9\u00e9rt! Tibor atya U.i. Vas\u00e1rnap lehet\u0151s\u00e9g volt \u00fajra meghallgatni m\u0171v\u00e9szn\u0151 orgonahangverseny\u00e9t. L\u00e9n\u00e1rt Linda m\u0171v\u00e9szn\u0151 orgonahangversenye"}

Lénárt Linda orgonaművésznő orgonahangversenye - Stuttgarti Katolikusok

<blockquote class="wp-embedded-content" data-secret="sZfdA6WoHX"><a href="https://stuttgarti-katolikusok.de/index.php/lenart-linda-orgonamuveszno-orgonahangversenye/">Lénárt Linda orgonaművésznő orgonahangversenye</a></blockquote><iframe sandbox="allow-scripts" security="restricted" src="https://stuttgarti-katolikusok.de/index.php/lenart-linda-orgonamuveszno-orgonahangversenye/embed/#?secret=sZfdA6WoHX" width="600" height="338" title="&#8220;Lénárt Linda orgonaművésznő orgonahangversenye&#8221; &#8212; Stuttgarti Katolikusok" data-secret="sZfdA6WoHX" frameborder="0" marginwidth="0" marginheight="0" scrolling="no" class="wp-embedded-content"></iframe><script type="text/javascript">
/* <![CDATA[ */
/*! This file is auto-generated */
!function(d,l){"use strict";l.querySelector&&d.addEventListener&&"undefined"!=typeof URL&&(d.wp=d.wp||{},d.wp.receiveEmbedMessage||(d.wp.receiveEmbedMessage=function(e){var t=e.data;if((t||t.secret||t.message||t.value)&&!/[^a-zA-Z0-9]/.test(t.secret)){for(var s,r,n,a=l.querySelectorAll('iframe[data-secret="'+t.secret+'"]'),o=l.querySelectorAll('blockquote[data-secret="'+t.secret+'"]'),c=new RegExp("^https?:$","i"),i=0;i<o.length;i++)o[i].style.display="none";for(i=0;i<a.length;i++)s=a[i],e.source===s.contentWindow&&(s.removeAttribute("style"),"height"===t.message?(1e3<(r=parseInt(t.value,10))?r=1e3:~~r<200&&(r=200),s.height=r):"link"===t.message&&(r=new URL(s.getAttribute("src")),n=new URL(t.value),c.test(n.protocol))&&n.host===r.host&&l.activeElement===s&&(d.top.location.href=t.value))}},d.addEventListener("message",d.wp.receiveEmbedMessage,!1),l.addEventListener("DOMContentLoaded",function(){for(var e,t,s=l.querySelectorAll("iframe.wp-embedded-content"),r=0;r<s.length;r++)(t=(e=s[r]).getAttribute("data-secret"))||(t=Math.random().toString(36).substring(2,12),e.src+="#?secret="+t,e.setAttribute("data-secret",t)),e.contentWindow.postMessage({message:"ready",secret:t},"*")},!1)))}(window,document);
//# sourceURL=https://stuttgarti-katolikusok.de/wp-includes/js/wp-embed.min.js
/* ]]> */
</script>

A Nyitott templomok éjszakája rendezvény keretében és a közösség Szent Gellért búcsújához kapcsolódóan 2022. szeptember 17-én, szombaton 19.00 órakor Lénárt Linda orgona hangversenyére került sor. A művésznő virtuóz játéka magával ragadó volt. Köszönet érte Ugyanígy köszönet Pál Ramónának, közösségünk tagjának, aki az elhangzó művek szerzőinek világába kalauzolt el bennünket. A Magnificat feldolgozásában pedig énekével gazdagította esténket. Az orgonahangversenyen készült felvétel, köszönet Dávid Ferencnek, csak részben adja vissza mindazon érzéseket, amelyekben részünk lehetett. Köszönet a felejthetetlen estéért! Tibor atya U.i. Vasárnap lehetőség volt újra meghallgatni művésznő orgonahangversenyét. Lénárt Linda művésznő orgonahangversenye
