{"version":"1.0","provider_name":"Stuttgarti Katolikusok","provider_url":"https:\/\/stuttgarti-katolikusok.de","title":"Lelkit\u00fckr\u00f6k - Stuttgarti Katolikusok","type":"rich","width":600,"height":338,"html":"<blockquote class=\"wp-embedded-content\" data-secret=\"HODax3XbI0\"><a href=\"https:\/\/stuttgarti-katolikusok.de\/index.php\/lelkitukrok\/\">Lelkit\u00fckr\u00f6k<\/a><\/blockquote><iframe sandbox=\"allow-scripts\" security=\"restricted\" src=\"https:\/\/stuttgarti-katolikusok.de\/index.php\/lelkitukrok\/embed\/#?secret=HODax3XbI0\" width=\"600\" height=\"338\" title=\"&#8220;Lelkit\u00fckr\u00f6k&#8221; &#8212; Stuttgarti Katolikusok\" data-secret=\"HODax3XbI0\" frameborder=\"0\" marginwidth=\"0\" marginheight=\"0\" scrolling=\"no\" class=\"wp-embedded-content\"><\/iframe><script type=\"text\/javascript\">\n\/* <![CDATA[ *\/\n\/*! This file is auto-generated *\/\n!function(d,l){\"use strict\";l.querySelector&&d.addEventListener&&\"undefined\"!=typeof URL&&(d.wp=d.wp||{},d.wp.receiveEmbedMessage||(d.wp.receiveEmbedMessage=function(e){var t=e.data;if((t||t.secret||t.message||t.value)&&!\/[^a-zA-Z0-9]\/.test(t.secret)){for(var s,r,n,a=l.querySelectorAll('iframe[data-secret=\"'+t.secret+'\"]'),o=l.querySelectorAll('blockquote[data-secret=\"'+t.secret+'\"]'),c=new RegExp(\"^https?:$\",\"i\"),i=0;i<o.length;i++)o[i].style.display=\"none\";for(i=0;i<a.length;i++)s=a[i],e.source===s.contentWindow&&(s.removeAttribute(\"style\"),\"height\"===t.message?(1e3<(r=parseInt(t.value,10))?r=1e3:~~r<200&&(r=200),s.height=r):\"link\"===t.message&&(r=new URL(s.getAttribute(\"src\")),n=new URL(t.value),c.test(n.protocol))&&n.host===r.host&&l.activeElement===s&&(d.top.location.href=t.value))}},d.addEventListener(\"message\",d.wp.receiveEmbedMessage,!1),l.addEventListener(\"DOMContentLoaded\",function(){for(var e,t,s=l.querySelectorAll(\"iframe.wp-embedded-content\"),r=0;r<s.length;r++)(t=(e=s[r]).getAttribute(\"data-secret\"))||(t=Math.random().toString(36).substring(2,12),e.src+=\"#?secret=\"+t,e.setAttribute(\"data-secret\",t)),e.contentWindow.postMessage({message:\"ready\",secret:t},\"*\")},!1)))}(window,document);\n\/\/# sourceURL=https:\/\/stuttgarti-katolikusok.de\/wp-includes\/js\/wp-embed.min.js\n\/* ]]> *\/\n<\/script>\n","description":"Kedves H\u00edveim, kedves Bar\u00e1taim! Egyik\u0151t\u00f6k azzal a k\u00e9r\u00e9ssel lepett meg, hogy tegyek fel a honlapra illetve a facebookra egy \u00fan. lelkit\u00fck\u00f6r-\u00f6ssze\u00e1ll\u00edt\u00e1st. K\u00e9r\u00e9se nyom\u00e1n nekem is azonnal eszembe jutott, hogy mennyire fel\u00fcletesek n\u00e9ha a szentgy\u00f3n\u00e1saink, illetve mennyire a r\u00e9gi, gyermekkorban beidegz\u0151d\u00f6tt b\u0171n\u00f6ket \u00e9s hib\u00e1kat tartalmazz\u00e1k. Pedig k\u00f6zben a vil\u00e1g nagyot l\u00e9pett el\u0151re, m\u00e1s korok j\u00e1rj\u00e1k, m\u00e1s erk\u00f6lcs\u00f6k \u00e9s m\u00e1s szok\u00e1sok uralkodnak, \u00e9s ha a b\u0171n\u00f6k illetve v\u00e9tkek l\u00e9nyeg\u00fckben ugyanazok is maradtak, egy-egy modernebb t\u00e1rsaikkal mindenk\u00e9pp gyarapodtak. Teh\u00e1t val\u00f3ban sz\u00fcks\u00e9g van \u00fajabb lelkit\u00fckr\u00f6k megfogalmaz\u00e1s\u00e1ra. Szerencs\u00e9re ezt n\u00e1lam sokkal iskol\u00e1zottabb erk\u00f6lcsteol\u00f3gusok m\u00e1r meg is tett\u00e9k, nekem mind\u00f6ssze az maradt, hogy a h\u00e1rom legkeresettebb lelkit\u00fckr\u00f6t hozzam, \u00e9s ugyanakkor r\u00e1mutassak arra, hogy a \u201eServus-lelkit\u00fckr\u00f6k\u201d https:\/\/servus.eoldal.hu\/cikkek\/lelkitukrok honoldalon m\u00e9g t\u00f6bbet \u00e9s specifikusabbat is tal\u00e1lhattok. J\u00f3 keres\u00e9t \u2013 \u00e9s egy j\u00f3 h\u00fasv\u00e9ti szentgy\u00f3n\u00e1st k\u00edv\u00e1n lelkip\u00e1sztori \u00e9s bar\u00e1ti szeretettel, Imre atya Stuttgart, 2020 nagyb\u00f6jtj\u00e9n. LELKIT\u00dcK\u00d6R FELN\u0150TTEKNEK &nbsp; B\u0170NB\u00c1NAT \u00c9S KIENGESZTEL\u0150D\u00c9S \u2013\u00a0\u00a0\u00a0\u00a0\u00a0\u00a0\u00a0 k\u00e9rd\u00e9sek, tan\u00e1csok a lelkiismeretvizsg\u00e1lathoz \u00e9s a szentgy\u00f3n\u00e1shoz \u2013 Ha J\u00e9zus k\u00f6vet\u0151je vagy, nem el\u00e9g azt mondani: \u201enem loptam\u201d, \u00a0hanem meg kell vizsg\u00e1lni, adt\u00e1l-e a r\u00e1szorul\u00f3knak (Katona Istv\u00e1n) \u00a0 EL\u0150ZETES TAN\u00c1CSOK: Rendszeresen gy\u00f3nj\u00e1l \u2013 ha lehet havonta \u2013, \u00edgy \u00e9l\u0151 tapasztalatt\u00e1 lehet benned a Szent\u00edr\u00e1s szava: \u201eA szeretet nem abban \u00e1ll, hogy mi szeretj\u00fck az Istent, hanem, hogy \u0151 el\u0151bb szeretett minket\u201d, ami a gy\u00f3n\u00e1sban azt jelenti: b\u0171neink s\u00faly\u00e1n\u00e1l mindig nagyobb a kegyelem \u00e9s a visszafogad\u00e1s m\u00e9rt\u00e9ke \u2013 mi csak v\u00e1laszolunk minderre. \u00c9ppen ez\u00e9rt a gy\u00f3n\u00e1sban ne csup\u00e1n arra helyezd a hangs\u00falyt, hogy \u201ej\u00f3 gy\u00f3n\u00e1som legyen\u201d, vagyis \u00e1t\u00e9rezzem a szabadul\u00e1st, a b\u00e1natot, hanem legyen el\u0151tted annak felel\u0151ss\u00e9ge is \u2013 \u00e9s ez tal\u00e1n az el\u0151bbiek felt\u00e9tele \u2013, hogy b\u0171neiddel v\u00e9tett\u00e9l a v\u00e9gtelen Szeretet, Isten ellen, aki ha \u00e9rzed, ha nem, most megbocs\u00e1t, feloldoz, visszafogad. Ezt a realit\u00e1st garant\u00e1lja a pap szem\u00e9lye. V\u00e1lassz magadnak egy gy\u00f3ntat\u00f3t, lelkivezet\u0151t, akinek seg\u00edts\u00e9g\u00e9vel a gyakorta elk\u00f6vetett \u2019fel\u00fcleti\u2019 b\u0171n\u00f6k sz\u00e1mbav\u00e9tele ut\u00e1n \u00e9leted nagyobb eg\u00e9sz\u00e9re is reflekt\u00e1lni... R\u00e9szletek"}

Lelkitükrök - Stuttgarti Katolikusok

<blockquote class="wp-embedded-content" data-secret="HODax3XbI0"><a href="https://stuttgarti-katolikusok.de/index.php/lelkitukrok/">Lelkitükrök</a></blockquote><iframe sandbox="allow-scripts" security="restricted" src="https://stuttgarti-katolikusok.de/index.php/lelkitukrok/embed/#?secret=HODax3XbI0" width="600" height="338" title="&#8220;Lelkitükrök&#8221; &#8212; Stuttgarti Katolikusok" data-secret="HODax3XbI0" frameborder="0" marginwidth="0" marginheight="0" scrolling="no" class="wp-embedded-content"></iframe><script type="text/javascript">
/* <![CDATA[ */
/*! This file is auto-generated */
!function(d,l){"use strict";l.querySelector&&d.addEventListener&&"undefined"!=typeof URL&&(d.wp=d.wp||{},d.wp.receiveEmbedMessage||(d.wp.receiveEmbedMessage=function(e){var t=e.data;if((t||t.secret||t.message||t.value)&&!/[^a-zA-Z0-9]/.test(t.secret)){for(var s,r,n,a=l.querySelectorAll('iframe[data-secret="'+t.secret+'"]'),o=l.querySelectorAll('blockquote[data-secret="'+t.secret+'"]'),c=new RegExp("^https?:$","i"),i=0;i<o.length;i++)o[i].style.display="none";for(i=0;i<a.length;i++)s=a[i],e.source===s.contentWindow&&(s.removeAttribute("style"),"height"===t.message?(1e3<(r=parseInt(t.value,10))?r=1e3:~~r<200&&(r=200),s.height=r):"link"===t.message&&(r=new URL(s.getAttribute("src")),n=new URL(t.value),c.test(n.protocol))&&n.host===r.host&&l.activeElement===s&&(d.top.location.href=t.value))}},d.addEventListener("message",d.wp.receiveEmbedMessage,!1),l.addEventListener("DOMContentLoaded",function(){for(var e,t,s=l.querySelectorAll("iframe.wp-embedded-content"),r=0;r<s.length;r++)(t=(e=s[r]).getAttribute("data-secret"))||(t=Math.random().toString(36).substring(2,12),e.src+="#?secret="+t,e.setAttribute("data-secret",t)),e.contentWindow.postMessage({message:"ready",secret:t},"*")},!1)))}(window,document);
//# sourceURL=https://stuttgarti-katolikusok.de/wp-includes/js/wp-embed.min.js
/* ]]> */
</script>

Kedves Híveim, kedves Barátaim! Egyikőtök azzal a kéréssel lepett meg, hogy tegyek fel a honlapra illetve a facebookra egy ún. lelkitükör-összeállítást. Kérése nyomán nekem is azonnal eszembe jutott, hogy mennyire felületesek néha a szentgyónásaink, illetve mennyire a régi, gyermekkorban beidegződött bűnöket és hibákat tartalmazzák. Pedig közben a világ nagyot lépett előre, más korok járják, más erkölcsök és más szokások uralkodnak, és ha a bűnök illetve vétkek lényegükben ugyanazok is maradtak, egy-egy modernebb társaikkal mindenképp gyarapodtak. Tehát valóban szükség van újabb lelkitükrök megfogalmazására. Szerencsére ezt nálam sokkal iskolázottabb erkölcsteológusok már meg is tették, nekem mindössze az maradt, hogy a három legkeresettebb lelkitükröt hozzam, és ugyanakkor rámutassak arra, hogy a „Servus-lelkitükrök” https://servus.eoldal.hu/cikkek/lelkitukrok honoldalon még többet és specifikusabbat is találhattok. Jó keresét – és egy jó húsvéti szentgyónást kíván lelkipásztori és baráti szeretettel, Imre atya Stuttgart, 2020 nagyböjtjén. LELKITÜKÖR FELNŐTTEKNEK &nbsp; BŰNBÁNAT ÉS KIENGESZTELŐDÉS –        kérdések, tanácsok a lelkiismeretvizsgálathoz és a szentgyónáshoz – Ha Jézus követője vagy, nem elég azt mondani: „nem loptam”,  hanem meg kell vizsgálni, adtál-e a rászorulóknak (Katona István)   ELŐZETES TANÁCSOK: Rendszeresen gyónjál – ha lehet havonta –, így élő tapasztalattá lehet benned a Szentírás szava: „A szeretet nem abban áll, hogy mi szeretjük az Istent, hanem, hogy ő előbb szeretett minket”, ami a gyónásban azt jelenti: bűneink súlyánál mindig nagyobb a kegyelem és a visszafogadás mértéke – mi csak válaszolunk minderre. Éppen ezért a gyónásban ne csupán arra helyezd a hangsúlyt, hogy „jó gyónásom legyen”, vagyis átérezzem a szabadulást, a bánatot, hanem legyen előtted annak felelőssége is – és ez talán az előbbiek feltétele –, hogy bűneiddel vétettél a végtelen Szeretet, Isten ellen, aki ha érzed, ha nem, most megbocsát, feloldoz, visszafogad. Ezt a realitást garantálja a pap személye. Válassz magadnak egy gyóntatót, lelkivezetőt, akinek segítségével a gyakorta elkövetett ’felületi’ bűnök számbavétele után életed nagyobb egészére is reflektálni... Részletek
