{"version":"1.0","provider_name":"Stuttgarti Katolikusok","provider_url":"https:\/\/stuttgarti-katolikusok.de","title":"L\u00e1togat\u00f3ban Terike n\u00e9nin\u00e9l - Stuttgarti Katolikusok","type":"rich","width":600,"height":338,"html":"<blockquote class=\"wp-embedded-content\" data-secret=\"p4AyOee4qg\"><a href=\"https:\/\/stuttgarti-katolikusok.de\/index.php\/latogatoban-terike-neninel\/\">L\u00e1togat\u00f3ban Terike n\u00e9nin\u00e9l<\/a><\/blockquote><iframe sandbox=\"allow-scripts\" security=\"restricted\" src=\"https:\/\/stuttgarti-katolikusok.de\/index.php\/latogatoban-terike-neninel\/embed\/#?secret=p4AyOee4qg\" width=\"600\" height=\"338\" title=\"&#8220;L\u00e1togat\u00f3ban Terike n\u00e9nin\u00e9l&#8221; &#8212; Stuttgarti Katolikusok\" data-secret=\"p4AyOee4qg\" frameborder=\"0\" marginwidth=\"0\" marginheight=\"0\" scrolling=\"no\" class=\"wp-embedded-content\"><\/iframe><script type=\"text\/javascript\">\n\/* <![CDATA[ *\/\n\/*! This file is auto-generated *\/\n!function(d,l){\"use strict\";l.querySelector&&d.addEventListener&&\"undefined\"!=typeof URL&&(d.wp=d.wp||{},d.wp.receiveEmbedMessage||(d.wp.receiveEmbedMessage=function(e){var t=e.data;if((t||t.secret||t.message||t.value)&&!\/[^a-zA-Z0-9]\/.test(t.secret)){for(var s,r,n,a=l.querySelectorAll('iframe[data-secret=\"'+t.secret+'\"]'),o=l.querySelectorAll('blockquote[data-secret=\"'+t.secret+'\"]'),c=new RegExp(\"^https?:$\",\"i\"),i=0;i<o.length;i++)o[i].style.display=\"none\";for(i=0;i<a.length;i++)s=a[i],e.source===s.contentWindow&&(s.removeAttribute(\"style\"),\"height\"===t.message?(1e3<(r=parseInt(t.value,10))?r=1e3:~~r<200&&(r=200),s.height=r):\"link\"===t.message&&(r=new URL(s.getAttribute(\"src\")),n=new URL(t.value),c.test(n.protocol))&&n.host===r.host&&l.activeElement===s&&(d.top.location.href=t.value))}},d.addEventListener(\"message\",d.wp.receiveEmbedMessage,!1),l.addEventListener(\"DOMContentLoaded\",function(){for(var e,t,s=l.querySelectorAll(\"iframe.wp-embedded-content\"),r=0;r<s.length;r++)(t=(e=s[r]).getAttribute(\"data-secret\"))||(t=Math.random().toString(36).substring(2,12),e.src+=\"#?secret=\"+t,e.setAttribute(\"data-secret\",t)),e.contentWindow.postMessage({message:\"ready\",secret:t},\"*\")},!1)))}(window,document);\n\/\/# sourceURL=https:\/\/stuttgarti-katolikusok.de\/wp-includes\/js\/wp-embed.min.js\n\/* ]]> *\/\n<\/script>\n","thumbnail_url":"https:\/\/stuttgarti-katolikusok.de\/wp-content\/uploads\/2024\/01\/terike-neni.jpg","thumbnail_width":1600,"thumbnail_height":1200,"description":"A mai szentmis\u00e9t k\u00f6vet\u0151en Ravensburgba, a Szent Erzs\u00e9bet k\u00f3rh\u00e1zba mentem, hogy megl\u00e1togassam Kreiter Terike n\u00e9nit. Combnyakt\u00f6r\u00e9st szenvedett m\u00e9g az \u00f3 esztend\u0151 utols\u00f3 napjaiban, mik\u00f6zben egy kedves ismer\u0151s\u00e9t l\u00e1togatta meg. M\u00e1r t\u00fal van a m\u0171t\u00e9ten, s k\u00eds\u00e9rettel n\u00e9h\u00e1ny l\u00e9p\u00e9st is meg tud tenni. Magam sem voltam biztos, hogy mikor lesz id\u0151m elmenni. No meg azt sem tudtam, hogy vannak-e szigor\u00edtott szab\u00e1lyok a l\u00e1togat\u00e1st illet\u0151en. \u00cdgy azt\u00e1n nem jelentkeztem be el\u0151zetesen. A k\u00f3rh\u00e1z szem\u00e9lyzete nagyon kedves volt, eligaz\u00edtottak. Kopogtattam, s amikor benyitottam a szob\u00e1ba, nagy volt a meglepet\u00e9s. Terike n\u00e9ni boldogs\u00e1ga le\u00edrhatatlan volt, mint ahogy a magam \u00f6r\u00f6me is. Hoztam a szents\u00e9geket, pr\u00f3b\u00e1ltam oldani a meglepet\u00e9s okozta fesz\u00fclts\u00e9get. Az betlehemi Kisdedet hoztam el. Ez az \u00e9n aranyom, t\u00f6mj\u00e9nem, mirh\u00e1m&#8230; Terike n\u00e9ni pedig mag\u00e1hoz vette a szents\u00e9geket, majd pedig mes\u00e9lt,\u00a0 mes\u00e9lt&#8230; Sz\u00edvesen hallgattam volna m\u00e9g, de indulnom kellett. Balingen messze van. Ott is v\u00e1rnak a k\u00f6z\u00f6ss\u00e9gi szentmis\u00e9re. Meg\u00f6lelt\u00fck egym\u00e1st, szelfizt\u00fcnk. Annyira boldog vagyok! &#8211; mondta Terike n\u00e9ni. Nem panaszkodott, nem tett fel k\u00e9rd\u00e9seket, mi\u00e9rt is kellett, hogy mindez megt\u00f6rt\u00e9njen. Egyszer\u0171en csak boldog volt. Ennek a boldogs\u00e1gnak forr\u00e1sa \u00e9s gy\u00f6kere Terike n\u00e9ni m\u00e9ly hite. H\u00fasv\u00e9tkor majd tal\u00e1lkozunk a templomban &#8211; mondta. Az ajt\u00f3t bez\u00e1rtam magam m\u00f6g\u00f6tt, s legal\u00e1bb ugyanolyan nagy \u00f6r\u00f6mmel sz\u00edvemben, mint Terike n\u00e9ni, elindultam. \u00d6r\u00f6mteli \u00e9s feledhetetlen tal\u00e1lkoz\u00e1s!"}

Látogatóban Terike néninél - Stuttgarti Katolikusok

<blockquote class="wp-embedded-content" data-secret="p4AyOee4qg"><a href="https://stuttgarti-katolikusok.de/index.php/latogatoban-terike-neninel/">Látogatóban Terike néninél</a></blockquote><iframe sandbox="allow-scripts" security="restricted" src="https://stuttgarti-katolikusok.de/index.php/latogatoban-terike-neninel/embed/#?secret=p4AyOee4qg" width="600" height="338" title="&#8220;Látogatóban Terike néninél&#8221; &#8212; Stuttgarti Katolikusok" data-secret="p4AyOee4qg" frameborder="0" marginwidth="0" marginheight="0" scrolling="no" class="wp-embedded-content"></iframe><script type="text/javascript">
/* <![CDATA[ */
/*! This file is auto-generated */
!function(d,l){"use strict";l.querySelector&&d.addEventListener&&"undefined"!=typeof URL&&(d.wp=d.wp||{},d.wp.receiveEmbedMessage||(d.wp.receiveEmbedMessage=function(e){var t=e.data;if((t||t.secret||t.message||t.value)&&!/[^a-zA-Z0-9]/.test(t.secret)){for(var s,r,n,a=l.querySelectorAll('iframe[data-secret="'+t.secret+'"]'),o=l.querySelectorAll('blockquote[data-secret="'+t.secret+'"]'),c=new RegExp("^https?:$","i"),i=0;i<o.length;i++)o[i].style.display="none";for(i=0;i<a.length;i++)s=a[i],e.source===s.contentWindow&&(s.removeAttribute("style"),"height"===t.message?(1e3<(r=parseInt(t.value,10))?r=1e3:~~r<200&&(r=200),s.height=r):"link"===t.message&&(r=new URL(s.getAttribute("src")),n=new URL(t.value),c.test(n.protocol))&&n.host===r.host&&l.activeElement===s&&(d.top.location.href=t.value))}},d.addEventListener("message",d.wp.receiveEmbedMessage,!1),l.addEventListener("DOMContentLoaded",function(){for(var e,t,s=l.querySelectorAll("iframe.wp-embedded-content"),r=0;r<s.length;r++)(t=(e=s[r]).getAttribute("data-secret"))||(t=Math.random().toString(36).substring(2,12),e.src+="#?secret="+t,e.setAttribute("data-secret",t)),e.contentWindow.postMessage({message:"ready",secret:t},"*")},!1)))}(window,document);
//# sourceURL=https://stuttgarti-katolikusok.de/wp-includes/js/wp-embed.min.js
/* ]]> */
</script>

A mai szentmisét követően Ravensburgba, a Szent Erzsébet kórházba mentem, hogy meglátogassam Kreiter Terike nénit. Combnyaktörést szenvedett még az ó esztendő utolsó napjaiban, miközben egy kedves ismerősét látogatta meg. Már túl van a műtéten, s kísérettel néhány lépést is meg tud tenni. Magam sem voltam biztos, hogy mikor lesz időm elmenni. No meg azt sem tudtam, hogy vannak-e szigorított szabályok a látogatást illetően. Így aztán nem jelentkeztem be előzetesen. A kórház személyzete nagyon kedves volt, eligazítottak. Kopogtattam, s amikor benyitottam a szobába, nagy volt a meglepetés. Terike néni boldogsága leírhatatlan volt, mint ahogy a magam öröme is. Hoztam a szentségeket, próbáltam oldani a meglepetés okozta feszültséget. Az betlehemi Kisdedet hoztam el. Ez az én aranyom, tömjénem, mirhám&#8230; Terike néni pedig magához vette a szentségeket, majd pedig mesélt,  mesélt&#8230; Szívesen hallgattam volna még, de indulnom kellett. Balingen messze van. Ott is várnak a közösségi szentmisére. Megöleltük egymást, szelfiztünk. Annyira boldog vagyok! &#8211; mondta Terike néni. Nem panaszkodott, nem tett fel kérdéseket, miért is kellett, hogy mindez megtörténjen. Egyszerűen csak boldog volt. Ennek a boldogságnak forrása és gyökere Terike néni mély hite. Húsvétkor majd találkozunk a templomban &#8211; mondta. Az ajtót bezártam magam mögött, s legalább ugyanolyan nagy örömmel szívemben, mint Terike néni, elindultam. Örömteli és feledhetetlen találkozás!
