{"version":"1.0","provider_name":"Stuttgarti Katolikusok","provider_url":"https:\/\/stuttgarti-katolikusok.de","title":"K\u00fcl\u00f6n\u00f6s sz\u00fclet\u00e9snapi \u00fcnnepl\u00e9s - Stuttgarti Katolikusok","type":"rich","width":600,"height":338,"html":"<blockquote class=\"wp-embedded-content\" data-secret=\"WbD0plxiyk\"><a href=\"https:\/\/stuttgarti-katolikusok.de\/index.php\/kulonos-szuletesnapi-unneples\/\">K\u00fcl\u00f6n\u00f6s sz\u00fclet\u00e9snapi \u00fcnnepl\u00e9s<\/a><\/blockquote><iframe sandbox=\"allow-scripts\" security=\"restricted\" src=\"https:\/\/stuttgarti-katolikusok.de\/index.php\/kulonos-szuletesnapi-unneples\/embed\/#?secret=WbD0plxiyk\" width=\"600\" height=\"338\" title=\"&#8220;K\u00fcl\u00f6n\u00f6s sz\u00fclet\u00e9snapi \u00fcnnepl\u00e9s&#8221; &#8212; Stuttgarti Katolikusok\" data-secret=\"WbD0plxiyk\" frameborder=\"0\" marginwidth=\"0\" marginheight=\"0\" scrolling=\"no\" class=\"wp-embedded-content\"><\/iframe><script type=\"text\/javascript\">\n\/* <![CDATA[ *\/\n\/*! This file is auto-generated *\/\n!function(d,l){\"use strict\";l.querySelector&&d.addEventListener&&\"undefined\"!=typeof URL&&(d.wp=d.wp||{},d.wp.receiveEmbedMessage||(d.wp.receiveEmbedMessage=function(e){var t=e.data;if((t||t.secret||t.message||t.value)&&!\/[^a-zA-Z0-9]\/.test(t.secret)){for(var s,r,n,a=l.querySelectorAll('iframe[data-secret=\"'+t.secret+'\"]'),o=l.querySelectorAll('blockquote[data-secret=\"'+t.secret+'\"]'),c=new RegExp(\"^https?:$\",\"i\"),i=0;i<o.length;i++)o[i].style.display=\"none\";for(i=0;i<a.length;i++)s=a[i],e.source===s.contentWindow&&(s.removeAttribute(\"style\"),\"height\"===t.message?(1e3<(r=parseInt(t.value,10))?r=1e3:~~r<200&&(r=200),s.height=r):\"link\"===t.message&&(r=new URL(s.getAttribute(\"src\")),n=new URL(t.value),c.test(n.protocol))&&n.host===r.host&&l.activeElement===s&&(d.top.location.href=t.value))}},d.addEventListener(\"message\",d.wp.receiveEmbedMessage,!1),l.addEventListener(\"DOMContentLoaded\",function(){for(var e,t,s=l.querySelectorAll(\"iframe.wp-embedded-content\"),r=0;r<s.length;r++)(t=(e=s[r]).getAttribute(\"data-secret\"))||(t=Math.random().toString(36).substring(2,12),e.src+=\"#?secret=\"+t,e.setAttribute(\"data-secret\",t)),e.contentWindow.postMessage({message:\"ready\",secret:t},\"*\")},!1)))}(window,document);\n\/\/# sourceURL=https:\/\/stuttgarti-katolikusok.de\/wp-includes\/js\/wp-embed.min.js\n\/* ]]> *\/\n<\/script>\n","thumbnail_url":"https:\/\/stuttgarti-katolikusok.de\/wp-content\/uploads\/2020\/05\/jubil-zari.jpg","thumbnail_width":600,"thumbnail_height":800,"description":"K\u00fcl\u00f6n\u00f6s sz\u00fclet\u00e9snapi \u00fcnnepl\u00e9s&#8230; Szent Gell\u00e9rt\u00a0\u00a0egyh\u00e1zk\u00f6zs\u00e9g\u00fcnk sz\u00fclet\u00e9snapj\u00e1t Stuttgartban minden \u00e9vben m\u00e9lt\u00f3an szoktuk meg\u00fcnnepelni. Ebben az \u00e9vben sajnos a koronav\u00edrus miatt nem volt lehets\u00e9ges, hogy a nagy Csal\u00e1d tal\u00e1lkozhasson \u00e9s \u00fcnnepelhessen. Ez\u00e9rt egy kis csoport a 73. jubileum eml\u00e9k\u00e9re\u00a0a Szent M\u00e1rton zar\u00e1ndok \u00faton egy r\u00f6vid szakaszt zar\u00e1ndokolt. Szerd\u00e1n, m\u00e1jus 13-\u00e1n Imre atya buzd\u00edt\u00e1s\u00e1ra k\u00fcl\u00f6nb\u00f6z\u0151 csoportokhoz tartoz\u00f3k &#8211; \u00e1g\u00e1p\u00e9sok, \u0151rz\u0151angyalok, egyh\u00e1ztan\u00e1csosok, leg\u00e1tusok &#8211; elim\u00e1dkoztuk egy\u00e9nileg a Jubileumi im\u00e1t, de \u00e9rezt\u00fck, hogy valami t\u00f6bb is kellene&#8230; Elhat\u00e1roztuk, hogy zar\u00e1ndokolunk&#8230; Szombaton, m\u00e1jus 16-\u00e1n gy\u00f6ny\u00f6r\u0171 sz\u00e9p napra \u00e9bredt\u00fcnk, \u00e9s m\u00e1r reggel kor\u00e1n elindultunk. A tal\u00e1lkoz\u00e1s helysz\u00edne a stuttgarti nagy\u00e1llom\u00e1s volt, ahonnan k\u00f6z\u00f6sen a nagytemplomhoz (St. Eberhard) ment\u00fcnk. Ez volt a kiindul\u00f3 pont. Itt elmondtuk a Jubileumi im\u00e1t, felaj\u00e1nlottuk \u00fatunkat Egyh\u00e1zk\u00f6zs\u00e9g\u00fcnk\u00e9rt, \u00e9s k\u00e9rt\u00fck Isten seg\u00edts\u00e9g\u00e9t a zar\u00e1ndoklatunkra. A technika seg\u00edts\u00e9g\u00e9vel Imre atya \u00e1ld\u00e1s\u00e1t adta sz\u00e1nd\u00e9kunkra \u00e9s zar\u00e1ndoklatunkra. Mivel a koronav\u00edrus miatt nem utazhatunk t\u00fal messzire, ez egy nagyon j\u00f3 alkalom volt nek\u00fcnk arra, hogy jobban megismerj\u00fck saj\u00e1t k\u00f6rny\u00e9k\u00fcnket, az itteni vall\u00e1si vil\u00e1got. Ez\u00fattal a Szent M\u00e1rton utat v\u00e1lasztottuk, Stuttgartb\u00f3l Ludwigsburgig. Nagyon sz\u00e9p helyeken ment\u00fcnk kereszt\u00fcl, a Scholssgartent\u0151l Bad Cannstattig. L\u00e1thattuk a m\u00e1r \u00e9vek \u00f3ta k\u00e9sz\u00fcl\u0151 alag\u00fat (Stuttgart 21) munk\u00e1latait. Majd a Neckar foly\u00f3 partj\u00e1n \u00e9s a sz\u0151l\u0151hegyek alatt tov\u00e1bb menve el\u00e9rt\u00fck Hoffent. Itt egy csod\u00e1latosan gy\u00f6ny\u00f6r\u0171, igazi otthoni l\u00e9gk\u00f6rt \u00e1raszt\u00f3 katolikus templomba t\u00e9rt\u00fcnk be, \u00e9spedig Szent Barbara templom\u00e1ba. Sz\u00e1nd\u00e9kainkat \u00e9s k\u00e9r\u00e9seinket leraktuk a Sz\u0171zanya l\u00e1bain\u00e1l, majd folytattuk zar\u00e1ndoklatunkat. M\u00fchlhausen-en kereszt\u00fcl Kornwestheim csod\u00e1latos parkjait is megismerhett\u00fck. Isten b\u00e1mulatos vil\u00e1g\u00e1ban ez\u00fattal is nagyon el tudtunk csod\u00e1lkozni \u00e9s \u00f6rvendt\u00fcnk, mert hatalmas sz\u00e9p nagy f\u00e1k alatt ment\u00fcnk, szebbn\u00e9l szebb vir\u00e1gokat l\u00e1ttunk, \u00e9s a m\u00f3kusok j\u00e1t\u00e9ka, illetve a mad\u00e1rk\u00e1k csicserg\u00e9se k\u00f6sz\u00f6nt\u00f6tt. Milyen sz\u00e9p a vil\u00e1g, mondogattuk, csak nyitott szemmel kellene j\u00e1rnunk. Kornwestheimban a Szent M\u00e1rton templomba t\u00e9rt\u00fcnk be. Itt sajnos hossz\u00fa ideig nem maradhatunk, mert \u00e9ppen egy keresztel\u0151re gy\u00fclekeztek a h\u00edvek. A bej\u00e1rati ajt\u00f3 sz\u00e9ps\u00e9ge viszont \u00edgy is leny\u0171g\u00f6z\u00f6tt mindannyiunkat. A templomban... R\u00e9szletek"}

Különös születésnapi ünneplés - Stuttgarti Katolikusok

<blockquote class="wp-embedded-content" data-secret="WbD0plxiyk"><a href="https://stuttgarti-katolikusok.de/index.php/kulonos-szuletesnapi-unneples/">Különös születésnapi ünneplés</a></blockquote><iframe sandbox="allow-scripts" security="restricted" src="https://stuttgarti-katolikusok.de/index.php/kulonos-szuletesnapi-unneples/embed/#?secret=WbD0plxiyk" width="600" height="338" title="&#8220;Különös születésnapi ünneplés&#8221; &#8212; Stuttgarti Katolikusok" data-secret="WbD0plxiyk" frameborder="0" marginwidth="0" marginheight="0" scrolling="no" class="wp-embedded-content"></iframe><script type="text/javascript">
/* <![CDATA[ */
/*! This file is auto-generated */
!function(d,l){"use strict";l.querySelector&&d.addEventListener&&"undefined"!=typeof URL&&(d.wp=d.wp||{},d.wp.receiveEmbedMessage||(d.wp.receiveEmbedMessage=function(e){var t=e.data;if((t||t.secret||t.message||t.value)&&!/[^a-zA-Z0-9]/.test(t.secret)){for(var s,r,n,a=l.querySelectorAll('iframe[data-secret="'+t.secret+'"]'),o=l.querySelectorAll('blockquote[data-secret="'+t.secret+'"]'),c=new RegExp("^https?:$","i"),i=0;i<o.length;i++)o[i].style.display="none";for(i=0;i<a.length;i++)s=a[i],e.source===s.contentWindow&&(s.removeAttribute("style"),"height"===t.message?(1e3<(r=parseInt(t.value,10))?r=1e3:~~r<200&&(r=200),s.height=r):"link"===t.message&&(r=new URL(s.getAttribute("src")),n=new URL(t.value),c.test(n.protocol))&&n.host===r.host&&l.activeElement===s&&(d.top.location.href=t.value))}},d.addEventListener("message",d.wp.receiveEmbedMessage,!1),l.addEventListener("DOMContentLoaded",function(){for(var e,t,s=l.querySelectorAll("iframe.wp-embedded-content"),r=0;r<s.length;r++)(t=(e=s[r]).getAttribute("data-secret"))||(t=Math.random().toString(36).substring(2,12),e.src+="#?secret="+t,e.setAttribute("data-secret",t)),e.contentWindow.postMessage({message:"ready",secret:t},"*")},!1)))}(window,document);
//# sourceURL=https://stuttgarti-katolikusok.de/wp-includes/js/wp-embed.min.js
/* ]]> */
</script>

Különös születésnapi ünneplés&#8230; Szent Gellért  egyházközségünk születésnapját Stuttgartban minden évben méltóan szoktuk megünnepelni. Ebben az évben sajnos a koronavírus miatt nem volt lehetséges, hogy a nagy Család találkozhasson és ünnepelhessen. Ezért egy kis csoport a 73. jubileum emlékére a Szent Márton zarándok úton egy rövid szakaszt zarándokolt. Szerdán, május 13-án Imre atya buzdítására különböző csoportokhoz tartozók &#8211; ágápésok, őrzőangyalok, egyháztanácsosok, legátusok &#8211; elimádkoztuk egyénileg a Jubileumi imát, de éreztük, hogy valami több is kellene&#8230; Elhatároztuk, hogy zarándokolunk&#8230; Szombaton, május 16-án gyönyörű szép napra ébredtünk, és már reggel korán elindultunk. A találkozás helyszíne a stuttgarti nagyállomás volt, ahonnan közösen a nagytemplomhoz (St. Eberhard) mentünk. Ez volt a kiinduló pont. Itt elmondtuk a Jubileumi imát, felajánlottuk útunkat Egyházközségünkért, és kértük Isten segítségét a zarándoklatunkra. A technika segítségével Imre atya áldását adta szándékunkra és zarándoklatunkra. Mivel a koronavírus miatt nem utazhatunk túl messzire, ez egy nagyon jó alkalom volt nekünk arra, hogy jobban megismerjük saját környékünket, az itteni vallási világot. Ezúttal a Szent Márton utat választottuk, Stuttgartból Ludwigsburgig. Nagyon szép helyeken mentünk keresztül, a Scholssgartentől Bad Cannstattig. Láthattuk a már évek óta készülő alagút (Stuttgart 21) munkálatait. Majd a Neckar folyó partján és a szőlőhegyek alatt tovább menve elértük Hoffent. Itt egy csodálatosan gyönyörű, igazi otthoni légkört árasztó katolikus templomba tértünk be, éspedig Szent Barbara templomába. Szándékainkat és kéréseinket leraktuk a Szűzanya lábainál, majd folytattuk zarándoklatunkat. Mühlhausen-en keresztül Kornwestheim csodálatos parkjait is megismerhettük. Isten bámulatos világában ezúttal is nagyon el tudtunk csodálkozni és örvendtünk, mert hatalmas szép nagy fák alatt mentünk, szebbnél szebb virágokat láttunk, és a mókusok játéka, illetve a madárkák csicsergése köszöntött. Milyen szép a világ, mondogattuk, csak nyitott szemmel kellene járnunk. Kornwestheimban a Szent Márton templomba tértünk be. Itt sajnos hosszú ideig nem maradhatunk, mert éppen egy keresztelőre gyülekeztek a hívek. A bejárati ajtó szépsége viszont így is lenyűgözött mindannyiunkat. A templomban... Részletek
