{"version":"1.0","provider_name":"Stuttgarti Katolikusok","provider_url":"https:\/\/stuttgarti-katolikusok.de","title":"Krisztus Kir\u00e1ly vas\u00e1rnapj\u00e1ra - Stuttgarti Katolikusok","type":"rich","width":600,"height":338,"html":"<blockquote class=\"wp-embedded-content\" data-secret=\"zAMWOTNAGh\"><a href=\"https:\/\/stuttgarti-katolikusok.de\/index.php\/krisztus-kiraly-vasarnapjara\/\">Krisztus Kir\u00e1ly vas\u00e1rnapj\u00e1ra<\/a><\/blockquote><iframe sandbox=\"allow-scripts\" security=\"restricted\" src=\"https:\/\/stuttgarti-katolikusok.de\/index.php\/krisztus-kiraly-vasarnapjara\/embed\/#?secret=zAMWOTNAGh\" width=\"600\" height=\"338\" title=\"&#8220;Krisztus Kir\u00e1ly vas\u00e1rnapj\u00e1ra&#8221; &#8212; Stuttgarti Katolikusok\" data-secret=\"zAMWOTNAGh\" frameborder=\"0\" marginwidth=\"0\" marginheight=\"0\" scrolling=\"no\" class=\"wp-embedded-content\"><\/iframe><script type=\"text\/javascript\">\n\/* <![CDATA[ *\/\n\/*! This file is auto-generated *\/\n!function(d,l){\"use strict\";l.querySelector&&d.addEventListener&&\"undefined\"!=typeof URL&&(d.wp=d.wp||{},d.wp.receiveEmbedMessage||(d.wp.receiveEmbedMessage=function(e){var t=e.data;if((t||t.secret||t.message||t.value)&&!\/[^a-zA-Z0-9]\/.test(t.secret)){for(var s,r,n,a=l.querySelectorAll('iframe[data-secret=\"'+t.secret+'\"]'),o=l.querySelectorAll('blockquote[data-secret=\"'+t.secret+'\"]'),c=new RegExp(\"^https?:$\",\"i\"),i=0;i<o.length;i++)o[i].style.display=\"none\";for(i=0;i<a.length;i++)s=a[i],e.source===s.contentWindow&&(s.removeAttribute(\"style\"),\"height\"===t.message?(1e3<(r=parseInt(t.value,10))?r=1e3:~~r<200&&(r=200),s.height=r):\"link\"===t.message&&(r=new URL(s.getAttribute(\"src\")),n=new URL(t.value),c.test(n.protocol))&&n.host===r.host&&l.activeElement===s&&(d.top.location.href=t.value))}},d.addEventListener(\"message\",d.wp.receiveEmbedMessage,!1),l.addEventListener(\"DOMContentLoaded\",function(){for(var e,t,s=l.querySelectorAll(\"iframe.wp-embedded-content\"),r=0;r<s.length;r++)(t=(e=s[r]).getAttribute(\"data-secret\"))||(t=Math.random().toString(36).substring(2,12),e.src+=\"#?secret=\"+t,e.setAttribute(\"data-secret\",t)),e.contentWindow.postMessage({message:\"ready\",secret:t},\"*\")},!1)))}(window,document);\n\/\/# sourceURL=https:\/\/stuttgarti-katolikusok.de\/wp-includes\/js\/wp-embed.min.js\n\/* ]]> *\/\n<\/script>\n","description":"november 24. KRISZTUS, A MINDENS\u00c9G KIR\u00c1LYA \u00c9VK\u00d6ZI 34. VAS\u00c1RNAP Piusz p\u00e1pa 1925-ben rendelte el az Egyh\u00e1zban Krisztus kir\u00e1lys\u00e1g\u00e1nak \u00fcnnep\u00e9t. D\u00f6nt\u00e9s\u00e9ben a Szent\u00edr\u00e1s tan\u00edt\u00e1s\u00e1ra t\u00e1maszkodott. Izaj\u00e1s pr\u00f3f\u00e9ta megj\u00f6vend\u00f6lte a Megv\u00e1lt\u00f3r\u00f3l: Messzire kiterjed utalma \u00e9s orsz\u00e1g\u00e1ban mindig b\u00e9ke lesz (v\u00f6. Iz 9,6). A zsolt\u00e1rokban pedig azt olvassuk: Uralkodni fog tengert\u0151l tengerig \u00e9s h\u00f3dolnak el\u0151tte a f\u00f6ld lak\u00f3i (v\u00f6. Zsolt 71, 8\u20139). OLVASM\u00c1NY\u00a0\u00a0 \u00a0\u00a0\u00a0\u00a0\u00a0\u00a0\u00a0\u00a0\u00a0\u00a0\u00a0\u00a0\u00a0\u00a0\u00a0\u00a0\u00a0\u00a0\u00a0\u00a0\u00a0\u00a0\u00a0\u00a0\u00a0\u00a0\u00a0\u00a0\u00a0\u00a0\u00a0\u00a0\u00a0\u00a0\u00a0\u00a0\u00a0\u00a0\u00a0\u00a0\u00a0\u00a0\u00a0\u00a0\u00a02 S\u00e1m 5, 1\u20133 Kezdetben a v\u00e1lasztott n\u00e9p Istent tekintette kir\u00e1lynak. K\u00e9s\u0151bb azonban Saul szem\u00e9ly\u00e9ben nekik is lett f\u00f6ldi kir\u00e1lyuk. Saul ut\u00e1n D\u00e1vid k\u00f6vetkezett Isten tr\u00f3nj\u00e1n, aki \u00edg\u00e9retet kapott arra, hogy Isten az \u0151 \u00f6r\u00f6k kir\u00e1lys\u00e1g\u00e1t a D\u00e1vid csal\u00e1dj\u00e1b\u00f3l sz\u00e1rmaz\u00f3 Messi\u00e1s \u00e1ltal gyakorolja majd. V\u00c1LASZOS ZSOLT\u00c1R\u00a0\u00a0\u00a0\u00a0\u00a0\u00a0\u00a0\u00a0\u00a0\u00a0\u00a0\u00a0\u00a0\u00a0\u00a0\u00a0\u00a0\u00a0\u00a0\u00a0\u00a0\u00a0\u00a0\u00a0\u00a0\u00a0\u00a0\u00a0\u00a0\u00a0\u00a0\u00a0\u00a0\u00a0\u00a0\u00a0\u00a0\u00a0 121, 1\u20132. 4\u20135 V\u00e1lasz: Isten h\u00e1z\u00e1ba indulunk, * \u00a0\u00a0\u00a0\u00a0\u00a0\u00a0\u00a0\u00a0\u00a0\u00a0\u00a0\u00a0 \u00f6r\u00f6mt\u0151l dobban a sz\u00edv\u00fcnk. SZENTLECKE\u00a0\u00a0 \u00a0\u00a0\u00a0\u00a0\u00a0\u00a0\u00a0\u00a0\u00a0\u00a0\u00a0\u00a0\u00a0\u00a0\u00a0\u00a0\u00a0\u00a0\u00a0\u00a0\u00a0\u00a0\u00a0\u00a0\u00a0\u00a0\u00a0\u00a0\u00a0\u00a0\u00a0\u00a0\u00a0\u00a0\u00a0\u00a0\u00a0\u00a0\u00a0\u00a0\u00a0\u00a0Kol 1, 12\u201320 Szent P\u00e1l apostol J\u00e9zus els\u0151s\u00e9g\u00e9t hirdeti a teremtett vil\u00e1gban \u00e9s a megv\u00e1lt\u00e1s rendj\u00e9ben egyar\u00e1nt. Az Atya ugyanis \u0151\u00e1ltala teremtette a vil\u00e1got \u00e9s \u0151\u00e1ltala akart kiengesztel\u0151dni az emberis\u00e9ggel. A megv\u00e1lt\u00e1s \u00e9s kiengesztel\u0151d\u00e9s m\u0171v\u00e9t J\u00e9zus Krisztus az Egyh\u00e1z \u00e1ltal folytatja a vil\u00e1gban. ALLELUJA\u00a0\u00a0\u00a0\u00a0\u00a0\u00a0\u00a0\u00a0\u00a0\u00a0\u00a0\u00a0\u00a0\u00a0\u00a0\u00a0\u00a0\u00a0\u00a0\u00a0\u00a0\u00a0\u00a0\u00a0\u00a0\u00a0\u00a0\u00a0\u00a0\u00a0\u00a0\u00a0\u00a0\u00a0\u00a0\u00a0\u00a0\u00a0\u00a0\u00a0\u00a0\u00a0\u00a0\u00a0\u00a0\u00a0\u00a0\u00a0\u00a0\u00a0\u00a0\u00a0\u00a0\u00a0\u00a0\u00a0 Mk 11, 9b\u201310a \u00c1ldott, aki j\u00f6n az \u00dar nev\u00e9ben. * \u00c1ldott legyen D\u00e1vid \u0151saty\u00e1nknak elj\u00f6vend\u0151 orsz\u00e1ga! EVANG\u00c9LIUM \u00a0\u00a0\u00a0\u00a0\u00a0\u00a0\u00a0\u00a0\u00a0\u00a0\u00a0\u00a0\u00a0\u00a0\u00a0\u00a0\u00a0\u00a0\u00a0\u00a0\u00a0\u00a0\u00a0\u00a0\u00a0\u00a0\u00a0\u00a0\u00a0\u00a0\u00a0\u00a0\u00a0\u00a0\u00a0\u00a0\u00a0\u00a0\u00a0\u00a0\u00a0\u00a0\u00a0\u00a0\u00a0\u00a0Lk 23, 35\u201343 J\u00e9zus orsz\u00e1ga nem evil\u00e1gb\u00f3l val\u00f3. Kit\u0171nt ez a kereszten tan\u00fas\u00edtott magatart\u00e1s\u00e1b\u00f3l is: a g\u00fanyol\u00f3d\u00e1sra nem v\u00e1laszol, hatalm\u00e1t nem veszi ig\u00e9nybe, hogy ellens\u00e9geit elhallgattassa. H\u0151siesen gyakorolja a szeretetet: nagylelk\u0171en megbocs\u00e1t ellens\u00e9geinek. AZ EUCHARISZTI\u00c1HOZ Kiv\u00e1lasztott nemzed\u00e9k \u00e9s kir\u00e1lyi paps\u00e1g r\u00e9szesei vagyunk. Ennek tudat\u00e1ban vegy\u00fcnk mindig r\u00e9szt Krisztus Kir\u00e1ly f\u0151papi \u00e1ldozat\u00e1ban. ELM\u00c9LKED\u00c9S\u00a0\u00a0\u00a0\u00a0\u00a0\u00a0\u00a0\u00a0\u00a0\u00a0\u00a0\u00a0\u00a0\u00a0\u00a0\u00a0\u00a0\u00a0\u00a0\u00a0\u00a0\u00a0\u00a0\u00a0\u00a0\u00a0\u00a0\u00a0\u00a0\u00a0\u00a0\u00a0\u00a0\u00a0 \u201eCsod\u00e1latos ez a Kir\u00e1ly, aki lemondott a hatalom minden k\u00fcls\u0151 jel\u00e9r\u0151l, az uralkod\u00e1s, az er\u0151 \u00e9s a g\u0151g minden eszk\u00f6z\u00e9r\u0151l&#8230; K\u00fcl\u00f6nleges Kir\u00e1ly ez! Mennyire v\u00e1gyakoznia kell r\u00e1 a modern embernek, aki belef\u00e1sult a hatalom gyakorlat\u00e1nak olyan rendszereibe, amelyek elnyom\u00e1ssal \u00e9s er\u0151szakkal s\u00fajtj\u00e1k polg\u00e1raikat. Olyan hatalmak ezek, amelyek az ember legbens\u0151bb vil\u00e1g\u00e1t is szab\u00e1lyozni akarj\u00e1k, ideol\u00f3gi\u00e1kat k\u00e9nyszer\u00edtve r\u00e1juk&#8230; Milyen csod\u00e1latos Kir\u00e1ly J\u00e9zus Krisztus, aki eleve elutas\u00edtja az ember... R\u00e9szletek"}

Krisztus Király vasárnapjára - Stuttgarti Katolikusok

<blockquote class="wp-embedded-content" data-secret="zAMWOTNAGh"><a href="https://stuttgarti-katolikusok.de/index.php/krisztus-kiraly-vasarnapjara/">Krisztus Király vasárnapjára</a></blockquote><iframe sandbox="allow-scripts" security="restricted" src="https://stuttgarti-katolikusok.de/index.php/krisztus-kiraly-vasarnapjara/embed/#?secret=zAMWOTNAGh" width="600" height="338" title="&#8220;Krisztus Király vasárnapjára&#8221; &#8212; Stuttgarti Katolikusok" data-secret="zAMWOTNAGh" frameborder="0" marginwidth="0" marginheight="0" scrolling="no" class="wp-embedded-content"></iframe><script type="text/javascript">
/* <![CDATA[ */
/*! This file is auto-generated */
!function(d,l){"use strict";l.querySelector&&d.addEventListener&&"undefined"!=typeof URL&&(d.wp=d.wp||{},d.wp.receiveEmbedMessage||(d.wp.receiveEmbedMessage=function(e){var t=e.data;if((t||t.secret||t.message||t.value)&&!/[^a-zA-Z0-9]/.test(t.secret)){for(var s,r,n,a=l.querySelectorAll('iframe[data-secret="'+t.secret+'"]'),o=l.querySelectorAll('blockquote[data-secret="'+t.secret+'"]'),c=new RegExp("^https?:$","i"),i=0;i<o.length;i++)o[i].style.display="none";for(i=0;i<a.length;i++)s=a[i],e.source===s.contentWindow&&(s.removeAttribute("style"),"height"===t.message?(1e3<(r=parseInt(t.value,10))?r=1e3:~~r<200&&(r=200),s.height=r):"link"===t.message&&(r=new URL(s.getAttribute("src")),n=new URL(t.value),c.test(n.protocol))&&n.host===r.host&&l.activeElement===s&&(d.top.location.href=t.value))}},d.addEventListener("message",d.wp.receiveEmbedMessage,!1),l.addEventListener("DOMContentLoaded",function(){for(var e,t,s=l.querySelectorAll("iframe.wp-embedded-content"),r=0;r<s.length;r++)(t=(e=s[r]).getAttribute("data-secret"))||(t=Math.random().toString(36).substring(2,12),e.src+="#?secret="+t,e.setAttribute("data-secret",t)),e.contentWindow.postMessage({message:"ready",secret:t},"*")},!1)))}(window,document);
//# sourceURL=https://stuttgarti-katolikusok.de/wp-includes/js/wp-embed.min.js
/* ]]> */
</script>

november 24. KRISZTUS, A MINDENSÉG KIRÁLYA ÉVKÖZI 34. VASÁRNAP Piusz pápa 1925-ben rendelte el az Egyházban Krisztus királyságának ünnepét. Döntésében a Szentírás tanítására támaszkodott. Izajás próféta megjövendölte a Megváltóról: Messzire kiterjed utalma és országában mindig béke lesz (vö. Iz 9,6). A zsoltárokban pedig azt olvassuk: Uralkodni fog tengertől tengerig és hódolnak előtte a föld lakói (vö. Zsolt 71, 8–9). OLVASMÁNY                                                2 Sám 5, 1–3 Kezdetben a választott nép Istent tekintette királynak. Később azonban Saul személyében nekik is lett földi királyuk. Saul után Dávid következett Isten trónján, aki ígéretet kapott arra, hogy Isten az ő örök királyságát a Dávid családjából származó Messiás által gyakorolja majd. VÁLASZOS ZSOLTÁR                                       121, 1–2. 4–5 Válasz: Isten házába indulunk, *              örömtől dobban a szívünk. SZENTLECKE                                             Kol 1, 12–20 Szent Pál apostol Jézus elsőségét hirdeti a teremtett világban és a megváltás rendjében egyaránt. Az Atya ugyanis őáltala teremtette a világot és őáltala akart kiengesztelődni az emberiséggel. A megváltás és kiengesztelődés művét Jézus Krisztus az Egyház által folytatja a világban. ALLELUJA                                                         Mk 11, 9b–10a Áldott, aki jön az Úr nevében. * Áldott legyen Dávid ősatyánknak eljövendő országa! EVANGÉLIUM                                               Lk 23, 35–43 Jézus országa nem evilágból való. Kitűnt ez a kereszten tanúsított magatartásából is: a gúnyolódásra nem válaszol, hatalmát nem veszi igénybe, hogy ellenségeit elhallgattassa. Hősiesen gyakorolja a szeretetet: nagylelkűen megbocsát ellenségeinek. AZ EUCHARISZTIÁHOZ Kiválasztott nemzedék és királyi papság részesei vagyunk. Ennek tudatában vegyünk mindig részt Krisztus Király főpapi áldozatában. ELMÉLKEDÉS                                   „Csodálatos ez a Király, aki lemondott a hatalom minden külső jeléről, az uralkodás, az erő és a gőg minden eszközéről&#8230; Különleges Király ez! Mennyire vágyakoznia kell rá a modern embernek, aki belefásult a hatalom gyakorlatának olyan rendszereibe, amelyek elnyomással és erőszakkal sújtják polgáraikat. Olyan hatalmak ezek, amelyek az ember legbensőbb világát is szabályozni akarják, ideológiákat kényszerítve rájuk&#8230; Milyen csodálatos Király Jézus Krisztus, aki eleve elutasítja az ember... Részletek
