{"version":"1.0","provider_name":"Stuttgarti Katolikusok","provider_url":"https:\/\/stuttgarti-katolikusok.de","title":"Krisztus a Mindens\u00e9g Kir\u00e1lya - Stuttgarti Katolikusok","type":"rich","width":600,"height":338,"html":"<blockquote class=\"wp-embedded-content\" data-secret=\"ObmUDX408F\"><a href=\"https:\/\/stuttgarti-katolikusok.de\/index.php\/krisztus-a-mindenseg-kiralya\/\">Krisztus a Mindens\u00e9g Kir\u00e1lya<\/a><\/blockquote><iframe sandbox=\"allow-scripts\" security=\"restricted\" src=\"https:\/\/stuttgarti-katolikusok.de\/index.php\/krisztus-a-mindenseg-kiralya\/embed\/#?secret=ObmUDX408F\" width=\"600\" height=\"338\" title=\"&#8220;Krisztus a Mindens\u00e9g Kir\u00e1lya&#8221; &#8212; Stuttgarti Katolikusok\" data-secret=\"ObmUDX408F\" frameborder=\"0\" marginwidth=\"0\" marginheight=\"0\" scrolling=\"no\" class=\"wp-embedded-content\"><\/iframe><script type=\"text\/javascript\">\n\/* <![CDATA[ *\/\n\/*! This file is auto-generated *\/\n!function(d,l){\"use strict\";l.querySelector&&d.addEventListener&&\"undefined\"!=typeof URL&&(d.wp=d.wp||{},d.wp.receiveEmbedMessage||(d.wp.receiveEmbedMessage=function(e){var t=e.data;if((t||t.secret||t.message||t.value)&&!\/[^a-zA-Z0-9]\/.test(t.secret)){for(var s,r,n,a=l.querySelectorAll('iframe[data-secret=\"'+t.secret+'\"]'),o=l.querySelectorAll('blockquote[data-secret=\"'+t.secret+'\"]'),c=new RegExp(\"^https?:$\",\"i\"),i=0;i<o.length;i++)o[i].style.display=\"none\";for(i=0;i<a.length;i++)s=a[i],e.source===s.contentWindow&&(s.removeAttribute(\"style\"),\"height\"===t.message?(1e3<(r=parseInt(t.value,10))?r=1e3:~~r<200&&(r=200),s.height=r):\"link\"===t.message&&(r=new URL(s.getAttribute(\"src\")),n=new URL(t.value),c.test(n.protocol))&&n.host===r.host&&l.activeElement===s&&(d.top.location.href=t.value))}},d.addEventListener(\"message\",d.wp.receiveEmbedMessage,!1),l.addEventListener(\"DOMContentLoaded\",function(){for(var e,t,s=l.querySelectorAll(\"iframe.wp-embedded-content\"),r=0;r<s.length;r++)(t=(e=s[r]).getAttribute(\"data-secret\"))||(t=Math.random().toString(36).substring(2,12),e.src+=\"#?secret=\"+t,e.setAttribute(\"data-secret\",t)),e.contentWindow.postMessage({message:\"ready\",secret:t},\"*\")},!1)))}(window,document);\n\/\/# sourceURL=https:\/\/stuttgarti-katolikusok.de\/wp-includes\/js\/wp-embed.min.js\n\/* ]]> *\/\n<\/script>\n","thumbnail_url":"https:\/\/stuttgarti-katolikusok.de\/wp-content\/uploads\/2022\/11\/christ-the-king-g621473647-1920.jpg","thumbnail_width":1453,"thumbnail_height":1920,"description":"\u00c9vk\u00f6zi 34. vas\u00e1rnap. Krisztus a Mindens\u00e9g Kir\u00e1lya Kezd\u0151\u00e9nek: M\u00e9lt\u00f3 a B\u00e1r\u00e1ny, akit meg\u00f6ltek, hogy \u00f6v\u00e9 legyen a hatalom, az isteni m\u00e9lt\u00f3s\u00e1g, a b\u00f6lcsess\u00e9g, az er\u0151 \u00e9s a tisztelet. \u00d6v\u00e9 a dics\u0151s\u00e9g \u00e9s a hatalom \u00f6r\u00f6kk\u00f6n \u00f6r\u00f6kk\u00e9! (Jel 5,12;1,6) K\u00f6ny\u00f6rg\u00e9s: Mindenhat\u00f3 Isten\u00fcnk, te \u00f6r\u00f6kt\u0151l fogva \u00fagy hat\u00e1rozt\u00e1l, hogy szeretett Fiadban, a mindens\u00e9g Kir\u00e1ly\u00e1ban meg\u00faj\u00edtasz mindent. Add, hogy az eg\u00e9sz teremtett vil\u00e1g megszabaduljon a b\u0171n szolgas\u00e1g\u00e1t\u00f3l, F\u00f6ls\u00e9gednek h\u00f3doljon, \u00e9s sz\u00fcntelen\u00fcl dics\u0151\u00edtsen t\u00e9ged. A mi Urunk, J\u00e9zus Krisztus, a te Fiad \u00e1ltal, aki veled \u00e9l \u00e9s uralkodik a Szentl\u00e9lekkel egys\u00e9gben, Isten mind\u00f6r\u00f6kk\u00f6n \u00f6r\u00f6kk\u00e9. OLVASM\u00c1NY S\u00e1muel m\u00e1sodik k\u00f6nyv\u00e9b\u0151l (2S\u00e1m 5,1-3) D\u00e1vid, Krisztus Kir\u00e1ly el\u0151k\u00e9pe, a v\u00e1lasztott n\u00e9p f\u00f6lkent kir\u00e1lya. Saul kir\u00e1ly hal\u00e1la ut\u00e1n Izraelnek \u00f6sszes t\u00f6rzse elment D\u00e1vidhoz Hebronba, \u00e9s azt mondt\u00e1k: \u201e\u00cdme, csontod \u00e9s h\u00fasod vagyunk. M\u00e1r tegnap \u00e9s tegnapel\u0151tt is, amikor m\u00e9g Saul volt a kir\u00e1lyunk, te volt\u00e1l az, aki vezetted Izrael hadj\u00e1ratait. Az \u00dar is azt mondta neked: Legeltesd n\u00e9pemet, Izraelt, \u00e9s l\u00e9gy fejedelme Izraelnek.\u201d Izrael v\u00e9nei teh\u00e1t mind elmentek a kir\u00e1lyhoz Hebronba, \u00e9s D\u00e1vid kir\u00e1ly sz\u00f6vets\u00e9get k\u00f6t\u00f6tt vel\u00fck Hebronban, az \u00dar el\u0151tt. Azt\u00e1n f\u00f6lkent\u00e9k D\u00e1vidot Izrael kir\u00e1ly\u00e1v\u00e1. Ez az Isten ig\u00e9je. V\u00c1LASZOS ZSOLT\u00c1R (Zsolt 121,1-2.4-5) V\u00e1lasz: Isten h\u00e1z\u00e1ba indulunk, * \u00f6r\u00f6mt\u0151l dobban a sz\u00edv\u00fcnk. V\u00f6. 1. vers. (7. b t\u00f3nus) El\u0151\u00e9nekes: \u00d6rvendtem, mikor azt mondt\u00e1k n\u00e9kem, * az \u00dar h\u00e1z\u00e1ba megy\u00fcnk. \u00cdme, itt \u00e1llnak l\u00e1baink * kapuid el\u0151tt, Jeruzs\u00e1lem! H\u00edvek: Isten h\u00e1z\u00e1ba indulunk, * \u00f6r\u00f6mt\u0151l dobban a sz\u00edv\u00fcnk. E: Oda j\u00e1rnak f\u00f6l a t\u00f6rzsek, * az \u00dar n\u00e9p\u00e9nek t\u00f6rzsei. Az \u00dar Izraelnek t\u00f6rv\u00e9nybe adta, * hogy ott nev\u00e9re \u00e1ld\u00e1st mondjanak. Mert ott \u00e1llnak az \u00edt\u00e9l\u0151sz\u00e9kek, * D\u00e1vid h\u00e1z\u00e1nak sz\u00e9kei. H: Isten h\u00e1z\u00e1ba indulunk, * \u00f6r\u00f6mt\u0151l dobban a sz\u00edv\u00fcnk. SZENTLECKE Szent P\u00e1l apostolnak a kolosszeiekhez \u00edrt level\u00e9b\u0151l (Kol 1,12-20) A mennyei Atya nek\u00fcnk is helyet ad szeretett Fia orsz\u00e1g\u00e1ban. Testv\u00e9reim! \u00d6r\u00f6mmel adjatok h\u00e1l\u00e1t az Aty\u00e1nak, aki arra m\u00e9ltatott benneteket, hogy r\u00e9szetek... R\u00e9szletek"}

Krisztus a Mindenség Királya - Stuttgarti Katolikusok

<blockquote class="wp-embedded-content" data-secret="ObmUDX408F"><a href="https://stuttgarti-katolikusok.de/index.php/krisztus-a-mindenseg-kiralya/">Krisztus a Mindenség Királya</a></blockquote><iframe sandbox="allow-scripts" security="restricted" src="https://stuttgarti-katolikusok.de/index.php/krisztus-a-mindenseg-kiralya/embed/#?secret=ObmUDX408F" width="600" height="338" title="&#8220;Krisztus a Mindenség Királya&#8221; &#8212; Stuttgarti Katolikusok" data-secret="ObmUDX408F" frameborder="0" marginwidth="0" marginheight="0" scrolling="no" class="wp-embedded-content"></iframe><script type="text/javascript">
/* <![CDATA[ */
/*! This file is auto-generated */
!function(d,l){"use strict";l.querySelector&&d.addEventListener&&"undefined"!=typeof URL&&(d.wp=d.wp||{},d.wp.receiveEmbedMessage||(d.wp.receiveEmbedMessage=function(e){var t=e.data;if((t||t.secret||t.message||t.value)&&!/[^a-zA-Z0-9]/.test(t.secret)){for(var s,r,n,a=l.querySelectorAll('iframe[data-secret="'+t.secret+'"]'),o=l.querySelectorAll('blockquote[data-secret="'+t.secret+'"]'),c=new RegExp("^https?:$","i"),i=0;i<o.length;i++)o[i].style.display="none";for(i=0;i<a.length;i++)s=a[i],e.source===s.contentWindow&&(s.removeAttribute("style"),"height"===t.message?(1e3<(r=parseInt(t.value,10))?r=1e3:~~r<200&&(r=200),s.height=r):"link"===t.message&&(r=new URL(s.getAttribute("src")),n=new URL(t.value),c.test(n.protocol))&&n.host===r.host&&l.activeElement===s&&(d.top.location.href=t.value))}},d.addEventListener("message",d.wp.receiveEmbedMessage,!1),l.addEventListener("DOMContentLoaded",function(){for(var e,t,s=l.querySelectorAll("iframe.wp-embedded-content"),r=0;r<s.length;r++)(t=(e=s[r]).getAttribute("data-secret"))||(t=Math.random().toString(36).substring(2,12),e.src+="#?secret="+t,e.setAttribute("data-secret",t)),e.contentWindow.postMessage({message:"ready",secret:t},"*")},!1)))}(window,document);
//# sourceURL=https://stuttgarti-katolikusok.de/wp-includes/js/wp-embed.min.js
/* ]]> */
</script>

Évközi 34. vasárnap. Krisztus a Mindenség Királya Kezdőének: Méltó a Bárány, akit megöltek, hogy övé legyen a hatalom, az isteni méltóság, a bölcsesség, az erő és a tisztelet. Övé a dicsőség és a hatalom örökkön örökké! (Jel 5,12;1,6) Könyörgés: Mindenható Istenünk, te öröktől fogva úgy határoztál, hogy szeretett Fiadban, a mindenség Királyában megújítasz mindent. Add, hogy az egész teremtett világ megszabaduljon a bűn szolgaságától, Fölségednek hódoljon, és szüntelenül dicsőítsen téged. A mi Urunk, Jézus Krisztus, a te Fiad által, aki veled él és uralkodik a Szentlélekkel egységben, Isten mindörökkön örökké. OLVASMÁNY Sámuel második könyvéből (2Sám 5,1-3) Dávid, Krisztus Király előképe, a választott nép fölkent királya. Saul király halála után Izraelnek összes törzse elment Dávidhoz Hebronba, és azt mondták: „Íme, csontod és húsod vagyunk. Már tegnap és tegnapelőtt is, amikor még Saul volt a királyunk, te voltál az, aki vezetted Izrael hadjáratait. Az Úr is azt mondta neked: Legeltesd népemet, Izraelt, és légy fejedelme Izraelnek.” Izrael vénei tehát mind elmentek a királyhoz Hebronba, és Dávid király szövetséget kötött velük Hebronban, az Úr előtt. Aztán fölkenték Dávidot Izrael királyává. Ez az Isten igéje. VÁLASZOS ZSOLTÁR (Zsolt 121,1-2.4-5) Válasz: Isten házába indulunk, * örömtől dobban a szívünk. Vö. 1. vers. (7. b tónus) Előénekes: Örvendtem, mikor azt mondták nékem, * az Úr házába megyünk. Íme, itt állnak lábaink * kapuid előtt, Jeruzsálem! Hívek: Isten házába indulunk, * örömtől dobban a szívünk. E: Oda járnak föl a törzsek, * az Úr népének törzsei. Az Úr Izraelnek törvénybe adta, * hogy ott nevére áldást mondjanak. Mert ott állnak az ítélőszékek, * Dávid házának székei. H: Isten házába indulunk, * örömtől dobban a szívünk. SZENTLECKE Szent Pál apostolnak a kolosszeiekhez írt leveléből (Kol 1,12-20) A mennyei Atya nekünk is helyet ad szeretett Fia országában. Testvéreim! Örömmel adjatok hálát az Atyának, aki arra méltatott benneteket, hogy részetek... Részletek
