{"version":"1.0","provider_name":"Stuttgarti Katolikusok","provider_url":"https:\/\/stuttgarti-katolikusok.de","title":"Kreat\u00edv d\u00e9lut\u00e1n sz\u00ednes programokkal - Stuttgarti Katolikusok","type":"rich","width":600,"height":338,"html":"<blockquote class=\"wp-embedded-content\" data-secret=\"dPuVkqiKpM\"><a href=\"https:\/\/stuttgarti-katolikusok.de\/index.php\/kreativ-delutan-szines-programokkal\/\">Kreat\u00edv d\u00e9lut\u00e1n sz\u00ednes programokkal<\/a><\/blockquote><iframe sandbox=\"allow-scripts\" security=\"restricted\" src=\"https:\/\/stuttgarti-katolikusok.de\/index.php\/kreativ-delutan-szines-programokkal\/embed\/#?secret=dPuVkqiKpM\" width=\"600\" height=\"338\" title=\"&#8220;Kreat\u00edv d\u00e9lut\u00e1n sz\u00ednes programokkal&#8221; &#8212; Stuttgarti Katolikusok\" data-secret=\"dPuVkqiKpM\" frameborder=\"0\" marginwidth=\"0\" marginheight=\"0\" scrolling=\"no\" class=\"wp-embedded-content\"><\/iframe><script type=\"text\/javascript\">\n\/* <![CDATA[ *\/\n\/*! This file is auto-generated *\/\n!function(d,l){\"use strict\";l.querySelector&&d.addEventListener&&\"undefined\"!=typeof URL&&(d.wp=d.wp||{},d.wp.receiveEmbedMessage||(d.wp.receiveEmbedMessage=function(e){var t=e.data;if((t||t.secret||t.message||t.value)&&!\/[^a-zA-Z0-9]\/.test(t.secret)){for(var s,r,n,a=l.querySelectorAll('iframe[data-secret=\"'+t.secret+'\"]'),o=l.querySelectorAll('blockquote[data-secret=\"'+t.secret+'\"]'),c=new RegExp(\"^https?:$\",\"i\"),i=0;i<o.length;i++)o[i].style.display=\"none\";for(i=0;i<a.length;i++)s=a[i],e.source===s.contentWindow&&(s.removeAttribute(\"style\"),\"height\"===t.message?(1e3<(r=parseInt(t.value,10))?r=1e3:~~r<200&&(r=200),s.height=r):\"link\"===t.message&&(r=new URL(s.getAttribute(\"src\")),n=new URL(t.value),c.test(n.protocol))&&n.host===r.host&&l.activeElement===s&&(d.top.location.href=t.value))}},d.addEventListener(\"message\",d.wp.receiveEmbedMessage,!1),l.addEventListener(\"DOMContentLoaded\",function(){for(var e,t,s=l.querySelectorAll(\"iframe.wp-embedded-content\"),r=0;r<s.length;r++)(t=(e=s[r]).getAttribute(\"data-secret\"))||(t=Math.random().toString(36).substring(2,12),e.src+=\"#?secret=\"+t,e.setAttribute(\"data-secret\",t)),e.contentWindow.postMessage({message:\"ready\",secret:t},\"*\")},!1)))}(window,document);\n\/\/# sourceURL=https:\/\/stuttgarti-katolikusok.de\/wp-includes\/js\/wp-embed.min.js\n\/* ]]> *\/\n<\/script>\n","thumbnail_url":"https:\/\/stuttgarti-katolikusok.de\/wp-content\/uploads\/2025\/04\/kreativ-delutan-1.jpg","thumbnail_width":1200,"thumbnail_height":1271,"description":"2025. \u00e1prilis 11-\u00e9n ism\u00e9telten tal\u00e1lkoztak a Bar\u00e1ts\u00e1gklub tagjai. Nagyb\u00f6jt p\u00e9ntekje l\u00e9v\u00e9n el\u0151sz\u00f6r kereszt\u00fati \u00e1jtatoss\u00e1gon vett\u00fcnk r\u00e9szt, azt\u00e1n szentmise k\u00f6vetkezett. Ezt k\u00f6vet\u0151en pedig a k\u00f6z\u00f6ss\u00e9gi teremben v\u00e1rt benn\u00fcnket a meglepet\u00e9s. \u00dajra \u00f6r\u00f6mteli d\u00e9lut\u00e1nban \u00e9s est\u00e9ben volt r\u00e9sz\u00fcnk. K\u00f6sz\u00f6net Erd\u0151sn\u00e9-Nyirtai Erik\u00e1nak, f\u00e9rj\u00e9nrk S\u00e1ndornak \u00e9s Szamosi-Madar\u00e1sz Erzs\u00e9betnek a sz\u00ednes \u00e9s tartalmas program\u00e9rt. Sz\u00e9les reperto\u00e1r fogadott: h\u00edmesek fest\u00e9se, locsol\u00f3-versek, h\u00fasv\u00e9ti n\u00e9phagyom\u00e1nyok \u00e9s szok\u00e1sok, j\u00e1t\u00e9kos vet\u00e9lked\u0151k. Nem utols\u00f3 sorban pedig nagy szeretettel elk\u00e9sz\u00edtett \u00edzletes falatok \u00e9s a magunkkal hozott j\u00f3kedv tette \u00e9lm\u00e9nny\u00e9 ezt az est\u00e9t is. \u00c1lljon itt Stauder Marika besz\u00e1mol\u00f3ja \u00e9s egy k\u00e9pgal\u00e9ria: You are currently viewing a placeholder content from Default. To access the actual content, click the button below. Please note that doing so will share data with third-party providers. Unblock content Accept required service and unblock content More Information A tavasz elj\u00f6tte, \u00f6r\u00f6mmel t\u00f6lti be sz\u00edvemet! Ugyan a t\u00e9lnek is van var\u00e1zsa, decemberben az adventi id\u0151szak, kar\u00e1csony, J\u00e9zus sz\u00fclet\u00e9se, majd az &#8222;\u00daj \u00c9v&#8221; kezdete, ami mindig tele rem\u00e9nyekkel t\u00f6lt el, hogy szebb \u00e9s jobb lesz! Az emberek mindig megtal\u00e1lt\u00e1k a maguk m\u00f3dj\u00e1n, hogy tegy\u00e9k szebb\u00e9 \u00e9let\u00fcket. \u00daj\u00e9v ut\u00e1n kezd\u0151d\u00f6tt a farsangol\u00e1s, a b\u00e1lok, vid\u00e1ms\u00e1g&#8230;&#8221;Nyolc \u00f3ra munka, nyolc \u00f3ra pihen\u00e9s, nyolc \u00f3ra sz\u00f3rakoz\u00e1s&#8221; &#8211; ahogy a Beatrice dalolja. Azt\u00e1n szinte \u00e9szrev\u00e9tlen\u00fcl beoson \u00e9let\u00fcnkbe a tavasz, ahogy most is t\u00f6rt\u00e9nt. A term\u00e9szet \u00e9bred, a f\u00e1k r\u00fcgyeznek, a magn\u00f3lia gy\u00f6ny\u00f6r\u0171 sz\u00edn\u00e9vel k\u00e1pr\u00e1ztat el benn\u00fcnket, a r\u00e9t is tele lesz vir\u00e1ggal, a madarak vid\u00e1mabban \u00e9nekelnek, mi pedig szint\u00e9n vid\u00e1mabbak lesz\u00fcnk. A tavasznak is van \u00fcnnepe. M\u00e9gpedig az egyik legfontosabb \u00fcnnep\u00fcnk H\u00fasv\u00e9t, amelyet a 40 napos b\u00f6jti id\u0151 k\u00e9sz\u00edt el\u0151. A Bar\u00e1ts\u00e1gklub tagjai megh\u00edv\u00f3t kaptak, \u00e1prilis 11-\u00e9re, egy kreat\u00edv d\u00e9lut\u00e1nra, ahol h\u00fasv\u00e9ti h\u00edmes toj\u00e1sukat k\u00e9sz\u00edthetik el, \u00e9s j\u00e1t\u00e9kos vet\u00e9lked\u0151n kereszt\u00fcl, h\u00fasv\u00e9ti n\u00e9phagyom\u00e1nyokat ismerhetnek meg. Nagy \u00f6r\u00f6m volt nekem, hogy mi is Bandival r\u00e9szt vehett\u00fcnk ezen a tal\u00e1lkoz\u00f3n, ugyanis nem mindig vagyunk itthon. Nagyi \u00e9s Tata &#8222;id\u0151milliomosok&#8221;... R\u00e9szletek"}

Kreatív délután színes programokkal - Stuttgarti Katolikusok

<blockquote class="wp-embedded-content" data-secret="dPuVkqiKpM"><a href="https://stuttgarti-katolikusok.de/index.php/kreativ-delutan-szines-programokkal/">Kreatív délután színes programokkal</a></blockquote><iframe sandbox="allow-scripts" security="restricted" src="https://stuttgarti-katolikusok.de/index.php/kreativ-delutan-szines-programokkal/embed/#?secret=dPuVkqiKpM" width="600" height="338" title="&#8220;Kreatív délután színes programokkal&#8221; &#8212; Stuttgarti Katolikusok" data-secret="dPuVkqiKpM" frameborder="0" marginwidth="0" marginheight="0" scrolling="no" class="wp-embedded-content"></iframe><script type="text/javascript">
/* <![CDATA[ */
/*! This file is auto-generated */
!function(d,l){"use strict";l.querySelector&&d.addEventListener&&"undefined"!=typeof URL&&(d.wp=d.wp||{},d.wp.receiveEmbedMessage||(d.wp.receiveEmbedMessage=function(e){var t=e.data;if((t||t.secret||t.message||t.value)&&!/[^a-zA-Z0-9]/.test(t.secret)){for(var s,r,n,a=l.querySelectorAll('iframe[data-secret="'+t.secret+'"]'),o=l.querySelectorAll('blockquote[data-secret="'+t.secret+'"]'),c=new RegExp("^https?:$","i"),i=0;i<o.length;i++)o[i].style.display="none";for(i=0;i<a.length;i++)s=a[i],e.source===s.contentWindow&&(s.removeAttribute("style"),"height"===t.message?(1e3<(r=parseInt(t.value,10))?r=1e3:~~r<200&&(r=200),s.height=r):"link"===t.message&&(r=new URL(s.getAttribute("src")),n=new URL(t.value),c.test(n.protocol))&&n.host===r.host&&l.activeElement===s&&(d.top.location.href=t.value))}},d.addEventListener("message",d.wp.receiveEmbedMessage,!1),l.addEventListener("DOMContentLoaded",function(){for(var e,t,s=l.querySelectorAll("iframe.wp-embedded-content"),r=0;r<s.length;r++)(t=(e=s[r]).getAttribute("data-secret"))||(t=Math.random().toString(36).substring(2,12),e.src+="#?secret="+t,e.setAttribute("data-secret",t)),e.contentWindow.postMessage({message:"ready",secret:t},"*")},!1)))}(window,document);
//# sourceURL=https://stuttgarti-katolikusok.de/wp-includes/js/wp-embed.min.js
/* ]]> */
</script>

2025. április 11-én ismételten találkoztak a Barátságklub tagjai. Nagyböjt péntekje lévén először keresztúti ájtatosságon vettünk részt, aztán szentmise következett. Ezt követően pedig a közösségi teremben várt bennünket a meglepetés. Újra örömteli délutánban és estében volt részünk. Köszönet Erdősné-Nyirtai Erikának, férjénrk Sándornak és Szamosi-Madarász Erzsébetnek a színes és tartalmas programért. Széles repertoár fogadott: hímesek festése, locsoló-versek, húsvéti néphagyományok és szokások, játékos vetélkedők. Nem utolsó sorban pedig nagy szeretettel elkészített ízletes falatok és a magunkkal hozott jókedv tette élménnyé ezt az estét is. Álljon itt Stauder Marika beszámolója és egy képgaléria: You are currently viewing a placeholder content from Default. To access the actual content, click the button below. Please note that doing so will share data with third-party providers. Unblock content Accept required service and unblock content More Information A tavasz eljötte, örömmel tölti be szívemet! Ugyan a télnek is van varázsa, decemberben az adventi időszak, karácsony, Jézus születése, majd az &#8222;Új Év&#8221; kezdete, ami mindig tele reményekkel tölt el, hogy szebb és jobb lesz! Az emberek mindig megtalálták a maguk módján, hogy tegyék szebbé életüket. Újév után kezdődött a farsangolás, a bálok, vidámság&#8230;&#8221;Nyolc óra munka, nyolc óra pihenés, nyolc óra szórakozás&#8221; &#8211; ahogy a Beatrice dalolja. Aztán szinte észrevétlenül beoson életünkbe a tavasz, ahogy most is történt. A természet ébred, a fák rügyeznek, a magnólia gyönyörű színével kápráztat el bennünket, a rét is tele lesz virággal, a madarak vidámabban énekelnek, mi pedig szintén vidámabbak leszünk. A tavasznak is van ünnepe. Mégpedig az egyik legfontosabb ünnepünk Húsvét, amelyet a 40 napos böjti idő készít elő. A Barátságklub tagjai meghívót kaptak, április 11-ére, egy kreatív délutánra, ahol húsvéti hímes tojásukat készíthetik el, és játékos vetélkedőn keresztül, húsvéti néphagyományokat ismerhetnek meg. Nagy öröm volt nekem, hogy mi is Bandival részt vehettünk ezen a találkozón, ugyanis nem mindig vagyunk itthon. Nagyi és Tata &#8222;időmilliomosok&#8221;... Részletek
